{"id":947,"date":"2019-04-21T18:17:56","date_gmt":"2019-04-21T16:17:56","guid":{"rendered":"http:\/\/publikationen.zhdk.ch\/?post_type=product&#038;p=947"},"modified":"2022-04-19T13:53:20","modified_gmt":"2022-04-19T11:53:20","slug":"eure-zwecke-sind-nicht-unsre-zwecke","status":"publish","type":"product","link":"https:\/\/publikationen.zhdk.ch\/?product=eure-zwecke-sind-nicht-unsre-zwecke","title":{"rendered":"Eure Zwecke sind nicht unsre Zwecke | Camilla Schlie, Sascha Willenbacher (Hg.)"},"content":{"rendered":"<p>Was will Theater an Schule und was will Schule von Theater?<\/p>\n<p>Was bedeutet es, k\u00fcnstlerische Prozesse zugleich als Bildungsprozesse zu denken? Die Textbeitr\u00e4ge zu diesem Band nehmen das Berliner Kooperationsprojekt \u203aJUMP &amp; RUN \u2013 Schule als System\u2039 (2011\/12) zum Anlass, um die Zusammenarbeit zwischen Theater und Schule als institutionell gerahmte Vermittlungspraxis zu reflektieren. Dabei geht es mit Blick auf Projekte kultureller Bildung an Schulen zum einen um die Frage, worin das Potenzial von Kooperationsprojekten f\u00fcr die Schulentwicklung liegt. Zum anderen geht es um eine Reflexion dar\u00fcber, welche professionellen Haltungen auf Seiten der beteiligten Institutionen sowie der K\u00fcnstler*innen und Lehrer*innen entwickelt werden m\u00fcssen, damit sich dieses Potenzial in konstruktiver Weise entfalten kann. W\u00e4hrend die Textbeitr\u00e4ge von Anne Hartmann, Dorothea Hilliger, Alice Lagaay, Carmen M\u00f6rsch, Heike Riesling-Sch\u00e4rfe, Elisabeth Sattler und Sascha Willenbacher die genannten Fragen aus unterschiedlichen Perspektiven bearbeiten, bieten Fotostrecken einen Einblick in die Praxis des Kooperationsprojekts und damit auch in Berliner Schulwirklichkeiten.<\/p>\n<p>ZHdK: Institute for Art Education (IAE)<\/p>\n","protected":false},"excerpt":{"rendered":"<p>Zur Kooperationspraxis zwischen Theater und Schule im Berliner Modellprojekt \u203aJUMP &amp; RUN\u2039<\/p>\n<p>Was will Theater an Schule und was will Schule von Theater?<br \/>\nWas bedeutet es, k\u00fcnstlerische Prozesse zugleich als Bildungsprozesse zu denken? Die Textbeitr\u00e4ge zu diesem Band nehmen das Berliner Kooperationsprojekt \u203aJUMP &amp; RUN \u2013 Schule als System\u2039 (2011\/12) zum Anlass, um die Zusammenarbeit zwischen Theater und Schule als institutionell gerahmte Vermittlungspraxis zu reflektieren.<\/p>\n<p>360 Seiten, transcript, 2016<br \/>\nISBN 978-3-8376-2738-1<\/p>\n","protected":false},"featured_media":953,"template":"","meta":[],"product_brand":[],"product_cat":[141,387,389],"product_tag":[477,473,475],"class_list":{"0":"post-947","1":"product","2":"type-product","3":"status-publish","4":"has-post-thumbnail","6":"product_cat-iae","7":"product_cat-schlie-camilla","8":"product_cat-willenbacher-sascha","9":"product_tag-schultheater","10":"product_tag-theater","11":"product_tag-theaterpaedagogik","13":"first","14":"instock","15":"shipping-taxable","16":"product-type-external"},"_links":{"self":[{"href":"https:\/\/publikationen.zhdk.ch\/index.php?rest_route=\/wp\/v2\/product\/947","targetHints":{"allow":["GET"]}}],"collection":[{"href":"https:\/\/publikationen.zhdk.ch\/index.php?rest_route=\/wp\/v2\/product"}],"about":[{"href":"https:\/\/publikationen.zhdk.ch\/index.php?rest_route=\/wp\/v2\/types\/product"}],"version-history":[{"count":5,"href":"https:\/\/publikationen.zhdk.ch\/index.php?rest_route=\/wp\/v2\/product\/947\/revisions"}],"predecessor-version":[{"id":3106,"href":"https:\/\/publikationen.zhdk.ch\/index.php?rest_route=\/wp\/v2\/product\/947\/revisions\/3106"}],"wp:featuredmedia":[{"embeddable":true,"href":"https:\/\/publikationen.zhdk.ch\/index.php?rest_route=\/wp\/v2\/media\/953"}],"wp:attachment":[{"href":"https:\/\/publikationen.zhdk.ch\/index.php?rest_route=%2Fwp%2Fv2%2Fmedia&parent=947"}],"wp:term":[{"taxonomy":"product_brand","embeddable":true,"href":"https:\/\/publikationen.zhdk.ch\/index.php?rest_route=%2Fwp%2Fv2%2Fproduct_brand&post=947"},{"taxonomy":"product_cat","embeddable":true,"href":"https:\/\/publikationen.zhdk.ch\/index.php?rest_route=%2Fwp%2Fv2%2Fproduct_cat&post=947"},{"taxonomy":"product_tag","embeddable":true,"href":"https:\/\/publikationen.zhdk.ch\/index.php?rest_route=%2Fwp%2Fv2%2Fproduct_tag&post=947"}],"curies":[{"name":"wp","href":"https:\/\/api.w.org\/{rel}","templated":true}]}}