{"id":887,"date":"2019-04-19T20:21:54","date_gmt":"2019-04-19T18:21:54","guid":{"rendered":"http:\/\/publikationen.zhdk.ch\/?post_type=product&#038;p=887"},"modified":"2023-08-10T13:14:07","modified_gmt":"2023-08-10T11:14:07","slug":"bach-interpretationen","status":"publish","type":"product","link":"https:\/\/publikationen.zhdk.ch\/?product=bach-interpretationen","title":{"rendered":"Bach-Interpretationen | Hans-Joachim Hinrichsen, Dominik Sackmann (Hg.)"},"content":{"rendered":"<p>ZHdK: Institute for Music Research (IMR)<\/p>\n","protected":false},"excerpt":{"rendered":"<p>Unter Interpretation von Musik versteht man gemeinhin ihre praktische Auff\u00fchrung. Aber auch die sprachliche Beschreibung von Musik, ihre theoretische Deutung und wissenschaftliche Analyse, ist eine Form der Interpretation. An keinem anderen kompositorischen Oeuvre ist die Notwendigkeit der Verflechtung von Praxis und Theorie, von Musikaus\u00fcbung und Wissenschaft so fr\u00fch sinnf\u00e4llig geworden wie an demjenigen Johann Sebastian Bachs. Bachs Musik interpretieren heisst bis heute, mit einer Unzahl von philologischen, analytischen, auff\u00fchrungspraktischen, interpretations\u00e4sthetischen und rezeptionsgeschichtlichen Fragen konfrontiert zu sein. Dieser Gedanke stand im Vordergrund der Z\u00fcrcher Ringvorlesung im Sommersemester des Bach-Jahres 2000, veranstaltet vom Musikwissenschaftlichen Institut der Universit\u00e4t Z\u00fcrich und der Musikhochschule Winterthur Z\u00fcrich, deren Beitr\u00e4ge in diesem Band ver\u00f6ffentlicht werden.<\/p>\n<p><a href=\"https:\/\/publikationen.zhdk.ch\/?product_cat=zuercher-musikstudien\">Z\u00fcrcher Musikstudien<\/a> Band 3<\/p>\n<p>222 Seiten,\u00a0Peter Lang, 2003<br \/>\nISBN 978-3-0-3910108-5<\/p>\n","protected":false},"featured_media":847,"template":"","meta":[],"product_brand":[],"product_cat":[329,155,277,293],"product_tag":[327,303],"class_list":{"0":"post-887","1":"product","2":"type-product","3":"status-publish","4":"has-post-thumbnail","6":"product_cat-hinrichsen-hans-joachim","7":"product_cat-imr","8":"product_cat-sackmann-dominik","9":"product_cat-zuercher-musikstudien","10":"product_tag-johann-sebastian-bach","11":"product_tag-musik","13":"first","14":"instock","15":"shipping-taxable","16":"product-type-external"},"_links":{"self":[{"href":"https:\/\/publikationen.zhdk.ch\/index.php?rest_route=\/wp\/v2\/product\/887","targetHints":{"allow":["GET"]}}],"collection":[{"href":"https:\/\/publikationen.zhdk.ch\/index.php?rest_route=\/wp\/v2\/product"}],"about":[{"href":"https:\/\/publikationen.zhdk.ch\/index.php?rest_route=\/wp\/v2\/types\/product"}],"version-history":[{"count":5,"href":"https:\/\/publikationen.zhdk.ch\/index.php?rest_route=\/wp\/v2\/product\/887\/revisions"}],"predecessor-version":[{"id":6061,"href":"https:\/\/publikationen.zhdk.ch\/index.php?rest_route=\/wp\/v2\/product\/887\/revisions\/6061"}],"wp:featuredmedia":[{"embeddable":true,"href":"https:\/\/publikationen.zhdk.ch\/index.php?rest_route=\/wp\/v2\/media\/847"}],"wp:attachment":[{"href":"https:\/\/publikationen.zhdk.ch\/index.php?rest_route=%2Fwp%2Fv2%2Fmedia&parent=887"}],"wp:term":[{"taxonomy":"product_brand","embeddable":true,"href":"https:\/\/publikationen.zhdk.ch\/index.php?rest_route=%2Fwp%2Fv2%2Fproduct_brand&post=887"},{"taxonomy":"product_cat","embeddable":true,"href":"https:\/\/publikationen.zhdk.ch\/index.php?rest_route=%2Fwp%2Fv2%2Fproduct_cat&post=887"},{"taxonomy":"product_tag","embeddable":true,"href":"https:\/\/publikationen.zhdk.ch\/index.php?rest_route=%2Fwp%2Fv2%2Fproduct_tag&post=887"}],"curies":[{"name":"wp","href":"https:\/\/api.w.org\/{rel}","templated":true}]}}