{"id":833,"date":"2019-04-18T21:09:16","date_gmt":"2019-04-18T19:09:16","guid":{"rendered":"http:\/\/publikationen.zhdk.ch\/?post_type=product&#038;p=833"},"modified":"2023-08-10T13:15:28","modified_gmt":"2023-08-10T11:15:28","slug":"musikstudium-und-gesundheit","status":"publish","type":"product","link":"https:\/\/publikationen.zhdk.ch\/?product=musikstudium-und-gesundheit","title":{"rendered":"Musikstudium und Gesundheit | Horst Hildebrandt"},"content":{"rendered":"<p>Seit langem weiss man um die berufsspezifischen Belastungen und Erkrankungen bei Musiker*innen. Doch erst in den letzten 25 Jahren drangen diese auch ins Bewusstsein der \u00d6ffentlichkeit. Durch epidemiologische Studien wurde immer wieder belegt, dass bereits w\u00e4hrend der Ausbildung ein Bedarf an berufsspezifischer Pr\u00e4vention besteht. Bisher existierten jedoch an den Musikhochschulen im deutschsprachigen Raum noch kaum systematische Pr\u00e4ventionsprogramme. Es gab demzufolge auch keine wissenschaftlichen Studien \u00fcber deren Wirksamkeit.<br \/>\nDieses Buch soll Musiker*innen an Ausbildungsst\u00e4tten und in Berufsorchestern sowie Therapeut*innen und Mediziner*innen dazu ermutigen, systematische Pr\u00e4vention zu betreiben. Ausserdem soll es zum interdisziplin\u00e4ren Austausch anregen.<\/p>\n<p>Aus dem Inhalt: \u00dcberblick \u00fcber die wichtigsten Studien zu den sogenannten Musikerkrankheiten und zur Entstehungsgeschichte der Musikphysiologie und Musikermedizin &#8211; Hintergrundinformationen zur Pr\u00e4vention bei Musikern mit Integration von sowohl p\u00e4dagogischer als auch psychologischer und medizinischer Literatur &#8211; \u00dcberblick \u00fcber das Modell pr\u00e4ventiver Lehrangebote an der Musikhochschule Winterthur Z\u00fcrich &#8211; Curriculum der Basisveranstaltung &#171;Vorbeugung von Spiel- und Gesundheitsproblemen&#187; mit einer thematischen Kopplung der jeweiligen theoretischen und praktischen Unterrichtsbl\u00f6cke &#8211; Pilotstudie mit wissenschaftlichem Nachweis f\u00fcr die Wirksamkeit einer pr\u00e4ventiven Lehrveranstaltung bei Musikern.<\/p>\n<p>ZHdK: Institute for Music Research (IMR)<\/p>\n<p>&nbsp;<\/p>\n","protected":false},"excerpt":{"rendered":"<p class=\"title\">Aufbau und Wirksamkeit eines pr\u00e4ventiven Lehrangebotes<\/p>\n<p>Seit langem weiss man um die berufsspezifischen Belastungen und Erkrankungen bei Musiker*innen. Doch erst in den letzten 25 Jahren drangen diese auch ins Bewusstsein der \u00d6ffentlichkeit. Durch epidemiologische Studien wurde immer wieder belegt, dass bereits w\u00e4hrend der Ausbildung ein Bedarf an berufsspezifischer Pr\u00e4vention besteht. Dieses Buch soll Musiker*innen an Ausbildungsst\u00e4tten und in Berufsorchestern sowie Therapeut*innen und Mediziner*innen dazu ermutigen, systematische Pr\u00e4vention zu betreiben.<\/p>\n<p><a href=\"https:\/\/publikationen.zhdk.ch\/?product_cat=zuercher-musikstudien\">Z\u00fcrcher Musikstudien<\/a> Band 1<\/p>\n<p>215 Seiten,\u00a0Peter Lang, 2002<br \/>\nISBN 978-3-0-3910407-9<\/p>\n","protected":false},"featured_media":843,"template":"","meta":[],"product_brand":[],"product_cat":[325,155,293],"product_tag":[309],"class_list":{"0":"post-833","1":"product","2":"type-product","3":"status-publish","4":"has-post-thumbnail","6":"product_cat-hildebrandt-horst","7":"product_cat-imr","8":"product_cat-zuercher-musikstudien","9":"product_tag-musikphysiologie","11":"first","12":"instock","13":"shipping-taxable","14":"product-type-external"},"_links":{"self":[{"href":"https:\/\/publikationen.zhdk.ch\/index.php?rest_route=\/wp\/v2\/product\/833","targetHints":{"allow":["GET"]}}],"collection":[{"href":"https:\/\/publikationen.zhdk.ch\/index.php?rest_route=\/wp\/v2\/product"}],"about":[{"href":"https:\/\/publikationen.zhdk.ch\/index.php?rest_route=\/wp\/v2\/types\/product"}],"version-history":[{"count":11,"href":"https:\/\/publikationen.zhdk.ch\/index.php?rest_route=\/wp\/v2\/product\/833\/revisions"}],"predecessor-version":[{"id":6065,"href":"https:\/\/publikationen.zhdk.ch\/index.php?rest_route=\/wp\/v2\/product\/833\/revisions\/6065"}],"wp:featuredmedia":[{"embeddable":true,"href":"https:\/\/publikationen.zhdk.ch\/index.php?rest_route=\/wp\/v2\/media\/843"}],"wp:attachment":[{"href":"https:\/\/publikationen.zhdk.ch\/index.php?rest_route=%2Fwp%2Fv2%2Fmedia&parent=833"}],"wp:term":[{"taxonomy":"product_brand","embeddable":true,"href":"https:\/\/publikationen.zhdk.ch\/index.php?rest_route=%2Fwp%2Fv2%2Fproduct_brand&post=833"},{"taxonomy":"product_cat","embeddable":true,"href":"https:\/\/publikationen.zhdk.ch\/index.php?rest_route=%2Fwp%2Fv2%2Fproduct_cat&post=833"},{"taxonomy":"product_tag","embeddable":true,"href":"https:\/\/publikationen.zhdk.ch\/index.php?rest_route=%2Fwp%2Fv2%2Fproduct_tag&post=833"}],"curies":[{"name":"wp","href":"https:\/\/api.w.org\/{rel}","templated":true}]}}