{"id":6593,"date":"2025-06-19T16:09:28","date_gmt":"2025-06-19T14:09:28","guid":{"rendered":"https:\/\/publikationen.zhdk.ch\/?post_type=product&#038;p=6593"},"modified":"2025-06-19T16:13:26","modified_gmt":"2025-06-19T14:13:26","slug":"internationales-jahrbuch-fuer-medienphilosophie-siegmund-hg","status":"publish","type":"product","link":"https:\/\/publikationen.zhdk.ch\/?product=internationales-jahrbuch-fuer-medienphilosophie-siegmund-hg","title":{"rendered":"Internationales Jahrbuch f\u00fcr Medienphilosophie und Medien\u00e4sthetik 2024 | Natascha Adamowsky, Judith Siegmund (Hg.)"},"content":{"rendered":"<p>Das Jahrbuch bietet unterschiedlichen Projekten, Positionen und Fragestellungen Raum, die zueinander im Modus des Dissenses, der \u00dcberschneidung, der Assoziation, aber auch der inhaltlichen Weiterf\u00fchrung stehen k\u00f6nnen.<\/p>\n<p>ZHdK: Departement Kulturanalysen und Vermittlung<\/p>\n","protected":false},"excerpt":{"rendered":"<p>Was ist Medien\u00e4sthetik?<\/p>\n<p>Als Nachfolger des fr\u00fcheren Internationalen Jahrbuchs f\u00fcr Medienphilosophie besch\u00e4ftigt sich das Internationale Jahrbuch f\u00fcr Medienphilosophie und Medien\u00e4sthetik in der ersten Ausgabe nach dem Relaunch mit der wesentlichen Frage: Was ist Medien\u00e4sthetik?<br \/>\nDiese Frage steht f\u00fcr eine doppelte \u00d6ffnung: Medien\u00e4sthetik markiert eine Suchbewegung, die die philosophischen wie medienwissenschaftlichen Grundlagen erkundet, die in medien\u00e4sthetischen Kontexten in Erscheinung treten k\u00f6nnen.<\/p>\n<p>232 Seiten, Meson Press, 2025<br \/>\nISBN 978-3-95796-240-9<\/p>\n","protected":false},"featured_media":6595,"template":"","meta":[],"product_brand":[],"product_cat":[1671,1669,871],"product_tag":[1146,1915,925],"class_list":{"0":"post-6593","1":"product","2":"type-product","3":"status-publish","4":"has-post-thumbnail","6":"product_cat-aesthetik","7":"product_cat-siegmund-judith","8":"product_cat-zhdk","9":"product_tag-aesthetik","10":"product_tag-medienaesthetik","11":"product_tag-medienphilosophie","13":"first","14":"instock","15":"shipping-taxable","16":"product-type-external"},"_links":{"self":[{"href":"https:\/\/publikationen.zhdk.ch\/index.php?rest_route=\/wp\/v2\/product\/6593","targetHints":{"allow":["GET"]}}],"collection":[{"href":"https:\/\/publikationen.zhdk.ch\/index.php?rest_route=\/wp\/v2\/product"}],"about":[{"href":"https:\/\/publikationen.zhdk.ch\/index.php?rest_route=\/wp\/v2\/types\/product"}],"version-history":[{"count":1,"href":"https:\/\/publikationen.zhdk.ch\/index.php?rest_route=\/wp\/v2\/product\/6593\/revisions"}],"predecessor-version":[{"id":6597,"href":"https:\/\/publikationen.zhdk.ch\/index.php?rest_route=\/wp\/v2\/product\/6593\/revisions\/6597"}],"wp:featuredmedia":[{"embeddable":true,"href":"https:\/\/publikationen.zhdk.ch\/index.php?rest_route=\/wp\/v2\/media\/6595"}],"wp:attachment":[{"href":"https:\/\/publikationen.zhdk.ch\/index.php?rest_route=%2Fwp%2Fv2%2Fmedia&parent=6593"}],"wp:term":[{"taxonomy":"product_brand","embeddable":true,"href":"https:\/\/publikationen.zhdk.ch\/index.php?rest_route=%2Fwp%2Fv2%2Fproduct_brand&post=6593"},{"taxonomy":"product_cat","embeddable":true,"href":"https:\/\/publikationen.zhdk.ch\/index.php?rest_route=%2Fwp%2Fv2%2Fproduct_cat&post=6593"},{"taxonomy":"product_tag","embeddable":true,"href":"https:\/\/publikationen.zhdk.ch\/index.php?rest_route=%2Fwp%2Fv2%2Fproduct_tag&post=6593"}],"curies":[{"name":"wp","href":"https:\/\/api.w.org\/{rel}","templated":true}]}}