{"id":6497,"date":"2024-11-28T14:02:27","date_gmt":"2024-11-28T13:02:27","guid":{"rendered":"https:\/\/publikationen.zhdk.ch\/?post_type=product&#038;p=6497"},"modified":"2024-11-28T14:04:03","modified_gmt":"2024-11-28T13:04:03","slug":"ich-wir-digitalitaet-ethik-blume-axelsson-e-book-pdf","status":"publish","type":"product","link":"https:\/\/publikationen.zhdk.ch\/?product=ich-wir-digitalitaet-ethik-blume-axelsson-e-book-pdf","title":{"rendered":"Ich, Wir &#038; Digitalit\u00e4t: Ethik in der Lehre | Dana Blume, Charlotte Axelsson (Hg.) [E-Book PDF]"},"content":{"rendered":"<p>\u00abIch, Wir &amp; Digitalit\u00e4t: Ethik\u00a0im Unterricht\u00bb bietet Einblicke in ethische Fragen aus f\u00fcnf verschiedenen Perspektiven. Es kann als praktischer Leitfaden mit Anleitungen f\u00fcr Aufgaben und Lernmodule dienen oder als Inspirationsquelle, um Denkr\u00e4ume zu schaffen, sich aktiv in gesellschaftliche Diskurse einzubringen und die Zukunft von Bildung und Technik verantwortungsvoll mitzugestalten.<\/p>\n<p>ZHdK: E-Learning<\/p>\n","protected":false},"excerpt":{"rendered":"<p>\u00abIch\u00bb steht f\u00fcr die pers\u00f6nliche Reflexion, \u00abWir\u00bb f\u00fcr die Zusammenarbeit und \u00abDigitalit\u00e4t\u00bb beschreibt den kulturellen Wandel, der durch technologische Innovationen vorangetrieben wird.<\/p>\n<p>42 Seiten, slanted, 2024<br \/>\n<span class=\"attributes__content attributes__content--ISBN PDF\">ISBN 978-3-948440-86-2\u2028<\/span><\/p>\n","protected":false},"featured_media":6499,"template":"","meta":[],"product_brand":[],"product_cat":[1616,1817,221,1014,871],"product_tag":[970,1863,1823,1672],"class_list":{"0":"post-6497","1":"product","2":"type-product","3":"status-publish","4":"has-post-thumbnail","6":"product_cat-axelsson-charlotte","7":"product_cat-blume-dana","8":"product_cat-e-books","9":"product_cat-open-access","10":"product_cat-zhdk","11":"product_tag-digitalitaet","12":"product_tag-ethik","13":"product_tag-hochschullehre","14":"product_tag-kunstpaedagogik","16":"first","17":"instock","18":"shipping-taxable","19":"product-type-external"},"_links":{"self":[{"href":"https:\/\/publikationen.zhdk.ch\/index.php?rest_route=\/wp\/v2\/product\/6497","targetHints":{"allow":["GET"]}}],"collection":[{"href":"https:\/\/publikationen.zhdk.ch\/index.php?rest_route=\/wp\/v2\/product"}],"about":[{"href":"https:\/\/publikationen.zhdk.ch\/index.php?rest_route=\/wp\/v2\/types\/product"}],"version-history":[{"count":1,"href":"https:\/\/publikationen.zhdk.ch\/index.php?rest_route=\/wp\/v2\/product\/6497\/revisions"}],"predecessor-version":[{"id":6501,"href":"https:\/\/publikationen.zhdk.ch\/index.php?rest_route=\/wp\/v2\/product\/6497\/revisions\/6501"}],"wp:featuredmedia":[{"embeddable":true,"href":"https:\/\/publikationen.zhdk.ch\/index.php?rest_route=\/wp\/v2\/media\/6499"}],"wp:attachment":[{"href":"https:\/\/publikationen.zhdk.ch\/index.php?rest_route=%2Fwp%2Fv2%2Fmedia&parent=6497"}],"wp:term":[{"taxonomy":"product_brand","embeddable":true,"href":"https:\/\/publikationen.zhdk.ch\/index.php?rest_route=%2Fwp%2Fv2%2Fproduct_brand&post=6497"},{"taxonomy":"product_cat","embeddable":true,"href":"https:\/\/publikationen.zhdk.ch\/index.php?rest_route=%2Fwp%2Fv2%2Fproduct_cat&post=6497"},{"taxonomy":"product_tag","embeddable":true,"href":"https:\/\/publikationen.zhdk.ch\/index.php?rest_route=%2Fwp%2Fv2%2Fproduct_tag&post=6497"}],"curies":[{"name":"wp","href":"https:\/\/api.w.org\/{rel}","templated":true}]}}