{"id":5931,"date":"2023-08-09T18:13:08","date_gmt":"2023-08-09T16:13:08","guid":{"rendered":"https:\/\/publikationen.zhdk.ch\/?post_type=product&#038;p=5931"},"modified":"2023-08-09T18:13:56","modified_gmt":"2023-08-09T16:13:56","slug":"geschichte-der-gewalt-e-book-pdf","status":"publish","type":"product","link":"https:\/\/publikationen.zhdk.ch\/?product=geschichte-der-gewalt-e-book-pdf","title":{"rendered":"Eine Geschichte der Gewalt | Kai Ziegner [E-Book PDF]"},"content":{"rendered":"<p>Wo und wie dauern autorit\u00e4re Regime und Strukturen \u00fcber Generationen hinweg fort? Welche Narben lassen sich an den Bruchlinien disruptiver Wandlungsprozesse ablesen und wie ist mit \u2013 nicht nur historischen \u2013 Gemengelagen umzugehen, bei denen die Beteiligten Opfer und T\u00e4ter zugleich sind? Ziegners k\u00fcnstlerische Forschung zeigt, wie Unzeigbares sichtbar, Mehrdeutiges \u00aderz\u00e4hlbar und eine differenzierte Aufarbeitung trotz komplizierter gesellschaftlicher Umbr\u00fcche m\u00f6glich \u00adwerden kann.<\/p>\n<p>ZHdK: Departement Fine Arts<\/p>\n","protected":false},"excerpt":{"rendered":"<p>Photographieren und Schreiben als Erfahrung, Experiment und Erkenntnis<\/p>\n<p>Im Fokus dieser erz\u00e4hlerisch-analytischen Text-Photo-Montage stehen die sogenannte Wendezeit in Ostdeutschland und die mit diesem radikalen Wandel einhergehenden individuellen wie kollektiven Gewaltausbr\u00fcche. Entlang pers\u00f6nlicher Erfahrungen und geschult an literarischen und theoretischen Werken wie Alexander Kluges <em>Lebensl\u00e4ufe<\/em>, Klaus Theweleits <em>M\u00e4nner\u00adphantasien<\/em> oder W.G. Sebalds Roman <em>Austerlitz<\/em> hinterfragt Kai Ziegner Erinnerung und Zeugenschaft auf ebenso kritische wie experimentelle Weise.<\/p>\n<p>110 Seiten, diaphanes, 2023<br \/>\nISBN 978-3-0358-0644-1<\/p>\n","protected":false},"featured_media":5933,"template":"","meta":[],"product_brand":[],"product_cat":[221,1336,1014,871,1761],"product_tag":[1803,1807,777,779,1138,1765,1795,1805,1801,1767,1797,861,1799,1793],"class_list":{"0":"post-5931","1":"product","2":"type-product","3":"status-publish","4":"has-post-thumbnail","6":"product_cat-e-books","7":"product_cat-fine-arts","8":"product_cat-open-access","9":"product_cat-zhdk","10":"product_cat-ziegner-kai","11":"product_tag-autoethnographie","12":"product_tag-bildungsroman","13":"product_tag-ddr","14":"product_tag-deutschland","15":"product_tag-dissertation","16":"product_tag-essay","17":"product_tag-experimentelles-schreiben","18":"product_tag-faction-statt-fiction","19":"product_tag-gesellschaftstransformation","20":"product_tag-gewalt","21":"product_tag-konzeptuelle-photographie","22":"product_tag-kuenstlerische-forschung","23":"product_tag-non-lineares-storytelling","24":"product_tag-zeitgeschichte","26":"first","27":"instock","28":"shipping-taxable","29":"product-type-external"},"_links":{"self":[{"href":"https:\/\/publikationen.zhdk.ch\/index.php?rest_route=\/wp\/v2\/product\/5931","targetHints":{"allow":["GET"]}}],"collection":[{"href":"https:\/\/publikationen.zhdk.ch\/index.php?rest_route=\/wp\/v2\/product"}],"about":[{"href":"https:\/\/publikationen.zhdk.ch\/index.php?rest_route=\/wp\/v2\/types\/product"}],"version-history":[{"count":1,"href":"https:\/\/publikationen.zhdk.ch\/index.php?rest_route=\/wp\/v2\/product\/5931\/revisions"}],"predecessor-version":[{"id":5935,"href":"https:\/\/publikationen.zhdk.ch\/index.php?rest_route=\/wp\/v2\/product\/5931\/revisions\/5935"}],"wp:featuredmedia":[{"embeddable":true,"href":"https:\/\/publikationen.zhdk.ch\/index.php?rest_route=\/wp\/v2\/media\/5933"}],"wp:attachment":[{"href":"https:\/\/publikationen.zhdk.ch\/index.php?rest_route=%2Fwp%2Fv2%2Fmedia&parent=5931"}],"wp:term":[{"taxonomy":"product_brand","embeddable":true,"href":"https:\/\/publikationen.zhdk.ch\/index.php?rest_route=%2Fwp%2Fv2%2Fproduct_brand&post=5931"},{"taxonomy":"product_cat","embeddable":true,"href":"https:\/\/publikationen.zhdk.ch\/index.php?rest_route=%2Fwp%2Fv2%2Fproduct_cat&post=5931"},{"taxonomy":"product_tag","embeddable":true,"href":"https:\/\/publikationen.zhdk.ch\/index.php?rest_route=%2Fwp%2Fv2%2Fproduct_tag&post=5931"}],"curies":[{"name":"wp","href":"https:\/\/api.w.org\/{rel}","templated":true}]}}