{"id":5807,"date":"2023-03-28T12:54:00","date_gmt":"2023-03-28T10:54:00","guid":{"rendered":"https:\/\/publikationen.zhdk.ch\/?post_type=product&#038;p=5807"},"modified":"2023-05-09T11:26:01","modified_gmt":"2023-05-09T09:26:01","slug":"dirigierende-maschinen-2","status":"publish","type":"product","link":"https:\/\/publikationen.zhdk.ch\/?product=dirigierende-maschinen-2","title":{"rendered":"Dirigierende Maschinen | Philippe Kocher"},"content":{"rendered":"<p>Aus dem Inhaltsverzeichnis:<\/p>\n<p>Vorwort<br \/>\nEinleitung<br \/>\nTeil I: Musikgeschichte\/Technikgeschichte<br \/>\n1. Experimentelle Tempogestaltung: Emmanuel Ghent und das Coordinome<br \/>\n2. Synchronisation zu anderen Medien: die fr\u00fche Filmmusik<br \/>\n3. Synchronisation ohne Sichtkontakt: Hector Berlioz und das m\u00e9tronome \u00e9lectrique<br \/>\n4. Die Mechanisierung des Tempos: von Galileos Pendel bis zu M\u00e4lzels Metronom<br \/>\nTeil II: Wissenschaftlich-k\u00fcnstlerische Studie<br \/>\n6. Technikentwicklung: Konzeption und Implementation von Applikationen<br \/>\n7. Auff\u00fchrungspraxis: Musik mit technikgest\u00fctzter Tempovermittlung<br \/>\n8. Kompositionspraxis: Prozesse des Komponierens und Schreibens<br \/>\nFazit und Ausblick<\/p>\n<p>ZHdK: <span dir=\"ltr\" role=\"presentation\"> Institute <\/span><span dir=\"ltr\" role=\"presentation\">for Computer Music and Sound Technology (ICST)<\/span><\/p>\n","protected":false},"excerpt":{"rendered":"<p class=\"box-list--text ts_untertitel\" data-flyer=\"subtitle\">Musik mit technikgest\u00fctzter Tempovermittlung<\/p>\n<div class=\"product--description flyer\" data-flyer=\"description\">\n<p>In der musikalischen Auff\u00fchrungspraxis ist es normalerweise der Mensch, der das Tempo erzeugt. Innerlich ein Tempo zu etablieren und es an das der mitmusizierenden Personen anzugleichen, ist eine grundlegende musikalische F\u00e4higkeit. Was bedeutet es also, wenn das Tempo von einem technischen System vorgegeben wird? Philippe Kocher unterzieht diese besondere Art der Mensch-Maschine-Interaktion einer musikgeschichtlichen, technikgeschichtlichen und medienarch\u00e4ologischen Betrachtung. Dar\u00fcber hinaus entwickelt er innerhalb seiner wissenschaftlich-k\u00fcnstlerischen Studie ein eigenes System zur technikgest\u00fctzten Tempovermittlung und beschreibt dessen Einsatz in der Praxis.<\/p>\n<p>267 Seiten, transcript, 2023<br \/>\n<span dir=\"ltr\" role=\"presentation\">Print-ISBN: 978-3-8376-6504-8<\/span><br role=\"presentation\" \/><span dir=\"ltr\" role=\"presentation\">PDF-ISBN: 978-3-8394-6504-2<\/span><br role=\"presentation\" \/><span dir=\"ltr\" role=\"presentation\">EPUB-ISBN: 978-3-7328-6504-8<\/span><\/p>\n<\/div>\n","protected":false},"featured_media":5799,"template":"","meta":[],"product_brand":[],"product_cat":[1693,155],"product_tag":[992,1689,1691,303,1687],"class_list":{"0":"post-5807","1":"product","2":"type-product","3":"status-publish","4":"has-post-thumbnail","6":"product_cat-kocher-philippe","7":"product_cat-imr","8":"product_tag-auffuehrungspraxis","9":"product_tag-dirigat","10":"product_tag-geschwindigkeit","11":"product_tag-musik","12":"product_tag-musiktechnologie","14":"first","15":"instock","16":"shipping-taxable","17":"product-type-external"},"_links":{"self":[{"href":"https:\/\/publikationen.zhdk.ch\/index.php?rest_route=\/wp\/v2\/product\/5807","targetHints":{"allow":["GET"]}}],"collection":[{"href":"https:\/\/publikationen.zhdk.ch\/index.php?rest_route=\/wp\/v2\/product"}],"about":[{"href":"https:\/\/publikationen.zhdk.ch\/index.php?rest_route=\/wp\/v2\/types\/product"}],"version-history":[{"count":1,"href":"https:\/\/publikationen.zhdk.ch\/index.php?rest_route=\/wp\/v2\/product\/5807\/revisions"}],"predecessor-version":[{"id":5809,"href":"https:\/\/publikationen.zhdk.ch\/index.php?rest_route=\/wp\/v2\/product\/5807\/revisions\/5809"}],"wp:featuredmedia":[{"embeddable":true,"href":"https:\/\/publikationen.zhdk.ch\/index.php?rest_route=\/wp\/v2\/media\/5799"}],"wp:attachment":[{"href":"https:\/\/publikationen.zhdk.ch\/index.php?rest_route=%2Fwp%2Fv2%2Fmedia&parent=5807"}],"wp:term":[{"taxonomy":"product_brand","embeddable":true,"href":"https:\/\/publikationen.zhdk.ch\/index.php?rest_route=%2Fwp%2Fv2%2Fproduct_brand&post=5807"},{"taxonomy":"product_cat","embeddable":true,"href":"https:\/\/publikationen.zhdk.ch\/index.php?rest_route=%2Fwp%2Fv2%2Fproduct_cat&post=5807"},{"taxonomy":"product_tag","embeddable":true,"href":"https:\/\/publikationen.zhdk.ch\/index.php?rest_route=%2Fwp%2Fv2%2Fproduct_tag&post=5807"}],"curies":[{"name":"wp","href":"https:\/\/api.w.org\/{rel}","templated":true}]}}