{"id":5727,"date":"2023-02-06T15:14:03","date_gmt":"2023-02-06T14:14:03","guid":{"rendered":"https:\/\/publikationen.zhdk.ch\/?post_type=product&#038;p=5727"},"modified":"2023-08-10T14:27:36","modified_gmt":"2023-08-10T12:27:36","slug":"wie-bilder-entstehen-1-e-book-pdf","status":"publish","type":"product","link":"https:\/\/publikationen.zhdk.ch\/?product=wie-bilder-entstehen-1-e-book-pdf","title":{"rendered":"Wie Bilder &#171;entstehen&#187; 1 | Dieter Maurer, Claudia Riboni [E-Book PDF]"},"content":{"rendered":"<p>Bilder \u2013 erzeugte Bilder \u2013 waren und sind nicht einfach und immer da. Sie kommen auf, erscheinen, \u00abentstehen\u00bb und entwickeln sich. Bilder haben also eine Geschichte und insbesondere auch eine Fr\u00fchgeschichte. Wie aber erscheinen, \u00abentstehen\u00bb Bilder? Welche Eigenschaften, Strukturbildungen und Entwicklungstendenzen lassen sich in fr\u00fchen grafischen \u00c4us\u00adserungen beobachten? Sind fr\u00fche Bilder Produkte oder Prozesse? Sind fr\u00fche Bildmerkmale allgemein, abh\u00e4ngig vom Kontext ihrer Produktion, oder indivi\u00adduell? Worin besteht fr\u00fche bildhafte Erkenntnis und \u00c4sthetik? Auf welche allgemeinen Aspekte des fr\u00fchen symbolischen Verhaltens verweisen fr\u00fche Bilder? Auf welche allgemeinen Bestimmungen des Bildes verweist die Bildgenese?<\/p>\n<p>In einer umfangreichen Untersuchung widmeten sich ein Forschungsteam der Z\u00fcrcher Hochschule der K\u00fcnste der fr\u00fchen Bildentwicklung in der Ontogenese. Die Ergebnisse der Untersuchung liegen in f\u00fcnf B\u00e4nden dieser Buchreihe vor.<\/p>\n<p data-bind=\"text: contentElement().header\">ZHdK: Institute for Contemporary Art Research (IFCAR)<\/p>\n<p>&nbsp;<\/p>\n","protected":false},"excerpt":{"rendered":"<p data-bind=\"text: contentElement().header\">Band 1: <span dir=\"ltr\" role=\"presentation\">Eigenschaften und Entwicklung<\/span><\/p>\n<p data-bind=\"text: contentElement().header\">Wie erscheinen, \u00abentstehen\u00bb Bilder? Welche Eigenschaften, Strukturen und Entwicklungen lassen sich in fr\u00fchen graphischen \u00c4usserungen beobachten? Sind fr\u00fche Bildmerkmale in einer bestimmten Kultur allgemein oder individuell? Worin besteht fr\u00fche bildhafte Erkenntnis und \u00c4sthetik? Auf welche allgemeinen Bestimmungen von \u00abBild\u00bb oder \u00abBildern\u00bb verweist die Bildgenese? Auf welche allgemeinen Aspekte des fr\u00fchen symbolischen Verhaltens verweisen fr\u00fche Bilder? Der vorliegende erste Band zur Bildentwicklung im fr\u00fchen Kindesalter stellt die Ergebnisse einer breit angelegten empirischen Studie von Zeichnungen und Malereien europ\u00e4ischer Kinder (Schweiz, Frankreich und Deutschland) im Vorschulalter vor. <span dir=\"ltr\" role=\"presentation\"> Im Zentrum steht dabei die Darstellung und <\/span><span dir=\"ltr\" role=\"presentation\">Erl\u00e4uterung von Bildeigenschaften und ihrer Entwick<\/span> <span dir=\"ltr\" role=\"presentation\">lung, wie sie in fr\u00fchen Zeichnungen und Malereien <\/span><span dir=\"ltr\" role=\"presentation\">beobachtet werden k\u00f6nnen. Das Buch ist als Lehr<\/span><span dir=\"ltr\" role=\"presentation\">gang f\u00fcr das Selbststudium und f\u00fcr die Anwendung <\/span><span dir=\"ltr\" role=\"presentation\">in Lehre und Ausbildung aufbereitet.<\/span><\/p>\n<p><a href=\"https:\/\/publikationen.zhdk.ch\/?product_cat=schriftenreihe-des-instituts-fuer-gegenwartskunst\">Schriftenreihe des Instituts f\u00fcr Gegenwartskunst<\/a> Band 19<\/p>\n<p>XXXVI und 267 Seiten, Peter Lang, 2010 (digitale Zweitauflage 2019)<br \/>\nISBN <span dir=\"ltr\" role=\"presentation\"> 978-3-0343-3780-9<br \/>\nDOI 10.3726\/b15835<\/span><\/p>\n","protected":false},"featured_media":5729,"template":"","meta":[],"product_brand":[],"product_cat":[145,221,1514,273,1014,495,489],"product_tag":[869,861],"class_list":{"0":"post-5727","1":"product","2":"type-product","3":"status-publish","4":"has-post-thumbnail","6":"product_cat-ifcar","7":"product_cat-e-books","8":"product_cat-e-publikationen","9":"product_cat-maurer-dieter","10":"product_cat-open-access","11":"product_cat-riboni-claudia","12":"product_cat-schriftenreihe-des-instituts-fuer-gegenwartskunst","13":"product_tag-kinderzeichnung","14":"product_tag-kuenstlerische-forschung","16":"first","17":"instock","18":"shipping-taxable","19":"product-type-external"},"_links":{"self":[{"href":"https:\/\/publikationen.zhdk.ch\/index.php?rest_route=\/wp\/v2\/product\/5727","targetHints":{"allow":["GET"]}}],"collection":[{"href":"https:\/\/publikationen.zhdk.ch\/index.php?rest_route=\/wp\/v2\/product"}],"about":[{"href":"https:\/\/publikationen.zhdk.ch\/index.php?rest_route=\/wp\/v2\/types\/product"}],"version-history":[{"count":6,"href":"https:\/\/publikationen.zhdk.ch\/index.php?rest_route=\/wp\/v2\/product\/5727\/revisions"}],"predecessor-version":[{"id":6233,"href":"https:\/\/publikationen.zhdk.ch\/index.php?rest_route=\/wp\/v2\/product\/5727\/revisions\/6233"}],"wp:featuredmedia":[{"embeddable":true,"href":"https:\/\/publikationen.zhdk.ch\/index.php?rest_route=\/wp\/v2\/media\/5729"}],"wp:attachment":[{"href":"https:\/\/publikationen.zhdk.ch\/index.php?rest_route=%2Fwp%2Fv2%2Fmedia&parent=5727"}],"wp:term":[{"taxonomy":"product_brand","embeddable":true,"href":"https:\/\/publikationen.zhdk.ch\/index.php?rest_route=%2Fwp%2Fv2%2Fproduct_brand&post=5727"},{"taxonomy":"product_cat","embeddable":true,"href":"https:\/\/publikationen.zhdk.ch\/index.php?rest_route=%2Fwp%2Fv2%2Fproduct_cat&post=5727"},{"taxonomy":"product_tag","embeddable":true,"href":"https:\/\/publikationen.zhdk.ch\/index.php?rest_route=%2Fwp%2Fv2%2Fproduct_tag&post=5727"}],"curies":[{"name":"wp","href":"https:\/\/api.w.org\/{rel}","templated":true}]}}