{"id":5537,"date":"2023-01-18T09:24:38","date_gmt":"2023-01-18T08:24:38","guid":{"rendered":"https:\/\/publikationen.zhdk.ch\/?post_type=product&#038;p=5537"},"modified":"2023-01-24T13:55:28","modified_gmt":"2023-01-24T12:55:28","slug":"handbuch-kunstphilosophie-e-book-pdf","status":"publish","type":"product","link":"https:\/\/publikationen.zhdk.ch\/?product=handbuch-kunstphilosophie-e-book-pdf","title":{"rendered":"Handbuch Kunstphilosophie | Judith Siegmund (Hg.) [E-Book PDF]"},"content":{"rendered":"<p>Die Kunstphilosophie ist in Bewegung und erlebt nicht zuletzt im deutschsprachigen Kontext eine dynamische Weiterentwicklung.<\/p>\n<p>\u00dcber die Fachgrenzen der philosophischen \u00c4sthetik hinaus wirken diese Debatten hinein in die politische Philosophie, die Kunst- und Kulturwissenschaft, aber auch in die Theater-, Medien- und Musikwissenschaft.<\/p>\n<p>Zugleich partizipieren sie an den kunstnahen Diskursen im Umfeld verschiedener k\u00fcnstlerischer Praktiken. Sie bringen so den Gestus der Selbstreflexion und Selbstverst\u00e4ndigung in den universit\u00e4ren Disziplinen wieder zur Geltung.<\/p>\n<p>Das \u201cHandbuch Kunstphilosophie\u201d bildet anhand systematischer Stichworte Grundpositionen kunstphilosophischen Denkens ab. Es wirft Schlaglichter auf die Theoriegeschichte sowie auf aktuelle Positionen, ohne sie einer Schulenbildung zu unterwerfen.<\/p>\n<p>ZHdK: Forschungsschwerpunkt \u00c4sthetik<\/p>\n","protected":false},"excerpt":{"rendered":"<p>Das \u201cHandbuch Kunstphilosophie\u201d bildet anhand systematischer Stichworte Grundpositionen kunstphilosophischen Denkens ab. Es wirft Schlaglichter auf die Theoriegeschichte sowie auf aktuelle Positionen, ohne sie einer Schulenbildung zu unterwerfen.<\/p>\n<p>709 Seiten, UTB, 2022<br \/>\nISBN 978-3-8252-5841-2<br \/>\neISBN 978-3-8385-5841-7<\/p>\n","protected":false},"featured_media":5535,"template":"","meta":[],"product_brand":[],"product_cat":[1671,221,1514,1014,1669],"product_tag":[1146,807,915],"class_list":{"0":"post-5537","1":"product","2":"type-product","3":"status-publish","4":"has-post-thumbnail","6":"product_cat-aesthetik","7":"product_cat-e-books","8":"product_cat-e-publikationen","9":"product_cat-open-access","10":"product_cat-siegmund-judith","11":"product_tag-aesthetik","12":"product_tag-kunstgeschichte","13":"product_tag-philosophie","15":"first","16":"instock","17":"shipping-taxable","18":"product-type-external"},"_links":{"self":[{"href":"https:\/\/publikationen.zhdk.ch\/index.php?rest_route=\/wp\/v2\/product\/5537","targetHints":{"allow":["GET"]}}],"collection":[{"href":"https:\/\/publikationen.zhdk.ch\/index.php?rest_route=\/wp\/v2\/product"}],"about":[{"href":"https:\/\/publikationen.zhdk.ch\/index.php?rest_route=\/wp\/v2\/types\/product"}],"version-history":[{"count":2,"href":"https:\/\/publikationen.zhdk.ch\/index.php?rest_route=\/wp\/v2\/product\/5537\/revisions"}],"predecessor-version":[{"id":5581,"href":"https:\/\/publikationen.zhdk.ch\/index.php?rest_route=\/wp\/v2\/product\/5537\/revisions\/5581"}],"wp:featuredmedia":[{"embeddable":true,"href":"https:\/\/publikationen.zhdk.ch\/index.php?rest_route=\/wp\/v2\/media\/5535"}],"wp:attachment":[{"href":"https:\/\/publikationen.zhdk.ch\/index.php?rest_route=%2Fwp%2Fv2%2Fmedia&parent=5537"}],"wp:term":[{"taxonomy":"product_brand","embeddable":true,"href":"https:\/\/publikationen.zhdk.ch\/index.php?rest_route=%2Fwp%2Fv2%2Fproduct_brand&post=5537"},{"taxonomy":"product_cat","embeddable":true,"href":"https:\/\/publikationen.zhdk.ch\/index.php?rest_route=%2Fwp%2Fv2%2Fproduct_cat&post=5537"},{"taxonomy":"product_tag","embeddable":true,"href":"https:\/\/publikationen.zhdk.ch\/index.php?rest_route=%2Fwp%2Fv2%2Fproduct_tag&post=5537"}],"curies":[{"name":"wp","href":"https:\/\/api.w.org\/{rel}","templated":true}]}}