{"id":5436,"date":"2022-09-15T16:44:19","date_gmt":"2022-09-15T14:44:19","guid":{"rendered":"https:\/\/publikationen.zhdk.ch\/?post_type=product&#038;p=5436"},"modified":"2023-01-24T13:58:01","modified_gmt":"2023-01-24T12:58:01","slug":"alvin-luciers-reflexive-experimentalaesthetik-bernhard-rietbrock","status":"publish","type":"product","link":"https:\/\/publikationen.zhdk.ch\/?product=alvin-luciers-reflexive-experimentalaesthetik-bernhard-rietbrock","title":{"rendered":"Alvin Luciers reflexive Experimental\u00e4sthetik | Bernhard Rietbrock"},"content":{"rendered":"<p>Die minimalistische Konsequenz, mit der er auf die Ph\u00e4nomenalit\u00e4t des Klangs h\u00f6rt, verweist dabei stets auf das reflexive Moment des Wahrnehmens selbst. Der Einsatz von Live-Elektronik orientiert sich zumeist an wissenschaftlichen Experimenten und fokussiert dabei akustische Eigenheiten von nat\u00fcrlichen und architektonischen R\u00e4umen sowie den physikalischen Eigenschaften des Schalls. Auch die Instrumentalst\u00fccke von Luciers letzter Werkphase stehen trotz traditioneller Notationsformen und Konzertsituationen au\u00dferhalb eines konventionellen Musikverst\u00e4ndnisses und betonen Luciers radikale \u00e4sthetische Position, indem sie allein das Ph\u00e4nomen der Schwebungen thematisieren.Unter besonderer Ber\u00fccksichtigung der dezidiert experimentellen Positionen und Konzepte Luciers wird dessen gesamtes vre historisch wie theoretisch erschlossen. Dabei wird der Begriff des Realen nach Jacques Lacan fruchtbar gemacht und stellt sich als Schl\u00fcsselbegriff f\u00fcr die Analyse des Werkes und der \u00c4sthetik Alvin Luciers heraus, wodurch seine Bedeutung als einer der wichtigsten Vertreter der amerikanischen Musik des 20. Jahrhunderts greifbar wird.<\/p>\n","protected":false},"excerpt":{"rendered":"<p>Das gew\u00f6hnlich Unh\u00f6rbare h\u00f6rbar zu machen, darin besteht die Pionierarbeit Alvin Luciers. Ausgehend von einem traditionellen Musikverst\u00e4ndnis, wie es noch w\u00e4hrend seines neoklassizistisch gepr\u00e4gten Kompositionsstudiums vorherrschend war, zeichnet die Studie Luciers Schaffen \u00fcber die live-elektronischen Verbalpartituren ab 1965 bis zur letzten Werkphase der reinen Instrumentalst\u00fccke ab 1982 nach.<\/p>\n<p>398 Seiten, Wolke Verlagsgesellschaft, 2022<br \/>\nISBN 978-3-95593-404-0<\/p>\n","protected":false},"featured_media":5438,"template":"","meta":[],"product_brand":[],"product_cat":[155],"product_tag":[1632,1636,1634,303],"class_list":{"0":"post-5436","1":"product","2":"type-product","3":"status-publish","4":"has-post-thumbnail","6":"product_cat-imr","7":"product_tag-alvin-lucier","8":"product_tag-live-elektronik","9":"product_tag-minimalismus","10":"product_tag-musik","12":"first","13":"instock","14":"shipping-taxable","15":"product-type-external"},"_links":{"self":[{"href":"https:\/\/publikationen.zhdk.ch\/index.php?rest_route=\/wp\/v2\/product\/5436","targetHints":{"allow":["GET"]}}],"collection":[{"href":"https:\/\/publikationen.zhdk.ch\/index.php?rest_route=\/wp\/v2\/product"}],"about":[{"href":"https:\/\/publikationen.zhdk.ch\/index.php?rest_route=\/wp\/v2\/types\/product"}],"version-history":[{"count":2,"href":"https:\/\/publikationen.zhdk.ch\/index.php?rest_route=\/wp\/v2\/product\/5436\/revisions"}],"predecessor-version":[{"id":5591,"href":"https:\/\/publikationen.zhdk.ch\/index.php?rest_route=\/wp\/v2\/product\/5436\/revisions\/5591"}],"wp:featuredmedia":[{"embeddable":true,"href":"https:\/\/publikationen.zhdk.ch\/index.php?rest_route=\/wp\/v2\/media\/5438"}],"wp:attachment":[{"href":"https:\/\/publikationen.zhdk.ch\/index.php?rest_route=%2Fwp%2Fv2%2Fmedia&parent=5436"}],"wp:term":[{"taxonomy":"product_brand","embeddable":true,"href":"https:\/\/publikationen.zhdk.ch\/index.php?rest_route=%2Fwp%2Fv2%2Fproduct_brand&post=5436"},{"taxonomy":"product_cat","embeddable":true,"href":"https:\/\/publikationen.zhdk.ch\/index.php?rest_route=%2Fwp%2Fv2%2Fproduct_cat&post=5436"},{"taxonomy":"product_tag","embeddable":true,"href":"https:\/\/publikationen.zhdk.ch\/index.php?rest_route=%2Fwp%2Fv2%2Fproduct_tag&post=5436"}],"curies":[{"name":"wp","href":"https:\/\/api.w.org\/{rel}","templated":true}]}}