{"id":5432,"date":"2022-09-15T16:24:17","date_gmt":"2022-09-15T14:24:17","guid":{"rendered":"https:\/\/publikationen.zhdk.ch\/?post_type=product&#038;p=5432"},"modified":"2023-02-02T14:40:24","modified_gmt":"2023-02-02T13:40:24","slug":"id9606-2a-c-dispositive-eines-virus-jana-vanecek-e-book-pdf","status":"publish","type":"product","link":"https:\/\/publikationen.zhdk.ch\/?product=id9606-2a-c-dispositive-eines-virus-jana-vanecek-e-book-pdf","title":{"rendered":"ID9606\/2a-c. Dispositive eines Virus | Jana Vanecek [E-Book PDF]"},"content":{"rendered":"<p>Ausgangspunkt ist die Rationierung der neueren Hepatitis-C-Medikamente in der Schweiz. W\u00e4hrend ein monopolistischer Pharmakonzern mit diesen Medikamenten lange Zeit konkurrenzlos Gesch\u00e4fte machen konnte, blieb das &#171;Wunder der Heilung&#187; f\u00fcr die meisten Betroffenen unerreichbar.<\/p>\n<p>Subjekt des pharmabiografischen Texts sind allerdings nicht nur die mit Hepatitis C infizierte Autorin, sondern mehr und mehr das Virus selbst und die komplexen Subjektivierungen in den Zwischenr\u00e4umen von sozialen Systemen und Biotechnologien. Im Zusammenspiel verschiedener Textgattungen entsteht ein auto-theoretischer Text, der sein autos, das Selbst seiner Theorie, in die sozialen Beziehungen des Gesundheitssystems und in die mehr-als-menschliche Sph\u00e4re der Viren verlagert.<\/p>\n<p>ZHdK: Master Transdisziplinarit\u00e4t<\/p>\n","protected":false},"excerpt":{"rendered":"<p>Ebola, Corona, Monkeypox. Mit den Epidemien und Pandemien der letzten Jahre haben sich auch die Gesch\u00e4fte mit der medizinischen Biotechnologie immer schneller entwickelt. ID9606\/2a-c. Dispositive eines Virus geht der Frage nach, wie biotechnologische Erfindungen als Bereiche kapitalistischer Investitionen politische Entscheidungen im Gesundheitswesen beeinflussen k\u00f6nnen.<\/p>\n<p>178 Seiten, transversal, 2022<br \/>\nISBN 978-3-903046-33-7<br \/>\nAls PDF und ePub erh\u00e4ltlich<\/p>\n","protected":false},"featured_media":5428,"template":"","meta":[],"product_brand":[],"product_cat":[221,1514,1014,159,1630],"product_tag":[1626,645,1628],"class_list":{"0":"post-5432","1":"product","2":"type-product","3":"status-publish","4":"has-post-thumbnail","6":"product_cat-e-books","7":"product_cat-e-publikationen","8":"product_cat-open-access","9":"product_cat-fspt","10":"product_cat-vanecek-jana","11":"product_tag-gesundheitswesen","12":"product_tag-politik","13":"product_tag-virus","15":"first","16":"instock","17":"shipping-taxable","18":"product-type-external"},"_links":{"self":[{"href":"https:\/\/publikationen.zhdk.ch\/index.php?rest_route=\/wp\/v2\/product\/5432","targetHints":{"allow":["GET"]}}],"collection":[{"href":"https:\/\/publikationen.zhdk.ch\/index.php?rest_route=\/wp\/v2\/product"}],"about":[{"href":"https:\/\/publikationen.zhdk.ch\/index.php?rest_route=\/wp\/v2\/types\/product"}],"version-history":[{"count":1,"href":"https:\/\/publikationen.zhdk.ch\/index.php?rest_route=\/wp\/v2\/product\/5432\/revisions"}],"predecessor-version":[{"id":5434,"href":"https:\/\/publikationen.zhdk.ch\/index.php?rest_route=\/wp\/v2\/product\/5432\/revisions\/5434"}],"wp:featuredmedia":[{"embeddable":true,"href":"https:\/\/publikationen.zhdk.ch\/index.php?rest_route=\/wp\/v2\/media\/5428"}],"wp:attachment":[{"href":"https:\/\/publikationen.zhdk.ch\/index.php?rest_route=%2Fwp%2Fv2%2Fmedia&parent=5432"}],"wp:term":[{"taxonomy":"product_brand","embeddable":true,"href":"https:\/\/publikationen.zhdk.ch\/index.php?rest_route=%2Fwp%2Fv2%2Fproduct_brand&post=5432"},{"taxonomy":"product_cat","embeddable":true,"href":"https:\/\/publikationen.zhdk.ch\/index.php?rest_route=%2Fwp%2Fv2%2Fproduct_cat&post=5432"},{"taxonomy":"product_tag","embeddable":true,"href":"https:\/\/publikationen.zhdk.ch\/index.php?rest_route=%2Fwp%2Fv2%2Fproduct_tag&post=5432"}],"curies":[{"name":"wp","href":"https:\/\/api.w.org\/{rel}","templated":true}]}}