{"id":5217,"date":"2022-03-24T15:36:20","date_gmt":"2022-03-24T14:36:20","guid":{"rendered":"https:\/\/publikationen.zhdk.ch\/?post_type=product&#038;p=5217"},"modified":"2022-04-20T16:40:38","modified_gmt":"2022-04-20T14:40:38","slug":"design-struggles","status":"publish","type":"product","link":"https:\/\/publikationen.zhdk.ch\/?product=design-struggles","title":{"rendered":"Design Struggles. Intersecting Histories, Pedagogies, and Perspectives | Claudia Mareis, Nina Paim (eds.)"},"content":{"rendered":"<p>Die Publikation bietet eine kritische Bewertung der Komplizenschaft des Designs bei der Schaffung, Aufrechterhaltung und Verst\u00e4rkung sozialer, politischer und \u00f6kologischer Probleme, sowohl heute als auch in der Vergangenheit. Um diese disziplinarische Selbstkritik zu bef\u00f6rdern, wird Design durch die Schnittstellen von Geschlecht, Kultur, Ethnizit\u00e4t und Klasse beleuchtet. In mehr als 20 Beitr\u00e4gen entsteht eine dringende und weitreichende Reihe von Stimmen und Ansichten, derjenigen, die nach neuen Ans\u00e4tzen f\u00fcr die Designgeschichte und Designausbildung suchen.<\/p>\n<p>Aus dem Departement Design sind Paola de Martin, Dozentin BA Design und Tania Messell wissenschaftliche Mitarbeiterin der Fachrichtung Visual Communication, mit je einem Beitrag vertreten. Der Tagungsband entstand anl\u00e4sslich der Konferenz \u00abBeyond Change\u00bb (2018) des <em>Swiss Design Networks<\/em>. Die F&amp;E Beauftragte Prof. Dr. Sarah Owens, war als Conference Co-Chair und Teil der Scientific Committee an der Konferenz und Publikation beteiligt.<\/p>\n<p>Weitere Beitr\u00e4ge von: Danah Abdulla, Tanveer Ahmed, Zoy Anastassakis, Ahmed Ansari, Brave New Alps, Johannes Bruder, Cheryl Buckley, Sria Chatterjee, Alison J. Clarke, Sasha Costanza-Chock, Bianca Elzenbaumer, Arturo Escobar, Kjetil Fallan, Griselda Flesler, Corin Gisel, Matthew Kiem, Claudia Mareis, Ramia Maz\u00e9, Anja Neidhardt, Nan O\u2019Sullivan, Maya Ober, Nina Paim, Luiza Prado de O. Martins, Mia Charlene White<\/p>\n","protected":false},"excerpt":{"rendered":"<p><em>Design <span class=\"highlight\">Struggles<\/span><\/em> critically assesses the ways in which the design field is involved in creating, perpetuating, promoting and reinforcing injustice and inequality in social, political, economic, cultural and ecological systems. This book shows how this entanglement arose from Eurocentric and neoliberal thinking. The voices and practices represented here propose to question and disrupt the discipline of design from within, by problematizing the very notions of design. They aim to do so by generating new, anti-racist, post-capitalist, queer-feminist, environmentally conscious and community-based ideas on how to transform design. In this way, <em>Design <span class=\"highlight\">Struggles<\/span> <\/em>strives to forge sustainable, new practices within the design field that challenge the status quo and amplify underrepresented voices, both in the world of design, as well as beyond.<\/p>\n<p>448 pages, valiz, 2021<br \/>\nISBN: 978-94-92095-88-6<\/p>\n<p>&nbsp;<\/p>\n","protected":false},"featured_media":5231,"template":"","meta":[],"product_brand":[],"product_cat":[153,727,1581],"product_tag":[821,1577,1579],"class_list":{"0":"post-5217","1":"product","2":"type-product","3":"status-publish","4":"has-post-thumbnail","6":"product_cat-design","7":"product_cat-mareis-claudia","8":"product_cat-paim-nina","9":"product_tag-design","10":"product_tag-grafikdesig","11":"product_tag-social-design","13":"first","14":"instock","15":"shipping-taxable","16":"product-type-external"},"_links":{"self":[{"href":"https:\/\/publikationen.zhdk.ch\/index.php?rest_route=\/wp\/v2\/product\/5217","targetHints":{"allow":["GET"]}}],"collection":[{"href":"https:\/\/publikationen.zhdk.ch\/index.php?rest_route=\/wp\/v2\/product"}],"about":[{"href":"https:\/\/publikationen.zhdk.ch\/index.php?rest_route=\/wp\/v2\/types\/product"}],"version-history":[{"count":2,"href":"https:\/\/publikationen.zhdk.ch\/index.php?rest_route=\/wp\/v2\/product\/5217\/revisions"}],"predecessor-version":[{"id":5227,"href":"https:\/\/publikationen.zhdk.ch\/index.php?rest_route=\/wp\/v2\/product\/5217\/revisions\/5227"}],"wp:featuredmedia":[{"embeddable":true,"href":"https:\/\/publikationen.zhdk.ch\/index.php?rest_route=\/wp\/v2\/media\/5231"}],"wp:attachment":[{"href":"https:\/\/publikationen.zhdk.ch\/index.php?rest_route=%2Fwp%2Fv2%2Fmedia&parent=5217"}],"wp:term":[{"taxonomy":"product_brand","embeddable":true,"href":"https:\/\/publikationen.zhdk.ch\/index.php?rest_route=%2Fwp%2Fv2%2Fproduct_brand&post=5217"},{"taxonomy":"product_cat","embeddable":true,"href":"https:\/\/publikationen.zhdk.ch\/index.php?rest_route=%2Fwp%2Fv2%2Fproduct_cat&post=5217"},{"taxonomy":"product_tag","embeddable":true,"href":"https:\/\/publikationen.zhdk.ch\/index.php?rest_route=%2Fwp%2Fv2%2Fproduct_tag&post=5217"}],"curies":[{"name":"wp","href":"https:\/\/api.w.org\/{rel}","templated":true}]}}