{"id":517,"date":"2019-04-13T18:29:39","date_gmt":"2019-04-13T16:29:39","guid":{"rendered":"http:\/\/publikationen.zhdk.ch\/?post_type=product&#038;p=517"},"modified":"2023-08-10T13:08:10","modified_gmt":"2023-08-10T11:08:10","slug":"burkhard-interpretationen","status":"publish","type":"product","link":"https:\/\/publikationen.zhdk.ch\/?product=burkhard-interpretationen","title":{"rendered":"Burkhard-Interpretationen | Dominik Sackmann (Hg.)"},"content":{"rendered":"<p>Willy Burkhard (1900-1955) geh\u00f6rte sp\u00e4testens seit der Urauff\u00fchrung des Oratoriums &#171;Das Gesicht Jesaias&#187; (1936) zu den zentralen Komponisten der Schweiz. Rund hundert Werke umfasst sein Oeuvre: Kammer-, Klavier- und Orchestermusik. Zudem etablierte er sich mit seiner Orgel- und Chormusik als Komponist f\u00fcr die Kirche. \u00dcberschattet wurde sein Leben von einem Jahrzehnt fortw\u00e4hrender Krankheit, die ihn isolierte und zum Aussenseiter stempelte. Wurden die jeweils neu entstandenen Werke um 1950 aufmerksam verfolgt, so ist es seit seinem Tod still um ihn geworden. H\u00f6chste Zeit also, um aus verschiedenen Perspektiven Blicke auf sein Werk, seine Pers\u00f6nlichkeit, seine Bedeutung, sein Komponieren, auf einzelne Kompositionen und deren Entstehungsgeschichte, aber auch auf die Auff\u00fchrungspraxis seiner Zeit zu werfen. Im Zentrum steht die Frage nach der Einordnung von Burkhards Schaffen in die Musikgeschichte, zwischen neoklassizistischen Tendenzen und Zw\u00f6lftonmusik. Erg\u00e4nzt werden die Vortr\u00e4ge des Z\u00fcrcher Symposiums vom Oktober 2015 um Aufs\u00e4tze zu zwei wichtigen Zeitgenossen: Adolf Brunner und Stefi Geyer.<\/p>\n<p>Symposium, 30.\/31. Oktober 2015<br \/>\nZHdK: Institute for Music Research (IMR)<\/p>\n","protected":false},"excerpt":{"rendered":"<p>Willy Burkhard (1900-1955) geh\u00f6rte sp\u00e4testens seit der Urauff\u00fchrung des Oratoriums &#171;Das Gesicht Jesaias&#187; (1936) zu den zentralen Komponisten der Schweiz. Rund hundert Werke umfasst sein Oeuvre: Kammer-, Klavier- und Orchestermusik. Wurden die jeweils neu entstandenen Werke um 1950 aufmerksam verfolgt, so ist es seit seinem Tod still um ihn geworden. Im Zentrum steht die Frage nach der Einordnung von Burkhards Schaffen in die Musikgeschichte, zwischen neoklassizistischen Tendenzen und Zw\u00f6lftonmusik.<\/p>\n<p><a href=\"https:\/\/publikationen.zhdk.ch\/?product_cat=zuercher-musikstudien\">Z\u00fcrcher Musikstudien<\/a> Band 9<\/p>\n<p>232 Seiten,\u00a0Peter Lang, 2018<br \/>\nISBN 978-3-0-3433301-6<\/p>\n","protected":false},"featured_media":519,"template":"","meta":[],"product_brand":[],"product_cat":[155,277,293],"product_tag":[],"class_list":{"0":"post-517","1":"product","2":"type-product","3":"status-publish","4":"has-post-thumbnail","6":"product_cat-imr","7":"product_cat-sackmann-dominik","8":"product_cat-zuercher-musikstudien","10":"first","11":"instock","12":"shipping-taxable","13":"product-type-external"},"_links":{"self":[{"href":"https:\/\/publikationen.zhdk.ch\/index.php?rest_route=\/wp\/v2\/product\/517","targetHints":{"allow":["GET"]}}],"collection":[{"href":"https:\/\/publikationen.zhdk.ch\/index.php?rest_route=\/wp\/v2\/product"}],"about":[{"href":"https:\/\/publikationen.zhdk.ch\/index.php?rest_route=\/wp\/v2\/types\/product"}],"version-history":[{"count":12,"href":"https:\/\/publikationen.zhdk.ch\/index.php?rest_route=\/wp\/v2\/product\/517\/revisions"}],"predecessor-version":[{"id":6043,"href":"https:\/\/publikationen.zhdk.ch\/index.php?rest_route=\/wp\/v2\/product\/517\/revisions\/6043"}],"wp:featuredmedia":[{"embeddable":true,"href":"https:\/\/publikationen.zhdk.ch\/index.php?rest_route=\/wp\/v2\/media\/519"}],"wp:attachment":[{"href":"https:\/\/publikationen.zhdk.ch\/index.php?rest_route=%2Fwp%2Fv2%2Fmedia&parent=517"}],"wp:term":[{"taxonomy":"product_brand","embeddable":true,"href":"https:\/\/publikationen.zhdk.ch\/index.php?rest_route=%2Fwp%2Fv2%2Fproduct_brand&post=517"},{"taxonomy":"product_cat","embeddable":true,"href":"https:\/\/publikationen.zhdk.ch\/index.php?rest_route=%2Fwp%2Fv2%2Fproduct_cat&post=517"},{"taxonomy":"product_tag","embeddable":true,"href":"https:\/\/publikationen.zhdk.ch\/index.php?rest_route=%2Fwp%2Fv2%2Fproduct_tag&post=517"}],"curies":[{"name":"wp","href":"https:\/\/api.w.org\/{rel}","templated":true}]}}