{"id":5159,"date":"2022-03-24T10:37:29","date_gmt":"2022-03-24T09:37:29","guid":{"rendered":"https:\/\/publikationen.zhdk.ch\/?post_type=product&#038;p=5159"},"modified":"2023-01-24T13:15:28","modified_gmt":"2023-01-24T12:15:28","slug":"das-museum-verlernen-band-2","status":"publish","type":"product","link":"https:\/\/publikationen.zhdk.ch\/?product=das-museum-verlernen-band-2","title":{"rendered":"Das Museum verlernen? Kolonialit\u00e4t und Vermittlung in ethnologischen Museen Band 2 | Nora Landkammer et al. (Hg.)"},"content":{"rendered":"<p>Der zweite Band widmet sich vielstimmig\u00a0<em>Praxen und Reflexionen kritischer Bildung und Wissensproduktion<\/em>, die aufzeigen, dass es sich bei einer kolonialit\u00e4tskritischen Vermittlungsarbeit nicht um das Realisieren einzelner Projekte, sondern um ein Arbeiten in Widerspr\u00fcchen, eine best\u00e4ndige Kritik an Strukturen, in die ein*e selbst eingebunden ist, handelt.\u00a0Die Beitr\u00e4ge geben Anregungen f\u00fcr die Praxis ebenso wie f\u00fcr deren Hinterfragung. Gemeinsam ist den Texten, dass sie dem Gap zwischen utopischer Dekolonisierung und der oft ern\u00fcchternden allt\u00e4glichen Arbeit in den Institutionen Reflexionen zu konkreten Praxen, ihren Potentialen und Widerspr\u00fcchen entgegensetzen.<\/p>\n<p>Mit Beitr\u00e4gen von:\u00a0Julia Albrecht, Bea Barrois, Stephanie Endter, Nadine Golly, Rilando June Lamadjido, Pernilla Luttropp,\u00a0Nora\u00a0Landkammer, Berit Mohr, Trinity Mesim\u00e9 Njume-Ebong, Carolin Philipp, Esther Poppe, Pia Razenberger, Karin Schneider,\u00a0Nora\u00a0Sch\u00f6n, Hodan Warsame und\u00a0Simone Zeefuik<\/p>\n<p>\u201cStudien zur Kunstvermittlung\u201d ist eine Publikationsreihe, die sich aus einer macht- und diskriminierungskritischen Perspektive Fragestellungen der Kunstvermittlung \u2013 hier verwendet als etablierter Schirmbegriff f\u00fcr das vielgestaltige Arbeits- und Forschungsfeld an der Schnittstelle von Kulturproduktion und Bildungsarbeit \u2013 widmet.<\/p>\n","protected":false},"excerpt":{"rendered":"<p>Wie geht die Bildungsarbeit im ethnologischen Museum mit dem kolonialen Erbe der Institutionen um? Kann das ethnologische Museum ein Ort des\u00a0<em>Verlernens<\/em>\u00a0sein, und wenn ja, wie? Die zweib\u00e4ndige Publikation widmet sich der Vermittlungsarbeit in dekolonisierender Perspektive.<\/p>\n<p>Band 2: Praxen und Reflexionen kritischer Bildung und Wissensproduktion. Hg. Stephanie Endter, Nora Landkammer, Karin Schneider<\/p>\n<p><a href=\"https:\/\/www.zaglossus.eu\/shop\/das-museum-verlernen-kolonialitaet-und-vermittlung-in-ethnologischen-museen?isorc=1&amp;file=files\/publikationen\/2020\/Was%20heisst%20hier%20Vermittlung\/Leseprobe%20Zaglossus%20Das%20Museum%20verlernen%20Bd%202.pdf\">Blick ins Buch<\/a><\/p>\n<p>Studien zur Kunstvermittlung Band 5<\/p>\n<p>430 Seiten, Zaglossus, 2021<br \/>\nISBN 978-3-902902-67-2<\/p>\n","protected":false},"featured_media":5161,"template":"","meta":[],"product_brand":[],"product_cat":[141,151,1565],"product_tag":[1563,457,463],"class_list":{"0":"post-5159","1":"product","2":"type-product","3":"status-publish","4":"has-post-thumbnail","6":"product_cat-iae","7":"product_cat-ics","8":"product_cat-landkammer-nora","9":"product_tag-ethnologie","10":"product_tag-kunstvermittlung","11":"product_tag-museumspaedagogik","13":"first","14":"instock","15":"shipping-taxable","16":"product-type-external"},"_links":{"self":[{"href":"https:\/\/publikationen.zhdk.ch\/index.php?rest_route=\/wp\/v2\/product\/5159","targetHints":{"allow":["GET"]}}],"collection":[{"href":"https:\/\/publikationen.zhdk.ch\/index.php?rest_route=\/wp\/v2\/product"}],"about":[{"href":"https:\/\/publikationen.zhdk.ch\/index.php?rest_route=\/wp\/v2\/types\/product"}],"version-history":[{"count":2,"href":"https:\/\/publikationen.zhdk.ch\/index.php?rest_route=\/wp\/v2\/product\/5159\/revisions"}],"predecessor-version":[{"id":5165,"href":"https:\/\/publikationen.zhdk.ch\/index.php?rest_route=\/wp\/v2\/product\/5159\/revisions\/5165"}],"wp:featuredmedia":[{"embeddable":true,"href":"https:\/\/publikationen.zhdk.ch\/index.php?rest_route=\/wp\/v2\/media\/5161"}],"wp:attachment":[{"href":"https:\/\/publikationen.zhdk.ch\/index.php?rest_route=%2Fwp%2Fv2%2Fmedia&parent=5159"}],"wp:term":[{"taxonomy":"product_brand","embeddable":true,"href":"https:\/\/publikationen.zhdk.ch\/index.php?rest_route=%2Fwp%2Fv2%2Fproduct_brand&post=5159"},{"taxonomy":"product_cat","embeddable":true,"href":"https:\/\/publikationen.zhdk.ch\/index.php?rest_route=%2Fwp%2Fv2%2Fproduct_cat&post=5159"},{"taxonomy":"product_tag","embeddable":true,"href":"https:\/\/publikationen.zhdk.ch\/index.php?rest_route=%2Fwp%2Fv2%2Fproduct_tag&post=5159"}],"curies":[{"name":"wp","href":"https:\/\/api.w.org\/{rel}","templated":true}]}}