{"id":5122,"date":"2022-02-23T09:14:55","date_gmt":"2022-02-23T08:14:55","guid":{"rendered":"https:\/\/publikationen.zhdk.ch\/?post_type=product&#038;p=5122"},"modified":"2022-04-20T16:37:04","modified_gmt":"2022-04-20T14:37:04","slug":"texturing-space","status":"publish","type":"product","link":"https:\/\/publikationen.zhdk.ch\/?product=texturing-space","title":{"rendered":"Texturing Space. Towards an Exponential Cartography | Am\u00e9lie Brisson-Darveau, Christoph Brunner (eds.)"},"content":{"rendered":"<p>Texture, we claim, is not a mere surface structure of built configurations but hints at the dynamic and processual nature of urban ecologies as expanded cartographies. As part of a research-creation seminar at Zurich University of the Arts a modular and mobile lab for engaging with urban textures was designed and used at different sites. These explorations are reflected upon from different perspectives such as philosophy, design, sociology, sound, media studies, and literature. Each of these encounters becomes a texturing of its own kind. The publication addresses researchers, artists and designers interested in artistic and design research practices and methods from a transdisciplinary and process-oriented point of view. With contributions by Amelie Brisson-Darveau, Christoph Brunner, Nicole De Brabandere, Sher Doruff, Rosamund Ender, Marius F\u00f6rster, Karmen Franinovic, Diego Gil, Roman Kirschner, Nuria Kr\u00e4mer, Yanki Lee, Mariana Marcassa, Patrick M\u00fcller, Erin Manning, Brian Massumi, Toni Pape, Peter Tr\u00e4nkle, and Jana Vanecek.<\/p>\n<p>ZHdK: Master Program in Transdisciplinary Studies and Institute for Contemporary Art Research (IFCAR)<\/p>\n","protected":false},"excerpt":{"rendered":"<p>Texture weaves and relates. It moves through things, holding them together, providing contours, shaping forms. This publication is an experimental and collaborative exploration of texture from an artistic, design and conceptual angle. Based on a year-long research process between Z\u00fcrich and Hong Kong the book seeks to give an account of processes of texturing as practice and material effect in urban environments.<\/p>\n<p>242 pages, adocs, 2021<br \/>\nISBN 978-3-943253-32-0<\/p>\n","protected":false},"featured_media":5134,"template":"","meta":[],"product_brand":[],"product_cat":[1558,1175,145,159],"product_tag":[1448,1146,1556,861,789],"class_list":{"0":"post-5122","1":"product","2":"type-product","3":"status-publish","4":"has-post-thumbnail","6":"product_cat-brisson-darveau-amelie","7":"product_cat-brunner-christoph","8":"product_cat-ifcar","9":"product_cat-fspt","10":"product_tag-artistic-research","11":"product_tag-aesthetik","12":"product_tag-kulturwissenschaft","13":"product_tag-kuenstlerische-forschung","14":"product_tag-medienwissenschaft","16":"first","17":"instock","18":"shipping-taxable","19":"product-type-external"},"_links":{"self":[{"href":"https:\/\/publikationen.zhdk.ch\/index.php?rest_route=\/wp\/v2\/product\/5122","targetHints":{"allow":["GET"]}}],"collection":[{"href":"https:\/\/publikationen.zhdk.ch\/index.php?rest_route=\/wp\/v2\/product"}],"about":[{"href":"https:\/\/publikationen.zhdk.ch\/index.php?rest_route=\/wp\/v2\/types\/product"}],"version-history":[{"count":3,"href":"https:\/\/publikationen.zhdk.ch\/index.php?rest_route=\/wp\/v2\/product\/5122\/revisions"}],"predecessor-version":[{"id":5136,"href":"https:\/\/publikationen.zhdk.ch\/index.php?rest_route=\/wp\/v2\/product\/5122\/revisions\/5136"}],"wp:featuredmedia":[{"embeddable":true,"href":"https:\/\/publikationen.zhdk.ch\/index.php?rest_route=\/wp\/v2\/media\/5134"}],"wp:attachment":[{"href":"https:\/\/publikationen.zhdk.ch\/index.php?rest_route=%2Fwp%2Fv2%2Fmedia&parent=5122"}],"wp:term":[{"taxonomy":"product_brand","embeddable":true,"href":"https:\/\/publikationen.zhdk.ch\/index.php?rest_route=%2Fwp%2Fv2%2Fproduct_brand&post=5122"},{"taxonomy":"product_cat","embeddable":true,"href":"https:\/\/publikationen.zhdk.ch\/index.php?rest_route=%2Fwp%2Fv2%2Fproduct_cat&post=5122"},{"taxonomy":"product_tag","embeddable":true,"href":"https:\/\/publikationen.zhdk.ch\/index.php?rest_route=%2Fwp%2Fv2%2Fproduct_tag&post=5122"}],"curies":[{"name":"wp","href":"https:\/\/api.w.org\/{rel}","templated":true}]}}