{"id":511,"date":"2019-04-13T18:19:38","date_gmt":"2019-04-13T16:19:38","guid":{"rendered":"http:\/\/publikationen.zhdk.ch\/?post_type=product&#038;p=511"},"modified":"2022-04-19T13:23:16","modified_gmt":"2022-04-19T11:23:16","slug":"the-future-is-unwritten","status":"publish","type":"product","link":"https:\/\/publikationen.zhdk.ch\/?product=the-future-is-unwritten","title":{"rendered":"The Future Is Unwritten | Ines Kleesattel, Pablo M\u00fcller"},"content":{"rendered":"<p>Wird in Zukunft das Publikum die kunstkritischen Urteile f\u00e4llen? Welche Rolle k\u00f6nnte Systemkritik f\u00fcr die Kunstkritik spielen? F\u00fchren Dezentralisierung und Vervielf\u00e4ltigung publizistischer Formate zu einer radikalen Demokratisierung des kunstkritischen Diskurses? Welche Formen einer konkreten, situierten und kontextsensiblen Kunstkritik sind vorstellbar? Was hat eine zukunftsorientierte Kunstkritik inwiefern mit kritisch-emanzipatorischer Politik zu schaffen?<\/p>\n<p>The Future Is Unwritten versammelt aktuelle Ans\u00e4tze einer engagierten Kunstkritik. Hierbei lenkt die Publikation den Blick auf untersch\u00e4tzte oder \u00fcbersehene Potentiale und erkennt in neuen Verfahren und Formationen eine vielversprechende Zukunft f\u00fcr die kunstkritische Praxis. Entgegen fatalistischer, verabsolutierender und h\u00e4mischer Endzeitszenarien zeigt das Buch so m\u00f6gliche Richtungen einer noch ungeschriebenen Zukunft.<\/p>\n<p>Mit Beitr\u00e4gen von Claire Bishop, Sabeth Buchmann, Helmut Draxler, J\u00f6rg Heiser, Christian H\u00f6ller, Jens Kastner, Grant H. Kester, Ines Kleesattel, Lucie Kolb, Pablo M\u00fcller, Peter J. Schneemann, Peter Spillmann, Nora Sternfeld und Julia Voss.<\/p>\n<p><span class=\"description\">ZHdK: Institute for Cultural Studies in the Arts (ICS)<\/span><\/p>\n","protected":false},"excerpt":{"rendered":"<p class=\"title\">Position und Politik kunstkritischer Praxis<\/p>\n<p>The Future Is Unwritten versammelt aktuelle Ans\u00e4tze einer engagierten Kunstkritik. Hierbei lenkt die Publikation den Blick auf untersch\u00e4tzte oder \u00fcbersehene Potentiale und erkennt in neuen Verfahren und Formationen eine vielversprechende Zukunft f\u00fcr die kunstkritische Praxis. Entgegen fatalistischer, verabsolutierender und h\u00e4mischer Endzeitszenarien zeigt das Buch so m\u00f6gliche Richtungen einer noch ungeschriebenen Zukunft.<br \/>\nMit Beitr\u00e4gen von Claire Bishop, Sabeth Buchmann, Helmut Draxler, J\u00f6rg Heiser, Christian H\u00f6ller, Jens Kastner, Grant H. Kester, Ines Kleesattel, Lucie Kolb, Pablo M\u00fcller, Peter J. Schneemann, Peter Spillmann, Nora Sternfeld und Julia Voss.<\/p>\n<p>312 Seiten,\u00a0Diaphanes, 2018<br \/>\nISBN 978-3-0-3734992-2<\/p>\n","protected":false},"featured_media":513,"template":"","meta":[],"product_brand":[],"product_cat":[151,279,285],"product_tag":[657],"class_list":{"0":"post-511","1":"product","2":"type-product","3":"status-publish","4":"has-post-thumbnail","6":"product_cat-ics","7":"product_cat-kleesattel-ines","8":"product_cat-mueller-pablo","9":"product_tag-kunstkritik","11":"first","12":"instock","13":"shipping-taxable","14":"product-type-external"},"_links":{"self":[{"href":"https:\/\/publikationen.zhdk.ch\/index.php?rest_route=\/wp\/v2\/product\/511","targetHints":{"allow":["GET"]}}],"collection":[{"href":"https:\/\/publikationen.zhdk.ch\/index.php?rest_route=\/wp\/v2\/product"}],"about":[{"href":"https:\/\/publikationen.zhdk.ch\/index.php?rest_route=\/wp\/v2\/types\/product"}],"version-history":[{"count":5,"href":"https:\/\/publikationen.zhdk.ch\/index.php?rest_route=\/wp\/v2\/product\/511\/revisions"}],"predecessor-version":[{"id":3082,"href":"https:\/\/publikationen.zhdk.ch\/index.php?rest_route=\/wp\/v2\/product\/511\/revisions\/3082"}],"wp:featuredmedia":[{"embeddable":true,"href":"https:\/\/publikationen.zhdk.ch\/index.php?rest_route=\/wp\/v2\/media\/513"}],"wp:attachment":[{"href":"https:\/\/publikationen.zhdk.ch\/index.php?rest_route=%2Fwp%2Fv2%2Fmedia&parent=511"}],"wp:term":[{"taxonomy":"product_brand","embeddable":true,"href":"https:\/\/publikationen.zhdk.ch\/index.php?rest_route=%2Fwp%2Fv2%2Fproduct_brand&post=511"},{"taxonomy":"product_cat","embeddable":true,"href":"https:\/\/publikationen.zhdk.ch\/index.php?rest_route=%2Fwp%2Fv2%2Fproduct_cat&post=511"},{"taxonomy":"product_tag","embeddable":true,"href":"https:\/\/publikationen.zhdk.ch\/index.php?rest_route=%2Fwp%2Fv2%2Fproduct_tag&post=511"}],"curies":[{"name":"wp","href":"https:\/\/api.w.org\/{rel}","templated":true}]}}