{"id":503,"date":"2019-04-13T18:14:32","date_gmt":"2019-04-13T16:14:32","guid":{"rendered":"http:\/\/publikationen.zhdk.ch\/?post_type=product&#038;p=503"},"modified":"2023-08-10T14:24:31","modified_gmt":"2023-08-10T12:24:31","slug":"die-ambivalente-stadt","status":"publish","type":"product","link":"https:\/\/publikationen.zhdk.ch\/?product=die-ambivalente-stadt","title":{"rendered":"Die ambivalente Stadt | J\u00fcrgen Krusche (Hg.)"},"content":{"rendered":"<p>ZHdK: Institute for Contemporary Art Research (IFCAR)<\/p>\n","protected":false},"excerpt":{"rendered":"<p>In welchen St\u00e4dten m\u00f6chten wir heute und in Zukunft leben? Wie ver\u00e4ndern die Angst vor Terror und die gro\u00dfen Migrationsbewegungen, aber auch soziale Unterschiede unsere \u00f6ffentlichen R\u00e4ume? Welche Akteure sind an den komplexen Transformationen beteiligt? Die ambivalente Stadt setzt sich mit der zunehmenden Fragmentierung unserer St\u00e4dte als Reaktion auf den wachsenden politischen, \u00f6konomischen und sozialen Druck auseinander. Im Fokus steht die immer st\u00e4rker werdende Forderung nach Sicherheit und \u00dcberwachung und das damit einhergehende Schwinden frei zug\u00e4nglicher \u00f6ffentlicher R\u00e4ume, sozialer Durchmischung und kommunaler Teilhabe. Erg\u00e4nzend dazu werden partizipative und selbst verwaltete Bewegungen vorgestellt, die sich diesen verschlie\u00dfenden Tendenzen entgegenstellen, sowie die Rolle der Fotografie in der Stadtforschung n\u00e4her beleuchtet. Das Buch pl\u00e4diert &#8211; auch in scheinbar unsicheren Zeiten &#8211; f\u00fcr gesellschaftliche Vielfalt und eine neue Relevanz des Konzepts der Offenen Stadt.<\/p>\n<p><a href=\"https:\/\/publikationen.zhdk.ch\/?product_cat=schriftenreihe-des-instituts-fuer-gegenwartskunst\">Schriftenreihe des Instituts f\u00fcr Gegenwartskunst<\/a><\/p>\n<p>176 Seiten,\u00a0Jovis, 2017<br \/>\nISBN 978-3-86859-467-6<\/p>\n","protected":false},"featured_media":505,"template":"","meta":[],"product_brand":[],"product_cat":[145,271,489],"product_tag":[],"class_list":{"0":"post-503","1":"product","2":"type-product","3":"status-publish","4":"has-post-thumbnail","6":"product_cat-ifcar","7":"product_cat-krusche-juergen","8":"product_cat-schriftenreihe-des-instituts-fuer-gegenwartskunst","10":"first","11":"instock","12":"shipping-taxable","13":"product-type-external"},"_links":{"self":[{"href":"https:\/\/publikationen.zhdk.ch\/index.php?rest_route=\/wp\/v2\/product\/503","targetHints":{"allow":["GET"]}}],"collection":[{"href":"https:\/\/publikationen.zhdk.ch\/index.php?rest_route=\/wp\/v2\/product"}],"about":[{"href":"https:\/\/publikationen.zhdk.ch\/index.php?rest_route=\/wp\/v2\/types\/product"}],"version-history":[{"count":8,"href":"https:\/\/publikationen.zhdk.ch\/index.php?rest_route=\/wp\/v2\/product\/503\/revisions"}],"predecessor-version":[{"id":6223,"href":"https:\/\/publikationen.zhdk.ch\/index.php?rest_route=\/wp\/v2\/product\/503\/revisions\/6223"}],"wp:featuredmedia":[{"embeddable":true,"href":"https:\/\/publikationen.zhdk.ch\/index.php?rest_route=\/wp\/v2\/media\/505"}],"wp:attachment":[{"href":"https:\/\/publikationen.zhdk.ch\/index.php?rest_route=%2Fwp%2Fv2%2Fmedia&parent=503"}],"wp:term":[{"taxonomy":"product_brand","embeddable":true,"href":"https:\/\/publikationen.zhdk.ch\/index.php?rest_route=%2Fwp%2Fv2%2Fproduct_brand&post=503"},{"taxonomy":"product_cat","embeddable":true,"href":"https:\/\/publikationen.zhdk.ch\/index.php?rest_route=%2Fwp%2Fv2%2Fproduct_cat&post=503"},{"taxonomy":"product_tag","embeddable":true,"href":"https:\/\/publikationen.zhdk.ch\/index.php?rest_route=%2Fwp%2Fv2%2Fproduct_tag&post=503"}],"curies":[{"name":"wp","href":"https:\/\/api.w.org\/{rel}","templated":true}]}}