{"id":497,"date":"2019-04-13T18:01:02","date_gmt":"2019-04-13T16:01:02","guid":{"rendered":"http:\/\/publikationen.zhdk.ch\/?post_type=product&#038;p=497"},"modified":"2022-04-19T13:22:29","modified_gmt":"2022-04-19T11:22:29","slug":"die-lehrperson-als-coach","status":"publish","type":"product","link":"https:\/\/publikationen.zhdk.ch\/?product=die-lehrperson-als-coach","title":{"rendered":"Die Lehrperson als Coach | Peter Truniger"},"content":{"rendered":"<p>Zahlreiche Beispiele und Musterformulierungen illustrieren die Lernberatung von Gestaltenden &#8211; Elemente aus der systemischen Beratung und Theorie, der Humanistische Psychologie, dem Konstruktivismus und den Neurowissenschaften begr\u00fcnden sie.\u00a0Damit ist die Publikation eine anregende Handreichung f\u00fcr Lehrende an Hochschulen im Kontext von Kunst, Gestaltung und Design.<\/p>\n<p>ZHdK: Institute for Art Education (IAE)<\/p>\n","protected":false},"excerpt":{"rendered":"<p>K\u00fcnstlerische Prozesse kennzeichnen sich durch Intuition, Experiment und Individualit\u00e4t. Wie k\u00f6nnen Lehrende die iterativen Prozesse ihrer Studierenden bestm\u00f6glich begleiten? Und wie k\u00f6nnen Lernende die Eigenheiten ihrer Praktiken als Ressourcen begreifen?\u00a0Das Buch zeigt Haltungen, Strategien und Methoden eines zeitgem\u00e4ssen und unterst\u00fctzenden Dialogs mit Lernenden im gestalterischen Kontext auf, der &#8211; im Sinne eines Coachings von der k\u00fcnstlerischen Eigenst\u00e4ndigkeit und Probleml\u00f6sungskompetenz des Gegen\u00fcbers ausgeht.<\/p>\n<p>180 Seiten, Kopaed, 2019<br \/>\nISBN 978-3-96848-037-4 (2. korrigierte Auflage 2021)<\/p>\n","protected":false},"featured_media":499,"template":"","meta":[],"product_brand":[],"product_cat":[141,261],"product_tag":[],"class_list":{"0":"post-497","1":"product","2":"type-product","3":"status-publish","4":"has-post-thumbnail","6":"product_cat-iae","7":"product_cat-truniger-peter","9":"first","10":"instock","11":"shipping-taxable","12":"product-type-external"},"_links":{"self":[{"href":"https:\/\/publikationen.zhdk.ch\/index.php?rest_route=\/wp\/v2\/product\/497","targetHints":{"allow":["GET"]}}],"collection":[{"href":"https:\/\/publikationen.zhdk.ch\/index.php?rest_route=\/wp\/v2\/product"}],"about":[{"href":"https:\/\/publikationen.zhdk.ch\/index.php?rest_route=\/wp\/v2\/types\/product"}],"version-history":[{"count":6,"href":"https:\/\/publikationen.zhdk.ch\/index.php?rest_route=\/wp\/v2\/product\/497\/revisions"}],"predecessor-version":[{"id":4871,"href":"https:\/\/publikationen.zhdk.ch\/index.php?rest_route=\/wp\/v2\/product\/497\/revisions\/4871"}],"wp:featuredmedia":[{"embeddable":true,"href":"https:\/\/publikationen.zhdk.ch\/index.php?rest_route=\/wp\/v2\/media\/499"}],"wp:attachment":[{"href":"https:\/\/publikationen.zhdk.ch\/index.php?rest_route=%2Fwp%2Fv2%2Fmedia&parent=497"}],"wp:term":[{"taxonomy":"product_brand","embeddable":true,"href":"https:\/\/publikationen.zhdk.ch\/index.php?rest_route=%2Fwp%2Fv2%2Fproduct_brand&post=497"},{"taxonomy":"product_cat","embeddable":true,"href":"https:\/\/publikationen.zhdk.ch\/index.php?rest_route=%2Fwp%2Fv2%2Fproduct_cat&post=497"},{"taxonomy":"product_tag","embeddable":true,"href":"https:\/\/publikationen.zhdk.ch\/index.php?rest_route=%2Fwp%2Fv2%2Fproduct_tag&post=497"}],"curies":[{"name":"wp","href":"https:\/\/api.w.org\/{rel}","templated":true}]}}