{"id":4844,"date":"2021-07-21T09:59:00","date_gmt":"2021-07-21T07:59:00","guid":{"rendered":"https:\/\/publikationen.zhdk.ch\/?post_type=product&#038;p=4844"},"modified":"2022-04-20T16:26:39","modified_gmt":"2022-04-20T14:26:39","slug":"inaesthetics-1","status":"publish","type":"product","link":"https:\/\/publikationen.zhdk.ch\/?product=inaesthetics-1","title":{"rendered":"INAESTHETICS #1 Politics of Art | Tobias Huber und Marcus Steinweg (Hg.)"},"content":{"rendered":"<p>Oder setzt das Kunstwerk noch der Kritik und ihrem guten Gewissen Grenzen, die aus ihm eine riskante und vielleicht notwendig affirmative Praxis machen? Liegt der Sinn in diesen immer wieder mit dem Kunstwerk verbundenen Kategorien des Widerstands und der Subversion nicht auch in einer Art Selbstberuhigung, die es dem K\u00fcnstler und der K\u00fcnstlerin erlaubt, am politischen Spiel ohne wirklichen Einsatz teilzunehmen, sodass das politische Bewusstsein die Funktion einer uneingestandenen Entpolitisierung \u00fcbernimmt? Wie affirmativ muss ein Kunstwerk sein, um subversiv oder politisch sein zu k\u00f6nnen?<\/p>\n<p>\u00abDie Idee der Zeitschrift INAESTHETIK liegt in der Insistenz auf der Allianz oder der Freundschaft zweier unabh\u00e4ngiger Wahrheitsber\u00fchrungen: Kunst und Philosophie geh\u00f6ren zusammen, insofern sie ihre jeweilige Autonomie behaupten.\u00bb<\/p>\n<p>Mit Beitr\u00e4gen von Daniel Birnbaum, Sabeth Buchmann, Tania Bruguera, Maria Eichhorn, Michael Hirsch, Thomas Hirschhorn, Jacques Ranci\u00e8re, Peter Hallward, Frank Ruda, Jan V\u00f6lker, Marcus Steinweg, Slavoj Zizek, Wilfried Dickhoff.<\/p>\n<p>ZHdK: Institute for Contemporary Art Research (IFCAR)<\/p>\n","protected":false},"excerpt":{"rendered":"<p>Um das Thema \u00abPolitiken der Kunst\u00bb gruppieren sich die Texte der Nummer 1 der Zeitschrift INAESTHETIK. Gibt es einen politischen Auftrag des Kunstwerks? Wie bestimmt sich der Ort des Kunstwerks im sozialen Feld? Wie verhalten sich Kunstproduktion, Kunstkritik, Kunstwissenschaften und Philosophie zueinander? Ist Kunst zwingend kritisch: institutions-, markt- und ideologiekritisch?<\/p>\n<p>176 Seiten, Diaphanes, 2009<br \/>\nISBN 978-3-0-3734061-5<\/p>\n","protected":false},"featured_media":4848,"template":"","meta":[],"product_brand":[],"product_cat":[145,535,1464,537],"product_tag":[915,645],"class_list":{"0":"post-4844","1":"product","2":"type-product","3":"status-publish","4":"has-post-thumbnail","6":"product_cat-ifcar","7":"product_cat-dickhoff-wilfried","8":"product_cat-huber-tobias","9":"product_cat-steinweg-marcus","10":"product_tag-philosophie","11":"product_tag-politik","13":"first","14":"instock","15":"shipping-taxable","16":"product-type-external"},"_links":{"self":[{"href":"https:\/\/publikationen.zhdk.ch\/index.php?rest_route=\/wp\/v2\/product\/4844","targetHints":{"allow":["GET"]}}],"collection":[{"href":"https:\/\/publikationen.zhdk.ch\/index.php?rest_route=\/wp\/v2\/product"}],"about":[{"href":"https:\/\/publikationen.zhdk.ch\/index.php?rest_route=\/wp\/v2\/types\/product"}],"version-history":[{"count":1,"href":"https:\/\/publikationen.zhdk.ch\/index.php?rest_route=\/wp\/v2\/product\/4844\/revisions"}],"predecessor-version":[{"id":4850,"href":"https:\/\/publikationen.zhdk.ch\/index.php?rest_route=\/wp\/v2\/product\/4844\/revisions\/4850"}],"wp:featuredmedia":[{"embeddable":true,"href":"https:\/\/publikationen.zhdk.ch\/index.php?rest_route=\/wp\/v2\/media\/4848"}],"wp:attachment":[{"href":"https:\/\/publikationen.zhdk.ch\/index.php?rest_route=%2Fwp%2Fv2%2Fmedia&parent=4844"}],"wp:term":[{"taxonomy":"product_brand","embeddable":true,"href":"https:\/\/publikationen.zhdk.ch\/index.php?rest_route=%2Fwp%2Fv2%2Fproduct_brand&post=4844"},{"taxonomy":"product_cat","embeddable":true,"href":"https:\/\/publikationen.zhdk.ch\/index.php?rest_route=%2Fwp%2Fv2%2Fproduct_cat&post=4844"},{"taxonomy":"product_tag","embeddable":true,"href":"https:\/\/publikationen.zhdk.ch\/index.php?rest_route=%2Fwp%2Fv2%2Fproduct_tag&post=4844"}],"curies":[{"name":"wp","href":"https:\/\/api.w.org\/{rel}","templated":true}]}}