{"id":4691,"date":"2021-06-17T13:34:02","date_gmt":"2021-06-17T11:34:02","guid":{"rendered":"https:\/\/publikationen.zhdk.ch\/?post_type=product&#038;p=4691"},"modified":"2023-08-10T14:32:31","modified_gmt":"2023-08-10T12:32:31","slug":"datennaturen","status":"publish","type":"product","link":"https:\/\/publikationen.zhdk.ch\/?product=datennaturen","title":{"rendered":"Datennaturen | Philipp Fischer, Hannes Rickli et al. (Hg.)"},"content":{"rendered":"<p>Sp\u00e4testens seit den 1990er Jahren sind computergest\u00fctzte Technologien der Datenerzeugung und Datenanalyse zum festen Bestandteil der t\u00e4glichen Arbeit in der Biologie geworden. Das gilt nicht nur f\u00fcr die Genomik und ihre Ableger, es gilt ebenso f\u00fcr weniger beachtete Teilbereiche wie die \u00d6kologie. Noch wenig durchdacht worden ist, wie sich dadurch die Forschung praktisch ver\u00e4ndert hat. Welche Fraglichkeiten entwickeln sich um Daten, wie stark spielt die notwendige Infrastruktur in den Forschungsprozess hinein, welcher Status kommt Software und Algorithmen in der Erzeugung und Analyse von Daten zu?<\/p>\n<p>Diese Fragen haben die Biologen Philipp Fischer und Hans Hofmann, die Philosophin Gabriele Gramelsberger, der Wissenschaftshistoriker und Biologe Hans-J\u00f6rg Rheinberger, der Wissenschaftsforscher Christoph Hoffmann und der K\u00fcnstler Hannes Rickli im September 2016 zwei Tage lang diskutiert. In vier Kapiteln &#8211; &#171;Daten&#187;, &#171;Software&#187;, &#171;Infrastruktur&#187;, und &#171;in silico&#187; &#8211; werden die Bedingungen des Experimentierens im digitalen Raum besprochen. Die verschiedenen Perspektiven der Gespr\u00e4chspartner erg\u00e4nzen sich dabei. Nicht um die eine Sicht geht es, sondern im wechselseitigen Austausch um ein vertieftes Verst\u00e4ndnis der heutigen Grundlagen biologischer Forschung.<\/p>\n<p>ZHdK: Institute for Contemporary Art Research<\/p>\n","protected":false},"excerpt":{"rendered":"<p>Ein Gespr\u00e4ch zwischen Biologie, Kunst, Wissenschaftstheorie und -geschichte<br \/>\nPhilipp Fischer, Gabriele Gramelsberger, Christoph Hoffmann, Hans Hofmann, Hans-J\u00f6rg Rheinberger und Hannes Rickli (Hg.)<\/p>\n<p><a href=\"https:\/\/publikationen.zhdk.ch\/?product_cat=schriftenreihe-des-instituts-fuer-gegenwartskunst\">Schriftenreihe des Instituts f\u00fcr Gegenwartskunst<\/a> Band 22<\/p>\n<p>168 Seiten, Diaphanes, 2021<br \/>\nISBN 978-3-0358-0225-2<\/p>\n","protected":false},"featured_media":4693,"template":"","meta":[],"product_brand":[],"product_cat":[145,1433,507,489],"product_tag":[1429,1425,627,1427,1431],"class_list":{"0":"post-4691","1":"product","2":"type-product","3":"status-publish","4":"has-post-thumbnail","6":"product_cat-ifcar","7":"product_cat-fischer-philipp","8":"product_cat-rickli-hannes","9":"product_cat-schriftenreihe-des-instituts-fuer-gegenwartskunst","10":"product_tag-biologie","11":"product_tag-computer","12":"product_tag-kunst","13":"product_tag-technologie","14":"product_tag-wissenschaftstheorie","16":"first","17":"instock","18":"shipping-taxable","19":"product-type-external"},"_links":{"self":[{"href":"https:\/\/publikationen.zhdk.ch\/index.php?rest_route=\/wp\/v2\/product\/4691","targetHints":{"allow":["GET"]}}],"collection":[{"href":"https:\/\/publikationen.zhdk.ch\/index.php?rest_route=\/wp\/v2\/product"}],"about":[{"href":"https:\/\/publikationen.zhdk.ch\/index.php?rest_route=\/wp\/v2\/types\/product"}],"version-history":[{"count":4,"href":"https:\/\/publikationen.zhdk.ch\/index.php?rest_route=\/wp\/v2\/product\/4691\/revisions"}],"predecessor-version":[{"id":6245,"href":"https:\/\/publikationen.zhdk.ch\/index.php?rest_route=\/wp\/v2\/product\/4691\/revisions\/6245"}],"wp:featuredmedia":[{"embeddable":true,"href":"https:\/\/publikationen.zhdk.ch\/index.php?rest_route=\/wp\/v2\/media\/4693"}],"wp:attachment":[{"href":"https:\/\/publikationen.zhdk.ch\/index.php?rest_route=%2Fwp%2Fv2%2Fmedia&parent=4691"}],"wp:term":[{"taxonomy":"product_brand","embeddable":true,"href":"https:\/\/publikationen.zhdk.ch\/index.php?rest_route=%2Fwp%2Fv2%2Fproduct_brand&post=4691"},{"taxonomy":"product_cat","embeddable":true,"href":"https:\/\/publikationen.zhdk.ch\/index.php?rest_route=%2Fwp%2Fv2%2Fproduct_cat&post=4691"},{"taxonomy":"product_tag","embeddable":true,"href":"https:\/\/publikationen.zhdk.ch\/index.php?rest_route=%2Fwp%2Fv2%2Fproduct_tag&post=4691"}],"curies":[{"name":"wp","href":"https:\/\/api.w.org\/{rel}","templated":true}]}}