{"id":4386,"date":"2021-02-24T14:37:00","date_gmt":"2021-02-24T13:37:00","guid":{"rendered":"http:\/\/publikationen.zhdk.ch\/?post_type=product&#038;p=4386"},"modified":"2022-04-20T16:10:46","modified_gmt":"2022-04-20T14:10:46","slug":"kalkuel-und-kontingenz","status":"publish","type":"product","link":"https:\/\/publikationen.zhdk.ch\/?product=kalkuel-und-kontingenz","title":{"rendered":"Kalk\u00fcl und Kontingenz | Anne Gruber, Anna Sch\u00fcrch, Sascha Willenbacher, Carmen M\u00f6rsch, Mira Sack (Hg.)"},"content":{"rendered":"<p>Die in dieser Publikation versammelten Beitr\u00e4ge geben Auskunft zu diesen und weiteren Fragen. Sie sind das Ergebnis des mehrj\u00e4hrigen interdisziplin\u00e4ren, fachdidaktisch ausgerichteten Forschungsprojekts \u00abKalk\u00fcl und Kontingenz\u00bb, in dem Lehrer*innen des Fachs Bildnerisches Gestalten sowie Musik- und Theaterp\u00e4dagog*innen den eigenen Kunst- und Theaterunterricht zum Umgang mit Kontingenz untersuchten. Dabei bilden die Beitr\u00e4ge der forschenden Berufspraktiker*innen und des wissenschaftlichen Begleitteams die inhaltlich, sprachlich, methodisch und formal eigenst\u00e4ndigen Suchbewegungen der Beteiligten und die daraus resultierenden Erkenntnisse ab. Die Publikation richtet sich an Peers im Feld der schulischen, hochschulischen und ausserschulischen Vermittlungspraxis in den K\u00fcnsten sowie an Peers, die in diesen Feldern forschen.<\/p>\n<p>Autor*innen: Seraina D\u00fcr, Christin Glauser, Anne Gruber, Helen Hagenbuch, Simon Harder, Simon Kramer, Milena Meier, Sabine Mommartz, Carmen M\u00f6rsch, Roland Nyffeler, Anna Sch\u00fcrch, Eva Welter und Sascha Willenbacher<\/p>\n<p>Das vom Schweizerischen Nationalfonds gef\u00f6rderte, teambasierte Forschungsprojekt wurde von forschenden Berufspraktiker*innen mit wissenschaftlicher Begleitung am Institute for Art Education (IAE) der ZHdK (in Kooperation mit dem Studiengang Bachelor Theaterp\u00e4dagogik) realisiert.<\/p>\n<p>&nbsp;<\/p>\n","protected":false},"excerpt":{"rendered":"<p class=\"title\">Kunstbasierte Untersuchungen im Kunst- und Theaterunterricht<\/p>\n<p>Was bedeutet der bildungstheoretisch aufgeladene Begriff \u00abKontingenz\u00bb f\u00fcr das Unterrichten von Kunst und Theater an Schulen? Etwa, dass mit unvorhergesehenen Situationen zu rechnen ist? Oder dass Momente entstehen k\u00f6nnen sollen, die Unvorhersehbares zulassen? Oder bedeutet es anzuerkennen, dass jeder Kanon auch anders aussehen k\u00f6nnte und keine feste Basis darstellt? Dass Lehrer*innen und Theaterp\u00e4dagog*innen registrieren, wie ihre bisherigen Vorannahmen br\u00fcchig werden? Die in dieser Publikation versammelten Beitr\u00e4ge geben Auskunft zu diesen und weiteren Fragen.<\/p>\n<p>600 Seiten, Kopaed, 2020<br \/>\nISBN 978-3-86736-489-8<\/p>\n","protected":false},"featured_media":4392,"template":"","meta":[],"product_brand":[],"product_cat":[141,1344,269,579,1346,389],"product_tag":[1350,457,475,1348],"class_list":{"0":"post-4386","1":"product","2":"type-product","3":"status-publish","4":"has-post-thumbnail","6":"product_cat-iae","7":"product_cat-gruber-anna","8":"product_cat-moersch-carmen","9":"product_cat-sack-mira","10":"product_cat-schuerch-anna","11":"product_cat-willenbacher-sascha","12":"product_tag-kunstunterricht","13":"product_tag-kunstvermittlung","14":"product_tag-theaterpaedagogik","15":"product_tag-theaterunterricht","17":"first","18":"instock","19":"shipping-taxable","20":"product-type-external"},"_links":{"self":[{"href":"https:\/\/publikationen.zhdk.ch\/index.php?rest_route=\/wp\/v2\/product\/4386","targetHints":{"allow":["GET"]}}],"collection":[{"href":"https:\/\/publikationen.zhdk.ch\/index.php?rest_route=\/wp\/v2\/product"}],"about":[{"href":"https:\/\/publikationen.zhdk.ch\/index.php?rest_route=\/wp\/v2\/types\/product"}],"version-history":[{"count":4,"href":"https:\/\/publikationen.zhdk.ch\/index.php?rest_route=\/wp\/v2\/product\/4386\/revisions"}],"predecessor-version":[{"id":4408,"href":"https:\/\/publikationen.zhdk.ch\/index.php?rest_route=\/wp\/v2\/product\/4386\/revisions\/4408"}],"wp:featuredmedia":[{"embeddable":true,"href":"https:\/\/publikationen.zhdk.ch\/index.php?rest_route=\/wp\/v2\/media\/4392"}],"wp:attachment":[{"href":"https:\/\/publikationen.zhdk.ch\/index.php?rest_route=%2Fwp%2Fv2%2Fmedia&parent=4386"}],"wp:term":[{"taxonomy":"product_brand","embeddable":true,"href":"https:\/\/publikationen.zhdk.ch\/index.php?rest_route=%2Fwp%2Fv2%2Fproduct_brand&post=4386"},{"taxonomy":"product_cat","embeddable":true,"href":"https:\/\/publikationen.zhdk.ch\/index.php?rest_route=%2Fwp%2Fv2%2Fproduct_cat&post=4386"},{"taxonomy":"product_tag","embeddable":true,"href":"https:\/\/publikationen.zhdk.ch\/index.php?rest_route=%2Fwp%2Fv2%2Fproduct_tag&post=4386"}],"curies":[{"name":"wp","href":"https:\/\/api.w.org\/{rel}","templated":true}]}}