{"id":4208,"date":"2020-09-25T14:13:59","date_gmt":"2020-09-25T12:13:59","guid":{"rendered":"http:\/\/publikationen.zhdk.ch\/?post_type=product&#038;p=4208"},"modified":"2023-08-10T13:23:51","modified_gmt":"2023-08-10T11:23:51","slug":"kreativwirtschaft-bodensee","status":"publish","type":"product","link":"https:\/\/publikationen.zhdk.ch\/?product=kreativwirtschaft-bodensee","title":{"rendered":"Kreativwirtschaft Bodensee | Janine Schiller (Hg.) [PDF]"},"content":{"rendered":"<p>Erm\u00f6glicht wurde die Forschungsarbeit durch die Internationale Bodensee-Hochschule (IBH), die das Projekt finanziert hat, sowie die enge Zusammenarbeit zwischen der Z\u00fcrcher Hochschule der K\u00fcnste (ZHdK), des CreativeEconomies Research Ventures sowie der HTWG Konstanz \u2013 Hochschule f\u00fcr angewandte Wissenschaften. Das Statistische Amt des Kantons Z\u00fcrich beteiligte sich als Feldpartner am Projekt.<\/p>\n<p>Co-Kuratoren: Christoph Weckerle, Simon Grand<br \/>\nMitwirkende: Cyril Kennel, Lara Leuschen, Katharina Nill, Roman Page, Janine Schiller, Tatjana Thimm<br \/>\nHerausgeber: Janine Schiller<br \/>\nGrafiken: Lea Pfister, Ursina Landolt<\/p>\n<p>In deutscher Sprache mit englischem Summary<\/p>\n<p>ZHdK: Zurich Centre for Creative Economies (ZCCE)<\/p>\n","protected":false},"excerpt":{"rendered":"<p data-bind=\"html: title\">Wertsch\u00f6pfung zwischen Kultur, Wirtschaft und Technologie<\/p>\n<p>Der Bericht enth\u00e4lt eine F\u00fclle von Analysen, Fakten, Portr\u00e4ts, Zahlen, Vergleichen und Mappings, durch die er ein facettenreiches Bild im Grenzgebiet von Deutschland, \u00d6sterreich, der Schweiz und Liechtenstein zeichnet. Damit wird erstmals die regionale Bedeutung der Creative Economies in der Bodenseeregion aufgezeigt und in ihren europ\u00e4ischen Kontext gestellt.<\/p>\n<p><a href=\"https:\/\/publikationen.zhdk.ch\/?product_cat=creative-economies-reports\">Creative Economies Report<\/a> 2019<\/p>\n<p>74 Seiten (PDF), Z\u00fcrcher Hochschule der K\u00fcnste, 2019<\/p>\n<p>&nbsp;<\/p>\n","protected":false},"featured_media":4294,"template":"","meta":[],"product_brand":[],"product_cat":[1256,1242,1258,221,1514,1246,1248,960,1014,1252,958,1244],"product_tag":[1260,1264,1274,1262],"class_list":{"0":"post-4208","1":"product","2":"type-product","3":"status-publish","4":"has-post-thumbnail","6":"product_cat-creative-economies","7":"product_cat-creative-economies-reports","8":"product_cat-cultural-analysis","9":"product_cat-e-books","10":"product_cat-e-publikationen","11":"product_cat-grand-simon","12":"product_cat-kennel-cyril","13":"product_cat-nill-katharina","14":"product_cat-open-access","15":"product_cat-page-roman","16":"product_cat-schiller-janine","17":"product_cat-weckerle-christoph","18":"product_tag-bodenseeregion","19":"product_tag-kreativwirtschaft","20":"product_tag-kulturwirtschaft","21":"product_tag-wirtschaft","23":"first","24":"instock","25":"shipping-taxable","26":"product-type-external"},"_links":{"self":[{"href":"https:\/\/publikationen.zhdk.ch\/index.php?rest_route=\/wp\/v2\/product\/4208","targetHints":{"allow":["GET"]}}],"collection":[{"href":"https:\/\/publikationen.zhdk.ch\/index.php?rest_route=\/wp\/v2\/product"}],"about":[{"href":"https:\/\/publikationen.zhdk.ch\/index.php?rest_route=\/wp\/v2\/types\/product"}],"version-history":[{"count":4,"href":"https:\/\/publikationen.zhdk.ch\/index.php?rest_route=\/wp\/v2\/product\/4208\/revisions"}],"predecessor-version":[{"id":6089,"href":"https:\/\/publikationen.zhdk.ch\/index.php?rest_route=\/wp\/v2\/product\/4208\/revisions\/6089"}],"wp:featuredmedia":[{"embeddable":true,"href":"https:\/\/publikationen.zhdk.ch\/index.php?rest_route=\/wp\/v2\/media\/4294"}],"wp:attachment":[{"href":"https:\/\/publikationen.zhdk.ch\/index.php?rest_route=%2Fwp%2Fv2%2Fmedia&parent=4208"}],"wp:term":[{"taxonomy":"product_brand","embeddable":true,"href":"https:\/\/publikationen.zhdk.ch\/index.php?rest_route=%2Fwp%2Fv2%2Fproduct_brand&post=4208"},{"taxonomy":"product_cat","embeddable":true,"href":"https:\/\/publikationen.zhdk.ch\/index.php?rest_route=%2Fwp%2Fv2%2Fproduct_cat&post=4208"},{"taxonomy":"product_tag","embeddable":true,"href":"https:\/\/publikationen.zhdk.ch\/index.php?rest_route=%2Fwp%2Fv2%2Fproduct_tag&post=4208"}],"curies":[{"name":"wp","href":"https:\/\/api.w.org\/{rel}","templated":true}]}}