{"id":4184,"date":"2020-08-31T15:20:44","date_gmt":"2020-08-31T13:20:44","guid":{"rendered":"http:\/\/publikationen.zhdk.ch\/?post_type=product&#038;p=4184"},"modified":"2023-08-10T11:09:10","modified_gmt":"2023-08-10T09:09:10","slug":"sinn-und-sinne-im-tanz","status":"publish","type":"product","link":"https:\/\/publikationen.zhdk.ch\/?product=sinn-und-sinne-im-tanz","title":{"rendered":"Sinn und Sinne im Tanz | Margrit Bischof, Friederike Lampert (Hg.)"},"content":{"rendered":"<p>Dieses gtf-Jahrbuch entstand in Zusammenarbeit mit dem Institute for the Performing Arts and Film (IPF) der Z\u00fcrcher Hochschule der K\u00fcnste.<\/p>\n","protected":false},"excerpt":{"rendered":"<p>Perspektiven aus Kunst und Wissenschaft<br \/>\nJahrbuch TanzForschung 2020<\/p>\n<p>\u00c4hnlich und doch verschieden: Sinn und Sinne im Tanz. Sinn steht f\u00fcr Sinnhaftes, f\u00fcr Einsicht und Vernunft \u2013 und mit Sinne wird alles Sinnliche, wird Erfahrung und Wahrnehmung verbunden. Tanz macht Sinn, Tanz ist Sinnlichkeit. Aus der Reibung dieser beiden Pole entstehen f\u00fcr den k\u00fcnstlerischen Tanz wie auch f\u00fcr deren Erforschung neuartige Ans\u00e4tze. Das im K\u00f6rper gespeicherte Wissen spielt dabei eine bedeutende Rolle. Aus der Perspektive unterschiedlicher Autor*innen aus Kunst und Wissenschaft werden Wege aufgezeigt, wie aus verschiedenen Situationen neuartige Zug\u00e4nge zu k\u00fcnstlerischer, forschender und vermittelnder Praxis entspringen k\u00f6nnen.<\/p>\n<p><a href=\"https:\/\/publikationen.zhdk.ch\/?product_cat=subtexte\">subTexte<\/a> 20<\/p>\n<p>332 Seiten, transcript, 2020<br \/>\nISBN <span class=\"entry--content\" data-flyer=\"isbn\">978-3-8376-5340-3<\/span><\/p>\n","protected":false},"featured_media":4188,"template":"","meta":[],"product_brand":[],"product_cat":[1236,1238,157,569],"product_tag":[1232,1234,1222,861,1230,1214,1228,1226,483,1218,1220,1216,1224],"class_list":{"0":"post-4184","1":"product","2":"type-product","3":"status-publish","4":"has-post-thumbnail","6":"product_cat-bischof-margrit","7":"product_cat-lampert-friederike","8":"product_cat-ipf","9":"product_cat-subtexte","10":"product_tag-choreografie","11":"product_tag-koerper","12":"product_tag-koerperwissen","13":"product_tag-kuenstlerische-forschung","14":"product_tag-sensualitaet","15":"product_tag-sinn","16":"product_tag-sinnhaftigkeit","17":"product_tag-sinnlichkeit","18":"product_tag-tanz","19":"product_tag-tanzforschung","20":"product_tag-tanzkunst","21":"product_tag-tanzwissenschaft","22":"product_tag-verkoerperung","24":"first","25":"instock","26":"shipping-taxable","27":"product-type-external"},"_links":{"self":[{"href":"https:\/\/publikationen.zhdk.ch\/index.php?rest_route=\/wp\/v2\/product\/4184","targetHints":{"allow":["GET"]}}],"collection":[{"href":"https:\/\/publikationen.zhdk.ch\/index.php?rest_route=\/wp\/v2\/product"}],"about":[{"href":"https:\/\/publikationen.zhdk.ch\/index.php?rest_route=\/wp\/v2\/types\/product"}],"version-history":[{"count":2,"href":"https:\/\/publikationen.zhdk.ch\/index.php?rest_route=\/wp\/v2\/product\/4184\/revisions"}],"predecessor-version":[{"id":5985,"href":"https:\/\/publikationen.zhdk.ch\/index.php?rest_route=\/wp\/v2\/product\/4184\/revisions\/5985"}],"wp:featuredmedia":[{"embeddable":true,"href":"https:\/\/publikationen.zhdk.ch\/index.php?rest_route=\/wp\/v2\/media\/4188"}],"wp:attachment":[{"href":"https:\/\/publikationen.zhdk.ch\/index.php?rest_route=%2Fwp%2Fv2%2Fmedia&parent=4184"}],"wp:term":[{"taxonomy":"product_brand","embeddable":true,"href":"https:\/\/publikationen.zhdk.ch\/index.php?rest_route=%2Fwp%2Fv2%2Fproduct_brand&post=4184"},{"taxonomy":"product_cat","embeddable":true,"href":"https:\/\/publikationen.zhdk.ch\/index.php?rest_route=%2Fwp%2Fv2%2Fproduct_cat&post=4184"},{"taxonomy":"product_tag","embeddable":true,"href":"https:\/\/publikationen.zhdk.ch\/index.php?rest_route=%2Fwp%2Fv2%2Fproduct_tag&post=4184"}],"curies":[{"name":"wp","href":"https:\/\/api.w.org\/{rel}","templated":true}]}}