{"id":3843,"date":"2019-12-18T17:45:28","date_gmt":"2019-12-18T16:45:28","guid":{"rendered":"http:\/\/publikationen.zhdk.ch\/?post_type=product&#038;p=3843"},"modified":"2023-08-10T13:01:45","modified_gmt":"2023-08-10T11:01:45","slug":"zeichen-momente","status":"publish","type":"product","link":"https:\/\/publikationen.zhdk.ch\/?product=zeichen-momente","title":{"rendered":"Zeichen \/ Momente. Vergegenw\u00e4rtigungen in Kunst und Kulturanalyse | Sigrid Adorf, Kathrin Heinz (Hg.)"},"content":{"rendered":"<p>Mit Beitr\u00e4gen von Mieke Bal, Kerstin Brandes, Vera Frenkel, Sabine Gebhardt Fink, Insa H\u00e4rtel, Karin Harrasser, Kornelia Imesch, Carmen M\u00f6rsch, Irene Nierhaus, Griselda Pollock, Dorothee Richter, Steffen A. Schmidt, Philip Ursprung und Silke Wenk.<\/p>\n<p><span class=\"description\">ZHdK: Institute for Cultural Studies in the Arts (ICS)<\/span><\/p>\n","protected":false},"excerpt":{"rendered":"<div class=\"product--description flyer\" data-flyer=\"description\">\n<p class=\"short\"><i>Wie<\/i> m\u00fcssen wir zur\u00fcckschauen, um <i>Was<\/i> sehen zu k\u00f6nnen und dar\u00fcber unseren Blick f\u00fcr das Gegenw\u00e4rtige und Kommende zu sch\u00e4rfen?<\/p>\n<p>Die Beitr\u00e4ge des Bandes, der zu Ehren von Sigrid Schade erscheint, beziehen sich auf vielschichtige Diskursgeschichten an den Schnittstellen von Kunst-, Kultur- und Medienwissenschaften. Sie beleuchten k\u00fcnstlerische, kulturelle und soziale Praktiken und Ordnungen als Aushandlungsort komplexer Bedeutungs- und Beziehungsgef\u00fcge.<\/p>\n<p><a href=\"https:\/\/publikationen.zhdk.ch\/?product_cat=studien-zur-visuellen-kultur\">Studien zur visuellen Kultur<\/a> Band 24<\/p>\n<p>286 Seiten, transcript, 2019<br \/>\nISBN <span class=\"entry--content\" data-flyer=\"isbn\">978-3-8376-4204-9<\/span><\/p>\n<p>&nbsp;<\/p>\n<\/div>\n","protected":false},"featured_media":3845,"template":"","meta":[],"product_brand":[],"product_cat":[695,151,683,665],"product_tag":[1133,1135],"class_list":{"0":"post-3843","1":"product","2":"type-product","3":"status-publish","4":"has-post-thumbnail","6":"product_cat-adorf-sigrid","7":"product_cat-ics","8":"product_cat-heinz-kathrin","9":"product_cat-studien-zur-visuellen-kultur","10":"product_tag-kulturanalyse","11":"product_tag-visuelle-kultur","13":"first","14":"instock","15":"shipping-taxable","16":"product-type-external"},"_links":{"self":[{"href":"https:\/\/publikationen.zhdk.ch\/index.php?rest_route=\/wp\/v2\/product\/3843","targetHints":{"allow":["GET"]}}],"collection":[{"href":"https:\/\/publikationen.zhdk.ch\/index.php?rest_route=\/wp\/v2\/product"}],"about":[{"href":"https:\/\/publikationen.zhdk.ch\/index.php?rest_route=\/wp\/v2\/types\/product"}],"version-history":[{"count":3,"href":"https:\/\/publikationen.zhdk.ch\/index.php?rest_route=\/wp\/v2\/product\/3843\/revisions"}],"predecessor-version":[{"id":6031,"href":"https:\/\/publikationen.zhdk.ch\/index.php?rest_route=\/wp\/v2\/product\/3843\/revisions\/6031"}],"wp:featuredmedia":[{"embeddable":true,"href":"https:\/\/publikationen.zhdk.ch\/index.php?rest_route=\/wp\/v2\/media\/3845"}],"wp:attachment":[{"href":"https:\/\/publikationen.zhdk.ch\/index.php?rest_route=%2Fwp%2Fv2%2Fmedia&parent=3843"}],"wp:term":[{"taxonomy":"product_brand","embeddable":true,"href":"https:\/\/publikationen.zhdk.ch\/index.php?rest_route=%2Fwp%2Fv2%2Fproduct_brand&post=3843"},{"taxonomy":"product_cat","embeddable":true,"href":"https:\/\/publikationen.zhdk.ch\/index.php?rest_route=%2Fwp%2Fv2%2Fproduct_cat&post=3843"},{"taxonomy":"product_tag","embeddable":true,"href":"https:\/\/publikationen.zhdk.ch\/index.php?rest_route=%2Fwp%2Fv2%2Fproduct_tag&post=3843"}],"curies":[{"name":"wp","href":"https:\/\/api.w.org\/{rel}","templated":true}]}}