{"id":3817,"date":"2019-12-18T09:13:54","date_gmt":"2019-12-18T08:13:54","guid":{"rendered":"http:\/\/publikationen.zhdk.ch\/?post_type=product&#038;p=3817"},"modified":"2023-02-02T13:25:19","modified_gmt":"2023-02-02T12:25:19","slug":"wind-tunnel-bulletin","status":"publish","type":"product","link":"https:\/\/publikationen.zhdk.ch\/?product=wind-tunnel-bulletin","title":{"rendered":"Wind Tunnel Bulletin | Forschungsschwerpunkt Transdisziplinarit\u00e4t (Hg.)"},"content":{"rendered":"\r\n<p>The &#8218;Wind Tunnel Bulletin&#8216; is produced by the Research Focus in Transdisciplinarity of the Zurich University of the Arts to share material that we find interesting. Following our concept of a man-engine (Fahrkunst), it is alternately edited by one half of the group with their different backgrounds either in the arts or in the humanities.<\/p>\r\n<p>Florian Dombois, Sibylle Boppart, Kaspar K\u00f6nig, Sarine Waltensp\u00fcl <br \/>Alumni: Haseeb Ahmed, Julie Harboe, Mirjam Steiner, Reinhard Wendler\u00a0<\/p>\r\n<p>Printed copies of the journal can be acquired from the Research Focus of Transdisciplinarity (please send your orders via <a title=\"Opens external link in new window\">email to the secretariat<\/a>) or from the following distributors: <a href=\"https:\/\/printedmatter.org\/catalog\/artists\/26938\">Printed Matter, Inc. (New York)<\/a>; <a href=\"https:\/\/www.pro-qm.de\/\">Buchhandlung Pro qm (Berlin)<\/a>; <a href=\"https:\/\/www.buchhandlung-walther-koenig.de\/koenig2\">Buchhandlung Walther K\u00f6nig (K\u00f6ln)<\/a>.<\/p>\r\n","protected":false},"excerpt":{"rendered":"<p>Das <em>Wind Tunnel Bulletin<\/em> wird vom Forschungsschwerpunkt Transdiziplinarit\u00e4t produziert und herausgegeben, um Materialien aus der eigenen Forschung zu teilen, die wir f\u00fcr interessant halten. Dabei geht es darum, die Materialien nur so weit zu verdichten, dass sie disziplin\u00e4r uneindeutig bleiben. Wir nennen das \u00abproto-disziplin\u00e4r\u00bb oder auch \u00abnot-yet art\u00bb, weil wir davon ausgehen, dass Forschungsergebnisse f\u00fcr alle verf\u00fcgbar sein sollen und dass das im Falle der Kunst bedeuten kann, dass andere K\u00fcnstler*innen mit unseren Materialien neue Werke schaffen.<\/p>\n","protected":false},"featured_media":5616,"template":"","meta":[],"product_brand":[],"product_cat":[367,1514,1516,1014,159,667],"product_tag":[1131,1129],"class_list":{"0":"post-3817","1":"product","2":"type-product","3":"status-publish","4":"has-post-thumbnail","6":"product_cat-dombois-florian","7":"product_cat-e-publikationen","8":"product_cat-online-publikationen","9":"product_cat-open-access","10":"product_cat-fspt","11":"product_cat-zeitschriften-bulletins","12":"product_tag-transdiszipinaritaet","13":"product_tag-zeitschrift","15":"first","16":"instock","17":"shipping-taxable","18":"product-type-external"},"_links":{"self":[{"href":"https:\/\/publikationen.zhdk.ch\/index.php?rest_route=\/wp\/v2\/product\/3817","targetHints":{"allow":["GET"]}}],"collection":[{"href":"https:\/\/publikationen.zhdk.ch\/index.php?rest_route=\/wp\/v2\/product"}],"about":[{"href":"https:\/\/publikationen.zhdk.ch\/index.php?rest_route=\/wp\/v2\/types\/product"}],"version-history":[{"count":8,"href":"https:\/\/publikationen.zhdk.ch\/index.php?rest_route=\/wp\/v2\/product\/3817\/revisions"}],"predecessor-version":[{"id":5704,"href":"https:\/\/publikationen.zhdk.ch\/index.php?rest_route=\/wp\/v2\/product\/3817\/revisions\/5704"}],"wp:featuredmedia":[{"embeddable":true,"href":"https:\/\/publikationen.zhdk.ch\/index.php?rest_route=\/wp\/v2\/media\/5616"}],"wp:attachment":[{"href":"https:\/\/publikationen.zhdk.ch\/index.php?rest_route=%2Fwp%2Fv2%2Fmedia&parent=3817"}],"wp:term":[{"taxonomy":"product_brand","embeddable":true,"href":"https:\/\/publikationen.zhdk.ch\/index.php?rest_route=%2Fwp%2Fv2%2Fproduct_brand&post=3817"},{"taxonomy":"product_cat","embeddable":true,"href":"https:\/\/publikationen.zhdk.ch\/index.php?rest_route=%2Fwp%2Fv2%2Fproduct_cat&post=3817"},{"taxonomy":"product_tag","embeddable":true,"href":"https:\/\/publikationen.zhdk.ch\/index.php?rest_route=%2Fwp%2Fv2%2Fproduct_tag&post=3817"}],"curies":[{"name":"wp","href":"https:\/\/api.w.org\/{rel}","templated":true}]}}