{"id":3770,"date":"2019-12-02T15:01:02","date_gmt":"2019-12-02T14:01:02","guid":{"rendered":"http:\/\/publikationen.zhdk.ch\/?post_type=product&#038;p=3770"},"modified":"2022-04-20T15:22:15","modified_gmt":"2022-04-20T13:22:15","slug":"kein-stil","status":"publish","type":"product","link":"https:\/\/publikationen.zhdk.ch\/?product=kein-stil","title":{"rendered":"Kein Stil | Peter Vetter, Katharina Leuenberger, Meike Eckstein"},"content":{"rendered":"<p>Aus der intensiven Lehrt\u00e4tigkeit von 1918 bis 1956 sind sehr unterschiedliche Gestalterinnen und Gestalter hervorgegangen. Es sind dies die Protagonisten der neuen Grafik wie Richard Paul Lohse, Josef M\u00fcller-Brockmann und Carlo Vivarelli oder verschiedenste illustrativ-k\u00fcnstlerische Talente wie Heiri Steiner, Lora Lamm oder K. Domenic Geissb\u00fchler und innovative Gestalter wie Hermann Eidenbenz oder G\u00e9rard Miedinger. Wissenschaftliche Illustratoren wie H.P. Weber oder der Karikaturist H.U. Steger. Einen anderen Schwerpunkt bilden Gestalter mit internationaler Lehrt\u00e4tigkeit wie Pierre Gauchat, Walter K\u00e4ch, Robert Sessler, Fred Troller, Josef M\u00fcller-Brockmann und andere. Diese Vielfalt der Talente dokumentiert eindrucksvoll die Offenheit, Nachhaltigkeit und jede Dogmatik negierende Lehrt\u00e4tigkeit von Ernst Keller.<\/p>\n<p>Texte: Rudolf Barmettler, Meike Eckstein, Katharina Leuenberger, Peter Vetter<\/p>\n","protected":false},"excerpt":{"rendered":"<p>Ernst Keller (1891-1968). Lehrer und Pionier des Swiss Style<\/p>\n<p>Verschiedentlich und insbesondere in den USA, wird in der Geschichtsschreibung des Graphic Design auf Ernst Keller als Vater des sogenannten Swiss Style, sp\u00e4ter International Typographic Style, hingewiesen. Diese Tatsache gr\u00fcndet auf der grossen Anzahl von Keller-Sch\u00fclern, die sp\u00e4ter diesen Swiss Style gepr\u00e4gt und ber\u00fchmt gemacht haben. Die Leistung von Keller wird einzig durch sein Oeuvre, vor allem seine Plakatgestaltung oder seine Besch\u00e4ftigung im Zusammenhang mit Schrift- und Grafik in der Architektur, gew\u00fcrdigt.<\/p>\n<p>Fundamental jedoch ist Ernst Kellers Beitrag zur Entwicklung von innovativen, nicht akademischen didaktischen Prinzipien in der Gestaltungsausbildung. Seine Lehrt\u00e4tigkeit ab 1918 kann als eines der weltweit ersten systematischen Ausbildungsprogramme f\u00fcr Graphic Design definiert werden.<\/p>\n<p>253 Seiten, Triest Verlag, 2017<br \/>\nISBN 978-3-0-3863022-7<\/p>\n<p>&nbsp;<\/p>\n","protected":false},"featured_media":3774,"template":"","meta":[],"product_brand":[],"product_cat":[1116,153,1114,1112,1110],"product_tag":[1108,821,1100,1098,1106,1102,1104],"class_list":{"0":"post-3770","1":"product","2":"type-product","3":"status-publish","4":"has-post-thumbnail","6":"product_cat-barmettler-rudolf","7":"product_cat-design","8":"product_cat-eckstein-meike","9":"product_cat-leuenberger-katharina","10":"product_cat-vetter-peter","11":"product_tag-architektur","12":"product_tag-design","13":"product_tag-ernst-keller","14":"product_tag-graphic-design","15":"product_tag-schrift","16":"product_tag-swiss-style","17":"product_tag-typografie","19":"first","20":"instock","21":"shipping-taxable","22":"product-type-external"},"_links":{"self":[{"href":"https:\/\/publikationen.zhdk.ch\/index.php?rest_route=\/wp\/v2\/product\/3770","targetHints":{"allow":["GET"]}}],"collection":[{"href":"https:\/\/publikationen.zhdk.ch\/index.php?rest_route=\/wp\/v2\/product"}],"about":[{"href":"https:\/\/publikationen.zhdk.ch\/index.php?rest_route=\/wp\/v2\/types\/product"}],"version-history":[{"count":4,"href":"https:\/\/publikationen.zhdk.ch\/index.php?rest_route=\/wp\/v2\/product\/3770\/revisions"}],"predecessor-version":[{"id":3784,"href":"https:\/\/publikationen.zhdk.ch\/index.php?rest_route=\/wp\/v2\/product\/3770\/revisions\/3784"}],"wp:featuredmedia":[{"embeddable":true,"href":"https:\/\/publikationen.zhdk.ch\/index.php?rest_route=\/wp\/v2\/media\/3774"}],"wp:attachment":[{"href":"https:\/\/publikationen.zhdk.ch\/index.php?rest_route=%2Fwp%2Fv2%2Fmedia&parent=3770"}],"wp:term":[{"taxonomy":"product_brand","embeddable":true,"href":"https:\/\/publikationen.zhdk.ch\/index.php?rest_route=%2Fwp%2Fv2%2Fproduct_brand&post=3770"},{"taxonomy":"product_cat","embeddable":true,"href":"https:\/\/publikationen.zhdk.ch\/index.php?rest_route=%2Fwp%2Fv2%2Fproduct_cat&post=3770"},{"taxonomy":"product_tag","embeddable":true,"href":"https:\/\/publikationen.zhdk.ch\/index.php?rest_route=%2Fwp%2Fv2%2Fproduct_tag&post=3770"}],"curies":[{"name":"wp","href":"https:\/\/api.w.org\/{rel}","templated":true}]}}