{"id":2928,"date":"2019-05-22T15:13:37","date_gmt":"2019-05-22T13:13:37","guid":{"rendered":"http:\/\/publikationen.zhdk.ch\/?post_type=product&#038;p=2928"},"modified":"2022-04-20T15:19:07","modified_gmt":"2022-04-20T13:19:07","slug":"freischaffen-und-freelancen-in-der-schweiz","status":"publish","type":"product","link":"https:\/\/publikationen.zhdk.ch\/?product=freischaffen-und-freelancen-in-der-schweiz","title":{"rendered":"Freischaffen und Freelancen in der Schweiz | Brigitte Liebig, Pietro Morandi (Hg.)"},"content":{"rendered":"<p>Die Publikation wendet sich in erster Linie an Mitglieder der Branchen, die in diesem Strukturwandel eine f\u00fchrende Rolle spielen: die Medien-, IT- und Kreativbranche. Doch handelt es sich hierbei keineswegs um exotische Nischen der Arbeitsgesellschaft, sondern um Vorreiter einer Entwicklung, die zunehmend zum Mainstream der Arbeitsgesellschaft wird. So ist die Publikation f\u00fcr alle interessant, die sich Gedanken dar\u00fcber machen wollen, wie das Verh\u00e4ltnis zwischen Leben und Arbeiten neu zu bestimmen und zu organisieren ist.<\/p>\n<p>ZHdK: Zentrum f\u00fcr Kulturrecht (ZKR)<\/p>\n","protected":false},"excerpt":{"rendered":"<p class=\"title\">Handbuch f\u00fcr Medien, IT und Kunst\/Kultur<\/p>\n<p>Solo-Selbst\u00e4ndige, Freischaffende, Freelancer, Alleindienstleister sind Vorboten eines umfassenden Strukturwandels der Wirtschaft. Sie repr\u00e4sentieren den Arbeits- und Lebensstil der Zukunft. Einige Erwerbst\u00e4tige machen sich selbst\u00e4ndig, um dem Korsett der fordistischen Arbeitsorganisation zu entkommen andere m\u00fcssen es, weil die klassische Festanstellung ein Auslaufmodell geworden ist. Die Beitr\u00e4ge in diesem Buch werfen Schlaglichter auf wesentliche Transformationsprozesse der Arbeitsgesellschaft. Kompetenzfelder und Erwerbs- und Risikostrategien, Chancen und Risiken der Selbst\u00e4ndigkeit, Erfahrungsberichte und Karrieren von Selbst\u00e4ndigen kommen zur Sprache.<\/p>\n<p>182 Seiten, vdf Hochschulverlag, 2010<br \/>\nISBN 978-3-7281-3291-8<\/p>\n","protected":false},"featured_media":2930,"template":"","meta":[],"product_brand":[],"product_cat":[147,447,449],"product_tag":[1026,1024,1022],"class_list":{"0":"post-2928","1":"product","2":"type-product","3":"status-publish","4":"has-post-thumbnail","6":"product_cat-zfr","7":"product_cat-liebig-brigitte","8":"product_cat-morandi-pietro","9":"product_tag-arbeit","10":"product_tag-freelancen","11":"product_tag-selbstaendigkeit","13":"first","14":"instock","15":"shipping-taxable","16":"product-type-external"},"_links":{"self":[{"href":"https:\/\/publikationen.zhdk.ch\/index.php?rest_route=\/wp\/v2\/product\/2928","targetHints":{"allow":["GET"]}}],"collection":[{"href":"https:\/\/publikationen.zhdk.ch\/index.php?rest_route=\/wp\/v2\/product"}],"about":[{"href":"https:\/\/publikationen.zhdk.ch\/index.php?rest_route=\/wp\/v2\/types\/product"}],"version-history":[{"count":3,"href":"https:\/\/publikationen.zhdk.ch\/index.php?rest_route=\/wp\/v2\/product\/2928\/revisions"}],"predecessor-version":[{"id":2960,"href":"https:\/\/publikationen.zhdk.ch\/index.php?rest_route=\/wp\/v2\/product\/2928\/revisions\/2960"}],"wp:featuredmedia":[{"embeddable":true,"href":"https:\/\/publikationen.zhdk.ch\/index.php?rest_route=\/wp\/v2\/media\/2930"}],"wp:attachment":[{"href":"https:\/\/publikationen.zhdk.ch\/index.php?rest_route=%2Fwp%2Fv2%2Fmedia&parent=2928"}],"wp:term":[{"taxonomy":"product_brand","embeddable":true,"href":"https:\/\/publikationen.zhdk.ch\/index.php?rest_route=%2Fwp%2Fv2%2Fproduct_brand&post=2928"},{"taxonomy":"product_cat","embeddable":true,"href":"https:\/\/publikationen.zhdk.ch\/index.php?rest_route=%2Fwp%2Fv2%2Fproduct_cat&post=2928"},{"taxonomy":"product_tag","embeddable":true,"href":"https:\/\/publikationen.zhdk.ch\/index.php?rest_route=%2Fwp%2Fv2%2Fproduct_tag&post=2928"}],"curies":[{"name":"wp","href":"https:\/\/api.w.org\/{rel}","templated":true}]}}