{"id":2308,"date":"2019-05-07T16:13:32","date_gmt":"2019-05-07T14:13:32","guid":{"rendered":"http:\/\/publikationen.zhdk.ch\/?post_type=product&#038;p=2308"},"modified":"2022-04-19T19:58:57","modified_gmt":"2022-04-19T17:58:57","slug":"holy-shit","status":"publish","type":"product","link":"https:\/\/publikationen.zhdk.ch\/?product=holy-shit","title":{"rendered":"Holy Shit | Michael Mettler, Basil Rogger, Peter Weber, Ruedi Widmer, Stefan Zweifel (Hg.)"},"content":{"rendered":"<p>Mit Essays von Hartmut B\u00f6hme, Elisabeth Bronfen, Diedrich Diederichsen, Michel Mettler, Franziska Nyffenegger, Peter Weber, Sigrid Weigel und Stefan Zweifel.<\/p>\n<p>ZHdK: <span class=\"st\">Master Art Education, Kulturpublizistik<\/span><\/p>\n<p>&nbsp;<\/p>\n","protected":false},"excerpt":{"rendered":"<p>Im Jahr 1929 arbeitete Georges Bataille in Paris mit Michel Leiris, Carl Einstein und Georges-Henri Rivi\u00e8re am Konzept von \u00bbDocuments\u00ab. Es entstand eine Zeitschrift, in der Bilder des Hohen und des Niederen in der Kultur miteinander kollidierten und kommunizierten. Die darin liegende Befragung des Kulturbegriffs war auch ein Anliegen des in Hamburg arbeitenden Aby Warburg. Carl Einstein nahm deshalb Kontakt mit Fritz Saxl und Erwin Panofsky von der Bibliothek Warburg auf, um letztere zu einer Mitarbeit an \u00bbDocuments\u00ab einzuladen. Aus dem vertiefenden Studium dieses Briefwechsels ergibt sich, dass die Begegnung von Batailles \u00bbDocuments\u00ab und Warburgs \u00bbAtlas Mnemosyne\u00ab innerhalb einer gemeinsamen Ausstellung als eine fast zwingende Konsequenz im Raum stand. Durch den Tod von Aby Warburg am 26. Oktober 1929 zerschlugen sich diese Pl\u00e4ne. Die vorliegende Publikation rekonstruiert die verschollene Ausstellung und erweitert sie um vier auf die Gegenwart bezogene R\u00e4ume (Theodrom, Kosmodrom, Technodrom, Soziodrom). Darin wird deutlich, dass ein zeitgem\u00e4\u00dfer Umgang mit globalisierter Kultur an der durch Warburg und Bataille angesto\u00dfenen Bild-Strategie eines radikalen Neu-Konstellierens von Fremdem und Eigenem, Primitivem und Avanciertem, Wissen und Unbewusstem \u2013 und somit eines Operierens im und am eigenen Auge \u2013 nicht vorbeikommt.<\/p>\n<p>Korrespondenzen Nr. 6<\/p>\n<p>260 Seiten, Diaphanes, 2016<br \/>\nISBN 978-3-03734928-1<\/p>\n","protected":false},"featured_media":2312,"template":"","meta":[],"product_brand":[],"product_cat":[141,1000,1002,1004,972,1006],"product_tag":[],"class_list":{"0":"post-2308","1":"product","2":"type-product","3":"status-publish","4":"has-post-thumbnail","6":"product_cat-iae","7":"product_cat-mettler-michael","8":"product_cat-rogger-basil","9":"product_cat-weber-peter","10":"product_cat-widmer-ruedi","11":"product_cat-zweifel-stefan","13":"first","14":"instock","15":"shipping-taxable","16":"product-type-external"},"_links":{"self":[{"href":"https:\/\/publikationen.zhdk.ch\/index.php?rest_route=\/wp\/v2\/product\/2308","targetHints":{"allow":["GET"]}}],"collection":[{"href":"https:\/\/publikationen.zhdk.ch\/index.php?rest_route=\/wp\/v2\/product"}],"about":[{"href":"https:\/\/publikationen.zhdk.ch\/index.php?rest_route=\/wp\/v2\/types\/product"}],"version-history":[{"count":8,"href":"https:\/\/publikationen.zhdk.ch\/index.php?rest_route=\/wp\/v2\/product\/2308\/revisions"}],"predecessor-version":[{"id":2994,"href":"https:\/\/publikationen.zhdk.ch\/index.php?rest_route=\/wp\/v2\/product\/2308\/revisions\/2994"}],"wp:featuredmedia":[{"embeddable":true,"href":"https:\/\/publikationen.zhdk.ch\/index.php?rest_route=\/wp\/v2\/media\/2312"}],"wp:attachment":[{"href":"https:\/\/publikationen.zhdk.ch\/index.php?rest_route=%2Fwp%2Fv2%2Fmedia&parent=2308"}],"wp:term":[{"taxonomy":"product_brand","embeddable":true,"href":"https:\/\/publikationen.zhdk.ch\/index.php?rest_route=%2Fwp%2Fv2%2Fproduct_brand&post=2308"},{"taxonomy":"product_cat","embeddable":true,"href":"https:\/\/publikationen.zhdk.ch\/index.php?rest_route=%2Fwp%2Fv2%2Fproduct_cat&post=2308"},{"taxonomy":"product_tag","embeddable":true,"href":"https:\/\/publikationen.zhdk.ch\/index.php?rest_route=%2Fwp%2Fv2%2Fproduct_tag&post=2308"}],"curies":[{"name":"wp","href":"https:\/\/api.w.org\/{rel}","templated":true}]}}