{"id":2140,"date":"2019-05-06T15:40:45","date_gmt":"2019-05-06T13:40:45","guid":{"rendered":"http:\/\/publikationen.zhdk.ch\/?post_type=product&#038;p=2140"},"modified":"2022-04-19T19:48:57","modified_gmt":"2022-04-19T17:48:57","slug":"im-tun","status":"publish","type":"product","link":"https:\/\/publikationen.zhdk.ch\/?product=im-tun","title":{"rendered":"Im Tun. Eine Geschichte der K\u00fcnstler*innen 2018-1993 | Florian Dombois, Val\u00e9rie Knoll (Hg.)"},"content":{"rendered":"<p>Mit Beitr\u00e4gen von Nino Baumgartner, Babette Berger, Heinz Brand, Manuel Burgener, Florian Dombois, Quynh Dong, Beat Feller, Michael G\u00fcnzburger, J\u00fcrg Halter, Thomas Hirschhorn, Lilly Keller, Franti\u010dek Klossner, Val\u00e9rie Knoll, Lang \/ Baumann, Karin Lehmann, Brigitte Lustenberger, Manon, Annina Matter \/ Urs Zahn, Heinz Mollet \/ Li Mollet, Ka Moser, Olivier Mosset, Anna\u00efk Lou Pitteloud, Vaclav Pozarek, Markus Raetz, Kotscha Reist, Leopold Schropp.<\/p>\n<p>ZHdK: Forschungsschwerpunkt Transdisziplinarit\u00e4t (fsp-t)<\/p>\n","protected":false},"excerpt":{"rendered":"<p>Die Kunsthalle Bern, die \u00abMutter aller Kunsthallen\u00bb, wurde 1918 von Berner K\u00fcnstler*innen gegr\u00fcndet. Hundert Jahre sp\u00e4ter nehmen wiederum 25 K\u00fcnstler*innen mit Bern-Bezug die Arbeit der Kunsthalle der letzten 25 Jahre in den Blick. Es entsteht vor unseren Augen ein Geschichtspanorama, in dem die K\u00fcnstler*innen eine historische Bewertung vornehmen und uns die Geschichte der Kunstproduktion aus der Perspektive der Produzierenden.<\/p>\n<p>416 Seiten,\u00a0Scheidegger &amp; Spiess, 2018<br \/>\nISBN 978-3-85881-594-1<\/p>\n","protected":false},"featured_media":2142,"template":"","meta":[],"product_brand":[],"product_cat":[367,437,159],"product_tag":[952,950],"class_list":{"0":"post-2140","1":"product","2":"type-product","3":"status-publish","4":"has-post-thumbnail","6":"product_cat-dombois-florian","7":"product_cat-knoll-valerie","8":"product_cat-fspt","9":"product_tag-ausstellung","10":"product_tag-kunsthalle-bern","12":"first","13":"instock","14":"shipping-taxable","15":"product-type-external"},"_links":{"self":[{"href":"https:\/\/publikationen.zhdk.ch\/index.php?rest_route=\/wp\/v2\/product\/2140","targetHints":{"allow":["GET"]}}],"collection":[{"href":"https:\/\/publikationen.zhdk.ch\/index.php?rest_route=\/wp\/v2\/product"}],"about":[{"href":"https:\/\/publikationen.zhdk.ch\/index.php?rest_route=\/wp\/v2\/types\/product"}],"version-history":[{"count":3,"href":"https:\/\/publikationen.zhdk.ch\/index.php?rest_route=\/wp\/v2\/product\/2140\/revisions"}],"predecessor-version":[{"id":2986,"href":"https:\/\/publikationen.zhdk.ch\/index.php?rest_route=\/wp\/v2\/product\/2140\/revisions\/2986"}],"wp:featuredmedia":[{"embeddable":true,"href":"https:\/\/publikationen.zhdk.ch\/index.php?rest_route=\/wp\/v2\/media\/2142"}],"wp:attachment":[{"href":"https:\/\/publikationen.zhdk.ch\/index.php?rest_route=%2Fwp%2Fv2%2Fmedia&parent=2140"}],"wp:term":[{"taxonomy":"product_brand","embeddable":true,"href":"https:\/\/publikationen.zhdk.ch\/index.php?rest_route=%2Fwp%2Fv2%2Fproduct_brand&post=2140"},{"taxonomy":"product_cat","embeddable":true,"href":"https:\/\/publikationen.zhdk.ch\/index.php?rest_route=%2Fwp%2Fv2%2Fproduct_cat&post=2140"},{"taxonomy":"product_tag","embeddable":true,"href":"https:\/\/publikationen.zhdk.ch\/index.php?rest_route=%2Fwp%2Fv2%2Fproduct_tag&post=2140"}],"curies":[{"name":"wp","href":"https:\/\/api.w.org\/{rel}","templated":true}]}}