{"id":2070,"date":"2019-05-06T14:44:54","date_gmt":"2019-05-06T12:44:54","guid":{"rendered":"http:\/\/publikationen.zhdk.ch\/?post_type=product&#038;p=2070"},"modified":"2023-08-10T13:45:08","modified_gmt":"2023-08-10T11:45:08","slug":"ausstellen","status":"publish","type":"product","link":"https:\/\/publikationen.zhdk.ch\/?product=ausstellen","title":{"rendered":"Ausstellen | Kathrin Busch, Burkhard Meltzer, Tido von Oppeln (Hg.)"},"content":{"rendered":"<p>ZHdK: Institut f\u00fcr Theorie (ITH)<\/p>\n","protected":false},"excerpt":{"rendered":"<p>Zur Kritik der Wirksamkeit in den K\u00fcnsten<\/p>\n<p>In den heutigen Praxistheorien spielen Dinge und ihre Materialit\u00e4t eine prominente Rolle. Dinge gelten als ausgesprochen wirkm\u00e4chtig, insofern sie als Handlungsmedien und Wissenstr\u00e4ger fungieren. In diesen Diskussionen \u00fcber die materielle Bedingung von kulturellen Praktiken ist die \u00e4sthetische Dimension der Dinge zunehmend in den Hintergrund geraten. Als Mitakteure in Handlungsverb\u00fcnden scheinen Dinge ganz in ihrer praktischen Bedeutung aufzugehen. Was dabei vernachl\u00e4ssigt wird, ist zum einen, dass ihre Wirksamkeit nicht abzul\u00f6sen ist von ihrer \u00e4sthetischen und affektiven Kraft, und zum anderen, dass Stillstellung und Passivierung von gro\u00dfer Bedeutung f\u00fcr jegliche Formen von Praxis und ihrer Spielr\u00e4ume sind. Diesen Momenten der Abweichung und Potentialit\u00e4t wird in den K\u00fcnsten mit Verfahren der Neutralisierung von Praxis \u2013 wie Ausstellen, Vorf\u00fchren, Proben oder Modellieren \u2013 Raum gegeben.<\/p>\n<p>Reihe <a href=\"https:\/\/publikationen.zhdk.ch\/?product_cat=denkt-kunst\">Denkt Kunst<\/a><\/p>\n<p>368 Seiten, Diaphanes, 2016<br \/>\nISB 978-3-03734-566-5<\/p>\n","protected":false},"featured_media":2074,"template":"","meta":[],"product_brand":[],"product_cat":[347,149,291,349,351],"product_tag":[],"class_list":{"0":"post-2070","1":"product","2":"type-product","3":"status-publish","4":"has-post-thumbnail","6":"product_cat-busch-kathrin","7":"product_cat-ith","8":"product_cat-denkt-kunst","9":"product_cat-meltzer-burkhard","10":"product_cat-von-oppeln-tido","12":"first","13":"instock","14":"shipping-taxable","15":"product-type-external"},"_links":{"self":[{"href":"https:\/\/publikationen.zhdk.ch\/index.php?rest_route=\/wp\/v2\/product\/2070","targetHints":{"allow":["GET"]}}],"collection":[{"href":"https:\/\/publikationen.zhdk.ch\/index.php?rest_route=\/wp\/v2\/product"}],"about":[{"href":"https:\/\/publikationen.zhdk.ch\/index.php?rest_route=\/wp\/v2\/types\/product"}],"version-history":[{"count":5,"href":"https:\/\/publikationen.zhdk.ch\/index.php?rest_route=\/wp\/v2\/product\/2070\/revisions"}],"predecessor-version":[{"id":6145,"href":"https:\/\/publikationen.zhdk.ch\/index.php?rest_route=\/wp\/v2\/product\/2070\/revisions\/6145"}],"wp:featuredmedia":[{"embeddable":true,"href":"https:\/\/publikationen.zhdk.ch\/index.php?rest_route=\/wp\/v2\/media\/2074"}],"wp:attachment":[{"href":"https:\/\/publikationen.zhdk.ch\/index.php?rest_route=%2Fwp%2Fv2%2Fmedia&parent=2070"}],"wp:term":[{"taxonomy":"product_brand","embeddable":true,"href":"https:\/\/publikationen.zhdk.ch\/index.php?rest_route=%2Fwp%2Fv2%2Fproduct_brand&post=2070"},{"taxonomy":"product_cat","embeddable":true,"href":"https:\/\/publikationen.zhdk.ch\/index.php?rest_route=%2Fwp%2Fv2%2Fproduct_cat&post=2070"},{"taxonomy":"product_tag","embeddable":true,"href":"https:\/\/publikationen.zhdk.ch\/index.php?rest_route=%2Fwp%2Fv2%2Fproduct_tag&post=2070"}],"curies":[{"name":"wp","href":"https:\/\/api.w.org\/{rel}","templated":true}]}}