{"id":2035,"date":"2019-05-04T20:13:39","date_gmt":"2019-05-04T18:13:39","guid":{"rendered":"http:\/\/publikationen.zhdk.ch\/?post_type=product&#038;p=2035"},"modified":"2023-08-10T11:21:54","modified_gmt":"2023-08-10T09:21:54","slug":"wirkungsmaschine-schauspieler","status":"publish","type":"product","link":"https:\/\/publikationen.zhdk.ch\/?product=wirkungsmaschine-schauspieler","title":{"rendered":"Wirkungsmaschine Schauspieler | Anton Rey, Hajo Kurzenberger, Stephan M\u00fcller (Hg.) [E-Book PDF]"},"content":{"rendered":"<p>Mit Beitr\u00e4gen von Jan Bosse, Michael B\u00f6rgerding, Klemens Brysch, Barbara Frey, Herbert Fritsch, Heiner Goebbels, Jochen Kiefer, Hajo Kurzenberger, Annemarie Matzke, Joachim Meyerhoff, Stephan M\u00fcller, Anton Rey, Hans-J\u00f6rg Rheinberger, Jens Roselt, Bernhard Sch\u00fctz, Bernd Stegemann, Hartmut Wickert, Franz Wille, Susanne-Marie Wrage. Die beiliegende DVD enth\u00e4lt performative Beitr\u00e4ge von Bernhard Sch\u00fctz, Herbert Fritsch und Joachim Meyerhoff.<\/p>\n<p>ZHdK: Institute for the Performing Arts and Film (IPF)<\/p>\n","protected":false},"excerpt":{"rendered":"<p class=\"title\">Vom Menschendarsteller zum multifunktionalen Spielemacher<\/p>\n<p>Was macht Schauspielen heute aus? Vertreter aus Theaterpraxis, Wissenschaft und Ausbildung diskutieren \u00fcber Darstellung im Spannungsfeld zwischen Schauspieler-Alltag und Alltags-Performer, \u00fcber Arbeitsverh\u00e4ltnisse zwischen Schauspielern und Regisseuren, Ausbildungsprofile verschiedener Schauspielschulen, theaterwissenschaftliche Analysen von Spielweisen und Probenprozessen und Visionen vom Schauspieler in der Theatergeschichte und Gegenwart.<\/p>\n<p><a href=\"https:\/\/publikationen.zhdk.ch\/?product_cat=subtexte\">subTexte<\/a> 06<\/p>\n<p>170 Seiten, DVD, Alexander Verlag, 2011<br \/>\nISBN 978-3-89581-254-5<br \/>\nPrintausgabe vergriffen<\/p>\n","protected":false},"featured_media":4085,"template":"","meta":[],"product_brand":[],"product_cat":[221,1514,581,583,1014,157,243,569],"product_tag":[],"class_list":{"0":"post-2035","1":"product","2":"type-product","3":"status-publish","4":"has-post-thumbnail","6":"product_cat-e-books","7":"product_cat-e-publikationen","8":"product_cat-kurzenberger-hajo","9":"product_cat-mueller-stephan","10":"product_cat-open-access","11":"product_cat-ipf","12":"product_cat-rey-anton","13":"product_cat-subtexte","15":"first","16":"instock","17":"shipping-taxable","18":"product-type-external"},"_links":{"self":[{"href":"https:\/\/publikationen.zhdk.ch\/index.php?rest_route=\/wp\/v2\/product\/2035","targetHints":{"allow":["GET"]}}],"collection":[{"href":"https:\/\/publikationen.zhdk.ch\/index.php?rest_route=\/wp\/v2\/product"}],"about":[{"href":"https:\/\/publikationen.zhdk.ch\/index.php?rest_route=\/wp\/v2\/types\/product"}],"version-history":[{"count":7,"href":"https:\/\/publikationen.zhdk.ch\/index.php?rest_route=\/wp\/v2\/product\/2035\/revisions"}],"predecessor-version":[{"id":6019,"href":"https:\/\/publikationen.zhdk.ch\/index.php?rest_route=\/wp\/v2\/product\/2035\/revisions\/6019"}],"wp:featuredmedia":[{"embeddable":true,"href":"https:\/\/publikationen.zhdk.ch\/index.php?rest_route=\/wp\/v2\/media\/4085"}],"wp:attachment":[{"href":"https:\/\/publikationen.zhdk.ch\/index.php?rest_route=%2Fwp%2Fv2%2Fmedia&parent=2035"}],"wp:term":[{"taxonomy":"product_brand","embeddable":true,"href":"https:\/\/publikationen.zhdk.ch\/index.php?rest_route=%2Fwp%2Fv2%2Fproduct_brand&post=2035"},{"taxonomy":"product_cat","embeddable":true,"href":"https:\/\/publikationen.zhdk.ch\/index.php?rest_route=%2Fwp%2Fv2%2Fproduct_cat&post=2035"},{"taxonomy":"product_tag","embeddable":true,"href":"https:\/\/publikationen.zhdk.ch\/index.php?rest_route=%2Fwp%2Fv2%2Fproduct_tag&post=2035"}],"curies":[{"name":"wp","href":"https:\/\/api.w.org\/{rel}","templated":true}]}}