{"id":1943,"date":"2019-05-03T16:41:05","date_gmt":"2019-05-03T14:41:05","guid":{"rendered":"http:\/\/publikationen.zhdk.ch\/?post_type=product&#038;p=1943"},"modified":"2022-04-19T19:32:57","modified_gmt":"2022-04-19T17:32:57","slug":"bilder-verstehen","status":"publish","type":"product","link":"https:\/\/publikationen.zhdk.ch\/?product=bilder-verstehen","title":{"rendered":"Bilder verstehen | Ulrich Binder, Matthias Vogel (Hg.)"},"content":{"rendered":"<p>Mit Texten von Isabel Willemse, Daniel S\u00fcss, Ulrich Binder, Matthias Vogel<\/p>\n<p>ZHdK: Institut f\u00fcr Theorie (ITH)<\/p>\n","protected":false},"excerpt":{"rendered":"<p class=\"subtitle\">Studie zur Visual Literacy in der Schweiz<\/p>\n<p>Dokumentation eines Forschungsprojektes zur Rezeption von Fotografien in Ausstellungen. Was erleben andere in einer Ausstellung, wie nehmen sie Bilder wahr? Das Erlebnis einer Ausstellung ist nach wie vor etwas wunderbar Intimes. Selbst wenn wir zu zweit durch die lichtged\u00e4mmten R\u00e4ume spazieren, da und dort Halt machen vor einer grossformatigen Fotografie, so tauschen wir uns h\u00f6chstens im Fl\u00fcsterton aus und ringen auch da um Worte, den richtigen Ausdruck einer Empfindung. Insofern ist es nicht \u00fcberraschend, dass die Forscher, die sich eben dieses Ausstellungserlebnis zum Gegenstand machten, in wenig ergr\u00fcndetes Terrain vorstiessen. Sie taten dies gem\u00e4ss ihrer Herkunft aus Medienpsychologie, Bildwissenschaft und Kunst mit unterschiedlichen, zum Teil unkonventionellen Methoden. In fundierten Analysen verwandeln sie die dokumentierten, sehr heterogenen Erlebnisse in allgemeine Erkenntnisse und machen sie nun in diesem sorgf\u00e4ltig gestalteten Buch einem Publikum zug\u00e4nglich. Auf mehreren typografischen Ebenen angelegt, von hervorragenden Abbildungen und Grafiken begleitet, gibt es einen Einblick ins Making-of eines Forschungsprojektes.<\/p>\n<p>168 Seiten,\u00a0Limmat, 2015<br \/>\nISBN 978-3-85791-779-0<\/p>\n","protected":false},"featured_media":1945,"template":"","meta":[],"product_brand":[],"product_cat":[217,149,365],"product_tag":[],"class_list":{"0":"post-1943","1":"product","2":"type-product","3":"status-publish","4":"has-post-thumbnail","6":"product_cat-binder-ulrich","7":"product_cat-ith","8":"product_cat-vogel-matthias","10":"first","11":"instock","12":"shipping-taxable","13":"product-type-external"},"_links":{"self":[{"href":"https:\/\/publikationen.zhdk.ch\/index.php?rest_route=\/wp\/v2\/product\/1943","targetHints":{"allow":["GET"]}}],"collection":[{"href":"https:\/\/publikationen.zhdk.ch\/index.php?rest_route=\/wp\/v2\/product"}],"about":[{"href":"https:\/\/publikationen.zhdk.ch\/index.php?rest_route=\/wp\/v2\/types\/product"}],"version-history":[{"count":3,"href":"https:\/\/publikationen.zhdk.ch\/index.php?rest_route=\/wp\/v2\/product\/1943\/revisions"}],"predecessor-version":[{"id":3294,"href":"https:\/\/publikationen.zhdk.ch\/index.php?rest_route=\/wp\/v2\/product\/1943\/revisions\/3294"}],"wp:featuredmedia":[{"embeddable":true,"href":"https:\/\/publikationen.zhdk.ch\/index.php?rest_route=\/wp\/v2\/media\/1945"}],"wp:attachment":[{"href":"https:\/\/publikationen.zhdk.ch\/index.php?rest_route=%2Fwp%2Fv2%2Fmedia&parent=1943"}],"wp:term":[{"taxonomy":"product_brand","embeddable":true,"href":"https:\/\/publikationen.zhdk.ch\/index.php?rest_route=%2Fwp%2Fv2%2Fproduct_brand&post=1943"},{"taxonomy":"product_cat","embeddable":true,"href":"https:\/\/publikationen.zhdk.ch\/index.php?rest_route=%2Fwp%2Fv2%2Fproduct_cat&post=1943"},{"taxonomy":"product_tag","embeddable":true,"href":"https:\/\/publikationen.zhdk.ch\/index.php?rest_route=%2Fwp%2Fv2%2Fproduct_tag&post=1943"}],"curies":[{"name":"wp","href":"https:\/\/api.w.org\/{rel}","templated":true}]}}