{"id":1817,"date":"2019-05-02T19:12:11","date_gmt":"2019-05-02T17:12:11","guid":{"rendered":"http:\/\/publikationen.zhdk.ch\/?post_type=product&#038;p=1817"},"modified":"2022-04-19T17:31:18","modified_gmt":"2022-04-19T15:31:18","slug":"stadt-auf-achse","status":"publish","type":"product","link":"https:\/\/publikationen.zhdk.ch\/?product=stadt-auf-achse","title":{"rendered":"Stadt auf Achse | Gabriela Christen, Christoph Doswald, Martin Haller (Hg.)"},"content":{"rendered":"<p>ZHdK: Institute for Contemporary Art Research (IFCAR)<\/p>\n","protected":false},"excerpt":{"rendered":"<p>Mit Kunst urbane R\u00e4ume gestalten<\/p>\n<p>Das Handbuch hat drei Bestandteile: Eine Schritt-f\u00fcr-Schritt-Wegleitung f\u00fcr\u00a0partizipative k\u00fcnstlerische Projekte im Kontext von Stadtentwicklung, eine\u00a0Sammlung von Referenzbeispielen, die konzentriert Einblick in die Best\u00a0Practice geben, sowie einen Serviceteil mit weiterf\u00fchrenden Informationen. Der Band enth\u00e4lt ein grafisches Verweissystem, das innerhalb einzelner\u00a0Abschnitte auf Ausf\u00fchrungen und Hinweise in anderen Textteilen aufmerksam\u00a0macht. Die in der Wegleitung eingef\u00fcgten Zitate sind den zahlreichen\u00a0Gespr\u00e4chen mit Vertreterinnen und Vertretern aus den Gemeinden und\u00a0St\u00e4dten sowie den am Projekt beteiligten Kunstschaffenden entnommen.\u00a0Sie werden nicht einzelnen Personen zugeordnet, weil sie stellvertretend\u00a0f\u00fcr mehrfach \u00e4hnlich ge\u00e4usserte Aussagen stehen.<\/p>\n<p>144 Seiten, jrp|Ringier, 2016<br \/>\nISBN 978-3-0-3764453-9<\/p>\n","protected":false},"featured_media":1819,"template":"","meta":[],"product_brand":[],"product_cat":[521,145,523,525],"product_tag":[857,859],"class_list":{"0":"post-1817","1":"product","2":"type-product","3":"status-publish","4":"has-post-thumbnail","6":"product_cat-christen-gabriela","7":"product_cat-ifcar","8":"product_cat-doswald-christoph","9":"product_cat-haller-martin","10":"product_tag-stadt","11":"product_tag-stadtentwicklung","13":"first","14":"instock","15":"shipping-taxable","16":"product-type-external"},"_links":{"self":[{"href":"https:\/\/publikationen.zhdk.ch\/index.php?rest_route=\/wp\/v2\/product\/1817","targetHints":{"allow":["GET"]}}],"collection":[{"href":"https:\/\/publikationen.zhdk.ch\/index.php?rest_route=\/wp\/v2\/product"}],"about":[{"href":"https:\/\/publikationen.zhdk.ch\/index.php?rest_route=\/wp\/v2\/types\/product"}],"version-history":[{"count":2,"href":"https:\/\/publikationen.zhdk.ch\/index.php?rest_route=\/wp\/v2\/product\/1817\/revisions"}],"predecessor-version":[{"id":3210,"href":"https:\/\/publikationen.zhdk.ch\/index.php?rest_route=\/wp\/v2\/product\/1817\/revisions\/3210"}],"wp:featuredmedia":[{"embeddable":true,"href":"https:\/\/publikationen.zhdk.ch\/index.php?rest_route=\/wp\/v2\/media\/1819"}],"wp:attachment":[{"href":"https:\/\/publikationen.zhdk.ch\/index.php?rest_route=%2Fwp%2Fv2%2Fmedia&parent=1817"}],"wp:term":[{"taxonomy":"product_brand","embeddable":true,"href":"https:\/\/publikationen.zhdk.ch\/index.php?rest_route=%2Fwp%2Fv2%2Fproduct_brand&post=1817"},{"taxonomy":"product_cat","embeddable":true,"href":"https:\/\/publikationen.zhdk.ch\/index.php?rest_route=%2Fwp%2Fv2%2Fproduct_cat&post=1817"},{"taxonomy":"product_tag","embeddable":true,"href":"https:\/\/publikationen.zhdk.ch\/index.php?rest_route=%2Fwp%2Fv2%2Fproduct_tag&post=1817"}],"curies":[{"name":"wp","href":"https:\/\/api.w.org\/{rel}","templated":true}]}}