{"id":1765,"date":"2019-05-01T20:13:42","date_gmt":"2019-05-01T18:13:42","guid":{"rendered":"http:\/\/publikationen.zhdk.ch\/?post_type=product&#038;p=1765"},"modified":"2023-08-10T14:11:37","modified_gmt":"2023-08-10T12:11:37","slug":"videogramme","status":"publish","type":"product","link":"https:\/\/publikationen.zhdk.ch\/?product=videogramme","title":{"rendered":"Videogramme | Hannes Rickli (Hg.)"},"content":{"rendered":"<p>Der Band tr\u00e4gt in Essays, Gespr\u00e4chen, Analysen und Beschreibungen der Experimentalsysteme sowie in Hunderten Abbildungen die Ergebnisse dieses richtungweisenden Projekts k\u00fcnstlerischer Forschung zusammen. Das aus dem Laborkontext gel\u00f6ste Videomaterial und die k\u00fcnstlerische Arbeit von Hanes Rickli werden aus den Perspektiven der Wissenschaftsgeschichte und Soziologie, der Medientheorie sowie der Kunst- und Filmwissenschaft reflektiert.<\/p>\n<p>Mit Beitr\u00e4gen von Michael Guggenheim, Vinzenz Hediger, Christoph Hoffmann, Nicola M\u00fcllersch\u00f6n, Hannes Rickli und Yvonne Zimmermann.<\/p>\n<p>ZHdK: Institute for Contemporary Art Research (IFCAR)<\/p>\n","protected":false},"excerpt":{"rendered":"<p>Die Bildwelten biologischer Experimentalsysteme als Kunst- und Theorieobjekt<\/p>\n<p>Der K\u00fcnstler Hannes Rickli befasst sich seit 20 Jahren mit audiovisuellen Aufzeichnungen aus dem Forschungskontext der Verhaltensbiologie. Die Videogramme er\u00f6ffnen einen ungew\u00f6hnlichen Einblick in naturwissenschaftliche Versuchanordnungen. In diesem \u00fcbersch\u00fcssigen Beiwerk der wissenschaftlichen Daten, sozusagen im Schatten der Objektivit\u00e4t, wird erkennbar, dass die Herstellung wissenschaftlicher Tatsachen nicht einfach nach zuvor festgelegten Pl\u00e4nen erfolgt, sondern sich im physischen Widerstand zwischen menschlichen, technischen &#8211; und tierischen &#8211; Akteuren ereignet. Bei den Videogrammen handelt es sich um einen Typus instrumentaler Bewegtbilder, der von den Bildwissenschaften und der Bildtheorie bis anhin kaum beachtet worden ist. (dt.\/engl.)<\/p>\n<p><a href=\"https:\/\/publikationen.zhdk.ch\/?product_cat=schriftenreihe-des-instituts-fuer-gegenwartskunst\">Schriftenreihe des Instituts f\u00fcr Gegenwartskunst<\/a> Band 6<\/p>\n<p>304 Seiten, Scheidegger &amp; Spiess, 2011<br \/>\nISBN 978-3-85881-325-1<\/p>\n","protected":false},"featured_media":5341,"template":"","meta":[],"product_brand":[],"product_cat":[145,507,489],"product_tag":[],"class_list":{"0":"post-1765","1":"product","2":"type-product","3":"status-publish","4":"has-post-thumbnail","6":"product_cat-ifcar","7":"product_cat-rickli-hannes","8":"product_cat-schriftenreihe-des-instituts-fuer-gegenwartskunst","10":"first","11":"instock","12":"shipping-taxable","13":"product-type-external"},"_links":{"self":[{"href":"https:\/\/publikationen.zhdk.ch\/index.php?rest_route=\/wp\/v2\/product\/1765","targetHints":{"allow":["GET"]}}],"collection":[{"href":"https:\/\/publikationen.zhdk.ch\/index.php?rest_route=\/wp\/v2\/product"}],"about":[{"href":"https:\/\/publikationen.zhdk.ch\/index.php?rest_route=\/wp\/v2\/types\/product"}],"version-history":[{"count":6,"href":"https:\/\/publikationen.zhdk.ch\/index.php?rest_route=\/wp\/v2\/product\/1765\/revisions"}],"predecessor-version":[{"id":6181,"href":"https:\/\/publikationen.zhdk.ch\/index.php?rest_route=\/wp\/v2\/product\/1765\/revisions\/6181"}],"wp:featuredmedia":[{"embeddable":true,"href":"https:\/\/publikationen.zhdk.ch\/index.php?rest_route=\/wp\/v2\/media\/5341"}],"wp:attachment":[{"href":"https:\/\/publikationen.zhdk.ch\/index.php?rest_route=%2Fwp%2Fv2%2Fmedia&parent=1765"}],"wp:term":[{"taxonomy":"product_brand","embeddable":true,"href":"https:\/\/publikationen.zhdk.ch\/index.php?rest_route=%2Fwp%2Fv2%2Fproduct_brand&post=1765"},{"taxonomy":"product_cat","embeddable":true,"href":"https:\/\/publikationen.zhdk.ch\/index.php?rest_route=%2Fwp%2Fv2%2Fproduct_cat&post=1765"},{"taxonomy":"product_tag","embeddable":true,"href":"https:\/\/publikationen.zhdk.ch\/index.php?rest_route=%2Fwp%2Fv2%2Fproduct_tag&post=1765"}],"curies":[{"name":"wp","href":"https:\/\/api.w.org\/{rel}","templated":true}]}}