{"id":1729,"date":"2019-05-01T19:35:43","date_gmt":"2019-05-01T17:35:43","guid":{"rendered":"http:\/\/publikationen.zhdk.ch\/?post_type=product&#038;p=1729"},"modified":"2023-08-10T13:18:20","modified_gmt":"2023-08-10T11:18:20","slug":"burnout-und-musiktherapie","status":"publish","type":"product","link":"https:\/\/publikationen.zhdk.ch\/?product=burnout-und-musiktherapie","title":{"rendered":"Burnout und Musiktherapie | Felicitas Sigrist"},"content":{"rendered":"<p>Burnout \u2013 die Energie ist ersch\u00f6pft, das Lebensfeuer brennt kaum noch \u2026<br \/>\nSeit einigen Jahren ist dieses Leiden in aller Munde. Was aber beinhaltet der Begriff genau? Wie l\u00e4sst sich Burnout \u00fcber das subjektive Krankheitserleben hinaus fassen?<br \/>\nAuf welche Weise k\u00f6nnen Menschen mit Burnout-Symptomen entwicklungsf\u00f6rderlich begleitet werden? Welche spezifischen Qualit\u00e4ten hat die Musiktherapie in diesem Zusammenhang zu bieten?<br \/>\nDie \u00c4rztin und Musiktherapeutin Felicitas Sigrist fasst verschiedene Sichtweisen zum Ph\u00e4nomen \u00e4usserst profund zusammen und entwickelt dar\u00fcber hinaus einen neuen Erkl\u00e4rungsansatz von Burnout als Resonanzst\u00f6rung. Sie zeigt \u00fcberzeugend auf, wie Musiktherapie als psychotherapeutische Methode besonders geeignet ist, von Burnout betroffene Menschen zu begleiten, da sie zentral mit interpersoneller Resonanz arbeitet, aktivierend wirkt und multimodal ansetzt. Eine wahre Fundgrube sind die Implikationen, die vor diesem Hintergrund f\u00fcr die therapeutische Praxis allgemein und spezifisch f\u00fcr die Musiktherapie hergeleitet werden. Differenzierte Ausf\u00fchrungen zu Entspannungsf\u00f6rderung, Achtsamkeitspraxis, Ressourcenaktivierung,<br \/>\nSelbstwahrnehmung, Kompetenzerweiterung und Pers\u00f6nlichkeitsentwicklung werden durch Praxisbeispiele veranschaulicht, die den grossen Erfahrungsschatz der Autorin verdeutlichen. Das Buch richtet sich sowohl an Musiktherapeutinnen und Musiktherapeuten als auch interdisziplin\u00e4r an Fachpersonen aus verwandten Berufsfeldern wie Psychotherapie, Kunsttherapie, Medizin, Psychologie, (Heil-)P\u00e4dagogik, Musikp\u00e4dagogik und Sozialwissenschaften.<\/p>\n<p>ZHdK: Weiterbildung Musik, Musiktherapie<\/p>\n","protected":false},"excerpt":{"rendered":"<p>Grundlagen, Forschungsstand und Praxeologie<\/p>\n<p>Auf welche Weise k\u00f6nnen Menschen mit Burnout-Symptomen entwicklungsf\u00f6rderlich begleitet werden? Welche spezifischen Qualit\u00e4ten hat die Musiktherapie in diesem Zusammenhang zu bieten? Die \u00c4rztin und Musiktherapeutin Felicitas Sigrist fasst verschiedene Sichtweisen zum Ph\u00e4nomen \u00e4usserst profund zusammen und entwickelt dar\u00fcber hinaus einen neuen Erkl\u00e4rungsansatz von Burnout als Resonanzst\u00f6rung. Sie zeigt \u00fcberzeugend auf, wie Musiktherapie als psychotherapeutische Methode besonders geeignet ist, von Burnout betroffene Menschen zu begleiten, da sie zentral mit interpersoneller Resonanz arbeitet, aktivierend wirkt und multimodal ansetzt.<\/p>\n<div class=\"detailContainer\"><a href=\"https:\/\/publikationen.zhdk.ch\/?product_cat=zuercher-schriften-zur-musiktherapie\">Z\u00fcrcher Schriften zur Musiktherapie<\/a> Band 4<\/div>\n<div><\/div>\n<div class=\"detailContainer\">120 Seiten, Reichert, 2016<br \/>\nISBN 978-3-95490-199-9<\/div>\n","protected":false},"featured_media":1731,"template":"","meta":[],"product_brand":[],"product_cat":[889,875,873],"product_tag":[901],"class_list":{"0":"post-1729","1":"product","2":"type-product","3":"status-publish","4":"has-post-thumbnail","6":"product_cat-sigrist-felicitas","7":"product_cat-weiterbildung","8":"product_cat-zuercher-schriften-zur-musiktherapie","9":"product_tag-musiktherapie","11":"first","12":"instock","13":"shipping-taxable","14":"product-type-external"},"_links":{"self":[{"href":"https:\/\/publikationen.zhdk.ch\/index.php?rest_route=\/wp\/v2\/product\/1729","targetHints":{"allow":["GET"]}}],"collection":[{"href":"https:\/\/publikationen.zhdk.ch\/index.php?rest_route=\/wp\/v2\/product"}],"about":[{"href":"https:\/\/publikationen.zhdk.ch\/index.php?rest_route=\/wp\/v2\/types\/product"}],"version-history":[{"count":5,"href":"https:\/\/publikationen.zhdk.ch\/index.php?rest_route=\/wp\/v2\/product\/1729\/revisions"}],"predecessor-version":[{"id":6073,"href":"https:\/\/publikationen.zhdk.ch\/index.php?rest_route=\/wp\/v2\/product\/1729\/revisions\/6073"}],"wp:featuredmedia":[{"embeddable":true,"href":"https:\/\/publikationen.zhdk.ch\/index.php?rest_route=\/wp\/v2\/media\/1731"}],"wp:attachment":[{"href":"https:\/\/publikationen.zhdk.ch\/index.php?rest_route=%2Fwp%2Fv2%2Fmedia&parent=1729"}],"wp:term":[{"taxonomy":"product_brand","embeddable":true,"href":"https:\/\/publikationen.zhdk.ch\/index.php?rest_route=%2Fwp%2Fv2%2Fproduct_brand&post=1729"},{"taxonomy":"product_cat","embeddable":true,"href":"https:\/\/publikationen.zhdk.ch\/index.php?rest_route=%2Fwp%2Fv2%2Fproduct_cat&post=1729"},{"taxonomy":"product_tag","embeddable":true,"href":"https:\/\/publikationen.zhdk.ch\/index.php?rest_route=%2Fwp%2Fv2%2Fproduct_tag&post=1729"}],"curies":[{"name":"wp","href":"https:\/\/api.w.org\/{rel}","templated":true}]}}