{"id":1715,"date":"2019-05-01T19:16:43","date_gmt":"2019-05-01T17:16:43","guid":{"rendered":"http:\/\/publikationen.zhdk.ch\/?post_type=product&#038;p=1715"},"modified":"2023-08-10T13:19:36","modified_gmt":"2023-08-10T11:19:36","slug":"krankheit-trauer-wandlung","status":"publish","type":"product","link":"https:\/\/publikationen.zhdk.ch\/?product=krankheit-trauer-wandlung","title":{"rendered":"Krankheit &#8211; Trauer &#8211; Wandlung | Astrid Lorz-Zitzmann, Bettina Kand\u00e9-Staehelin"},"content":{"rendered":"<p>Kinder spielen, entdecken die Welt mit all ihren Sinnen, erobern das Leben&#8230;<br \/>\nGanz anders zeigt sich die Realit\u00e4t, wenn ein Neugeborenes an einer Krankheit leidet, behindert ist oder wenn ein bis anhin gesundes Kind pl\u00f6tzlich schwer erkrankt und sein Leben bedroht ist. Angst, Ohnmacht, Wut und Trauer sowie viele Fragen stellen sich ein. Sowohl das Kind als auch seine Eltern stehen in dieser Situation vor gro\u00dfen Herausforderungen und ben\u00f6tigen neben der medizinischen Versorgung psychosoziale Unterst\u00fctzung.<br \/>\nDie beiden Autorinnen des zweiten Bandes der &#171;Z\u00fcrcher Schriften zur Musiktherapie&#187; zeigen auf, welchen Beitrag Musiktherapie f\u00fcr das Kind sowie seine Eltern leisten kann. Musik als Ausdrucksmedium jenseits von Sprache erm\u00f6glicht in dieser \u00e4u\u00dferst belastenden Situation die Gestaltung und Artikulation tiefer Empfindungen in eine h\u00f6rbare Form, was Entwicklung und Wandlung erm\u00f6glicht.<\/p>\n<p>Astrid Lorz-Zitzmann beleuchtet die Situation von Kindern und Jugendlichen, die an Krebs erkrankt sind. Die Wirkung von Musiktherapie wird in zweierlei Hinsicht beschrieben: Einerseits er\u00f6ffnet das Spiel mit der Musik inmitten der belastenden medizinischen Ma\u00dfnahmen Raum f\u00fcr sch\u00f6pferisches Gestalten, f\u00fcr Selbstwirksamkeit, wodurch Ressourcen aktiviert und der Lebensmut gest\u00e4rkt werden. Andererseits dient sie spezifisch der Krankheitsverarbeitung. Spannungen k\u00f6nnen abgebaut, Wut und Aggressionen kanalisiert, Trauer zugelassen werden.<br \/>\nDie Autorin veranschaulicht das Potential der Musiktherapie durch ber\u00fchrende Beispiele aus der Praxis. Ihre einf\u00fchlsamen und gleichzeitig metareflexiven Schilderungen vermitteln einen guten Einblick in die Arbeit einer Musiktherapeutin in diesem Berufsfeld.<\/p>\n<p>Bettina Kand\u00e9-Staehelin setzt sich mit den gro\u00dfen Herausforderungen auseinander, mit denen sich Eltern konfrontiert sehen, wenn ihr Kind krank oder behindert geboren oder im Kindes-\/Jugendalter von einer schweren Krankheit heimgesucht wird. Eindr\u00fccklich beschreibt sie, wie sich in dieser Situation ein Zustand der Erstarrung und des &#171;Funktionierens&#187; einstellen kann und eine unendliche Ersch\u00f6pfung nach sich zieht.<br \/>\nMit dem von ihr entwickelten Konzept der &#171;Vielf\u00e4ltigen Identit\u00e4t&#187; bringt die Autorin neue Ideen f\u00fcr die Elternarbeit ein. Sie zeigt Wege auf, wie Trauerprozesse mit musiktherapeutischen Mitteln begleitet und dadurch Krankheit\/Behinderung und Trauer als Teile der elterlichen Identit\u00e4t integriert werden k\u00f6nnen.<br \/>\nBeide Beitr\u00e4ge zeichnen sich durch die lebendige Vernetzung von Theorie und Beispielen aus der Praxis aus und sprechen dadurch \u00fcber die Musiktherapie hinaus Fachleute aus anderen Professionen sowie betroffene Familien an.<\/p>\n<p>ZHdK: Weiterbildung Musik, Musiktherapie<\/p>\n","protected":false},"excerpt":{"rendered":"<p><em>Musiktherapie mit schwer kranken\u00a0<\/em><em>Kindern, Jugendlichen und ihren Eltern.\u00a0<\/em><\/p>\n<p>Kinder spielen, entdecken die Welt mit all ihren Sinnen, erobern das Leben&#8230;<br \/>\nGanz anders zeigt sich die Realit\u00e4t, wenn ein Neugeborenes an einer Krankheit leidet, behindert ist oder wenn ein bis anhin gesundes Kind pl\u00f6tzlich schwer erkrankt und sein Leben bedroht ist. Angst, Ohnmacht, Wut und Trauer sowie viele Fragen stellen sich ein. Sowohl das Kind als auch seine Eltern stehen in dieser Situation vor gro\u00dfen Herausforderungen und ben\u00f6tigen neben der medizinischen Versorgung psychosoziale Unterst\u00fctzung.<br \/>\nDie beiden Autorinnen zeigen auf, welchen Beitrag Musiktherapie f\u00fcr das Kind sowie seine Eltern leisten kann.<\/p>\n<p><a href=\"https:\/\/publikationen.zhdk.ch\/?product_cat=zuercher-schriften-zur-musiktherapie\">Z\u00fcrcher Schriften zur Musiktherapie<\/a> Band 2<\/p>\n<p>224 Seiten, Reichert, 2012<br \/>\nISBN 978-3-89500-893-1<\/p>\n","protected":false},"featured_media":1719,"template":"","meta":[],"product_brand":[],"product_cat":[881,879,875,873],"product_tag":[901],"class_list":{"0":"post-1715","1":"product","2":"type-product","3":"status-publish","4":"has-post-thumbnail","6":"product_cat-kande-staehelin-bettina","7":"product_cat-lorz-zitzmann-astrid","8":"product_cat-weiterbildung","9":"product_cat-zuercher-schriften-zur-musiktherapie","10":"product_tag-musiktherapie","12":"first","13":"instock","14":"shipping-taxable","15":"product-type-external"},"_links":{"self":[{"href":"https:\/\/publikationen.zhdk.ch\/index.php?rest_route=\/wp\/v2\/product\/1715","targetHints":{"allow":["GET"]}}],"collection":[{"href":"https:\/\/publikationen.zhdk.ch\/index.php?rest_route=\/wp\/v2\/product"}],"about":[{"href":"https:\/\/publikationen.zhdk.ch\/index.php?rest_route=\/wp\/v2\/types\/product"}],"version-history":[{"count":5,"href":"https:\/\/publikationen.zhdk.ch\/index.php?rest_route=\/wp\/v2\/product\/1715\/revisions"}],"predecessor-version":[{"id":6077,"href":"https:\/\/publikationen.zhdk.ch\/index.php?rest_route=\/wp\/v2\/product\/1715\/revisions\/6077"}],"wp:featuredmedia":[{"embeddable":true,"href":"https:\/\/publikationen.zhdk.ch\/index.php?rest_route=\/wp\/v2\/media\/1719"}],"wp:attachment":[{"href":"https:\/\/publikationen.zhdk.ch\/index.php?rest_route=%2Fwp%2Fv2%2Fmedia&parent=1715"}],"wp:term":[{"taxonomy":"product_brand","embeddable":true,"href":"https:\/\/publikationen.zhdk.ch\/index.php?rest_route=%2Fwp%2Fv2%2Fproduct_brand&post=1715"},{"taxonomy":"product_cat","embeddable":true,"href":"https:\/\/publikationen.zhdk.ch\/index.php?rest_route=%2Fwp%2Fv2%2Fproduct_cat&post=1715"},{"taxonomy":"product_tag","embeddable":true,"href":"https:\/\/publikationen.zhdk.ch\/index.php?rest_route=%2Fwp%2Fv2%2Fproduct_tag&post=1715"}],"curies":[{"name":"wp","href":"https:\/\/api.w.org\/{rel}","templated":true}]}}