{"id":1649,"date":"2019-04-27T21:07:35","date_gmt":"2019-04-27T19:07:35","guid":{"rendered":"http:\/\/publikationen.zhdk.ch\/?post_type=product&#038;p=1649"},"modified":"2023-08-10T14:22:14","modified_gmt":"2023-08-10T12:22:14","slug":"labor-muelheim","status":"publish","type":"product","link":"https:\/\/publikationen.zhdk.ch\/?product=labor-muelheim","title":{"rendered":"Labor M\u00fclheim | J\u00fcrgen Krusche (Hg.)"},"content":{"rendered":"<p>Die Darstellungen der vier Projekte werden erg\u00e4nzt mit Beitr\u00e4gen verschiedener Gastautoren, die Einblick geben in die politische und st\u00e4dtebauliche Situation des Ruhrgebiets, wie auch in weiterf\u00fchrende Fragen zur Rolle der K\u00fcnste in urbanen Transformationsprozessen.<\/p>\n<p>Mit Beitr\u00e4gen von Jochen Becker, Cathy van Eck, Tobias Gerber, Ute Holfelder\/Klaus Sch\u00f6nberger, knowbotiq, Trond Lossius, Jan Polivka, Kirsten Reese, Klaus Ronneberger, Jan Schacher, Christoph Schenker, Ingo Starz und Salom\u00e9 Voegelin.<\/p>\n<p>ZHdK: Institute for Contemporary Art Research (IFCAR)<\/p>\n","protected":false},"excerpt":{"rendered":"<p>K\u00fcnstlerisches Forschen in Feldern zwischen Prekarit\u00e4t und Kreativit\u00e4t<\/p>\n<p>Im Rahmen des Projekts Urbane K\u00fcnste Ruhr haben 2013 vier Teams der Z\u00fcrcher Hochschule der K\u00fcnste (ZHdK) in M\u00fclheim ein Labor betrieben. Mit k\u00fcnstlerischen und kulturwissenschaftlichen Mitteln wurden verschiedene Schichten der Stadt an der Ruhr freigelegt, bearbeitet und sicht- und h\u00f6rbar gemacht. Bei der Verdeutlichung der Probleme wie auch der Potenziale der Stadt M\u00fclheim spielen sowohl Tanzbewegungen lokaler Jugendlicher mit afrikanischem Migrationshintergrund eine Rolle als auch die Diskurse \u00fcber creative city und creative class. Neben visuellen und performativen Zug\u00e4ngen wurde der Stadt auch intensiv zugeh\u00f6rt. Akustische Atmosph\u00e4ren erz\u00e4hlen ebenso wie die Besucher des zentral gelegenen Shoppingcenters Forum von den Ver\u00e4nderungen und Schwierigkeiten der Stadt und ihrer Bewohner.<\/p>\n<p><a href=\"https:\/\/publikationen.zhdk.ch\/?product_cat=schriftenreihe-des-instituts-fuer-gegenwartskunst\">Schriftenreihe des Instituts f\u00fcr Gegenwartskunst<\/a> Band 14<\/p>\n<p>184 Seiten,\u00a0Jovis, 2015<br \/>\nISBN 978-3-86859-360-0<\/p>\n","protected":false},"featured_media":1651,"template":"","meta":[],"product_brand":[],"product_cat":[145,271,489],"product_tag":[861,857,859],"class_list":{"0":"post-1649","1":"product","2":"type-product","3":"status-publish","4":"has-post-thumbnail","6":"product_cat-ifcar","7":"product_cat-krusche-juergen","8":"product_cat-schriftenreihe-des-instituts-fuer-gegenwartskunst","9":"product_tag-kuenstlerische-forschung","10":"product_tag-stadt","11":"product_tag-stadtentwicklung","13":"first","14":"instock","15":"shipping-taxable","16":"product-type-external"},"_links":{"self":[{"href":"https:\/\/publikationen.zhdk.ch\/index.php?rest_route=\/wp\/v2\/product\/1649","targetHints":{"allow":["GET"]}}],"collection":[{"href":"https:\/\/publikationen.zhdk.ch\/index.php?rest_route=\/wp\/v2\/product"}],"about":[{"href":"https:\/\/publikationen.zhdk.ch\/index.php?rest_route=\/wp\/v2\/types\/product"}],"version-history":[{"count":4,"href":"https:\/\/publikationen.zhdk.ch\/index.php?rest_route=\/wp\/v2\/product\/1649\/revisions"}],"predecessor-version":[{"id":6215,"href":"https:\/\/publikationen.zhdk.ch\/index.php?rest_route=\/wp\/v2\/product\/1649\/revisions\/6215"}],"wp:featuredmedia":[{"embeddable":true,"href":"https:\/\/publikationen.zhdk.ch\/index.php?rest_route=\/wp\/v2\/media\/1651"}],"wp:attachment":[{"href":"https:\/\/publikationen.zhdk.ch\/index.php?rest_route=%2Fwp%2Fv2%2Fmedia&parent=1649"}],"wp:term":[{"taxonomy":"product_brand","embeddable":true,"href":"https:\/\/publikationen.zhdk.ch\/index.php?rest_route=%2Fwp%2Fv2%2Fproduct_brand&post=1649"},{"taxonomy":"product_cat","embeddable":true,"href":"https:\/\/publikationen.zhdk.ch\/index.php?rest_route=%2Fwp%2Fv2%2Fproduct_cat&post=1649"},{"taxonomy":"product_tag","embeddable":true,"href":"https:\/\/publikationen.zhdk.ch\/index.php?rest_route=%2Fwp%2Fv2%2Fproduct_tag&post=1649"}],"curies":[{"name":"wp","href":"https:\/\/api.w.org\/{rel}","templated":true}]}}