{"id":1541,"date":"2019-04-26T14:58:50","date_gmt":"2019-04-26T12:58:50","guid":{"rendered":"http:\/\/publikationen.zhdk.ch\/?post_type=product&#038;p=1541"},"modified":"2023-01-30T16:48:05","modified_gmt":"2023-01-30T15:48:05","slug":"kunstvermittlung-2_ebook","status":"publish","type":"product","link":"https:\/\/publikationen.zhdk.ch\/?product=kunstvermittlung-2_ebook","title":{"rendered":"Kunstvermittlung 2 | Carmen M\u00f6rsch (Hg.) [E-Book PDF]"},"content":{"rendered":"<p>Das Thema &#171;Kulturelle Bildung&#187; hat Konjunktur. Auf dem Weg in eine offen strukturierte und dennoch auf Gemeinsinn angelegte Gesellschaft nimmt kulturell-\u00e4sthetische Bildung eine Schl\u00fcsselposition ein. Ein \u00fcberaus geeignetes Medium daf\u00fcr ist die Kunstausstellung, denn sie erm\u00f6glicht die Verhandlung von Differenzen: eine Art der Auseinandersetzung, die weniger auf Konsens und Harmonie angelegt ist, sondern im Widerstreit, im Konflikt und in Br\u00fcchen die Fortsetzung &#171;kultivierter&#187; Kommunikation sieht.<\/p>\n<p>Im Wechselfeld zwischen Publikum und Institution, Professionellen und Laien, Kunstfeld und \u00d6ffentlichkeit liegt das umk\u00e4mpfte Terrain der Kunstvermittlung. F\u00fcr ihre Entwicklung bedarf es sowohl gelungener Beispiele als auch der Auseinandersetzung mit praxisrelevanten Schwierigkeiten und Problemen. Kunstvermittlung von Grund auf neu zu denken und zu praktizieren: dazu hat die vergangene documenta 12 entscheidende Anst\u00f6\u00dfe gegeben. Eine reich bebilderte, zweib\u00e4ndige Publikation pr\u00e4sentiert nicht nur die dort erarbeiteten Formate, sondern stellt auch die flankierende Begleitforschung vor und schafft die Basis weiterer Entwicklung in Theorie und Praxis der Kunstvermittlung. Die beiden B\u00e4nde bieten eine ideale Handreichung f\u00fcr Multiplikator*innen aus dem Bildungsbereich, aus Kinder- und Jugendarbeit, aus Kulturpolitik und Kunstinstitutionen sowie f\u00fcr fachlich Interessierte.<\/p>\n<p>Der zweite Band der Publikation mit dem Titel &#171;Zwischen kritischer Praxis und Dienstleistung auf der documenta 12&#187; widmet sich der Selbstreflexion der Vermittlungspraxis, ihrer Methoden und Hintergr\u00fcnde. Die in Band 1 pr\u00e4sentierten Beispiele f\u00fcr Vermittlungsformate werden reflektiert und in den Fachdiskurs eingebettet. Professionell Interessierte finden hier Anleitungen, Hinweise und Denkanst\u00f6\u00dfe zur Kunstvermittlung.<\/p>\n<p>ZHdK: Institute for Art Education (IAE)<\/p>\n<p>&nbsp;<\/p>\n","protected":false},"excerpt":{"rendered":"<p>Zwischen kritischer Praxis und Dienstleistung auf der documenta 12. Ergebnisse eines Forschungsprojekts<\/p>\n<p>Der zweite Band der Publikation widmet sich der Selbstreflexion der Vermittlungspraxis, ihrer Methoden und Hintergr\u00fcnde. Die in Band 1 pr\u00e4sentierten Beispiele f\u00fcr Vermittlungsformate werden reflektiert und in den Fachdiskurs eingebettet. Professionell Interessierte finden hier Anleitungen, Hinweise und Denkanst\u00f6\u00dfe zur Kunstvermittlung.<\/p>\n<p>400 Seiten (PDF), Diaphanes, 2009<br \/>\nISBN 978-3-0-3734078-3<\/p>\n","protected":false},"featured_media":1537,"template":"","meta":[],"product_brand":[],"product_cat":[141,221,1514,269],"product_tag":[839,457],"class_list":{"0":"post-1541","1":"product","2":"type-product","3":"status-publish","4":"has-post-thumbnail","6":"product_cat-iae","7":"product_cat-e-books","8":"product_cat-e-publikationen","9":"product_cat-moersch-carmen","10":"product_tag-dokumenta","11":"product_tag-kunstvermittlung","13":"first","14":"instock","15":"shipping-taxable","16":"product-type-external"},"_links":{"self":[{"href":"https:\/\/publikationen.zhdk.ch\/index.php?rest_route=\/wp\/v2\/product\/1541","targetHints":{"allow":["GET"]}}],"collection":[{"href":"https:\/\/publikationen.zhdk.ch\/index.php?rest_route=\/wp\/v2\/product"}],"about":[{"href":"https:\/\/publikationen.zhdk.ch\/index.php?rest_route=\/wp\/v2\/types\/product"}],"version-history":[{"count":6,"href":"https:\/\/publikationen.zhdk.ch\/index.php?rest_route=\/wp\/v2\/product\/1541\/revisions"}],"predecessor-version":[{"id":3098,"href":"https:\/\/publikationen.zhdk.ch\/index.php?rest_route=\/wp\/v2\/product\/1541\/revisions\/3098"}],"wp:featuredmedia":[{"embeddable":true,"href":"https:\/\/publikationen.zhdk.ch\/index.php?rest_route=\/wp\/v2\/media\/1537"}],"wp:attachment":[{"href":"https:\/\/publikationen.zhdk.ch\/index.php?rest_route=%2Fwp%2Fv2%2Fmedia&parent=1541"}],"wp:term":[{"taxonomy":"product_brand","embeddable":true,"href":"https:\/\/publikationen.zhdk.ch\/index.php?rest_route=%2Fwp%2Fv2%2Fproduct_brand&post=1541"},{"taxonomy":"product_cat","embeddable":true,"href":"https:\/\/publikationen.zhdk.ch\/index.php?rest_route=%2Fwp%2Fv2%2Fproduct_cat&post=1541"},{"taxonomy":"product_tag","embeddable":true,"href":"https:\/\/publikationen.zhdk.ch\/index.php?rest_route=%2Fwp%2Fv2%2Fproduct_tag&post=1541"}],"curies":[{"name":"wp","href":"https:\/\/api.w.org\/{rel}","templated":true}]}}