{"id":1439,"date":"2019-04-24T16:26:08","date_gmt":"2019-04-24T14:26:08","guid":{"rendered":"http:\/\/publikationen.zhdk.ch\/?post_type=product&#038;p=1439"},"modified":"2022-04-19T14:17:35","modified_gmt":"2022-04-19T12:17:35","slug":"artists-publications","status":"publish","type":"product","link":"https:\/\/publikationen.zhdk.ch\/?product=artists-publications","title":{"rendered":"Artists\u2018 Publications. Ein Genre und seine Erschlie\u00dfung | Sigrid Schade, Anne Thurmann-Jajes (Hg.)"},"content":{"rendered":"<div class=\"entry-content\">\n<p>Die Vielfalt der Erscheinungsformen und Medien von K\u00fcnstlerpublikationen seit den 1960er Jahren \u2013 B\u00fccher, Zeitschriften, Schallplatten, Multiples, Plakate und Ephemera \u2013 stellt besondere Anforderungen an die archivarische und museologische Praxis sowie die kunst- und kulturwissenschaftliche Aufarbeitung. Neben dem Versuch einer Eingrenzung des Genres und den Problemen der Archivierung und des Zug\u00e4nglich-Machens derart heterogener Sammlungsbest\u00e4nde geht es in diesem Band um die Fokussierung bestimmter Charakteristika der publizierten Kunstwerke. Die Beitr\u00e4ge behandeln \u00fcbergreifende Themenstellungen oder widmen sich einzelnen Kunstwerken und K\u00fcnstlern, so George Brecht, Jean-Fr\u00e9d\u00e9ric Schnyder, Allan Kaprow, Daniel Spoerri, Ed Ruscha, Dieter Roth und Hanne Darboven.<\/p>\n<p><span class=\"js-page_title--animation page_title--animation\" aria-hidden=\"true\" data-bind=\"text:title()\">ZHdK: Institute for Cultural Studies in the Arts (ICS)<\/span><\/p>\n<\/div>\n","protected":false},"excerpt":{"rendered":"<p>Band 2 der Schriftenreihe besch\u00e4ftigt sich mit der Vielfalt der Erscheinungsformen und Medien von K\u00fcnstler*innenpublikationen seit den 1960er-Jahren &#8211; B\u00fccher, Zeitschriften, Schallplatten, Multiples, Plakate und Ephemera. Eine solche Vielfalt stellt besondere Anforderungen an die archivarische und museologische Praxis sowie die kunst- und kulturwissenschaftliche Aufarbeitung. Neben dem Versuch einer Eingrenzung des Genres und den Problemen der Archivierung und des Zug\u00e4nglich-Machens derart heterogener Sammlungsbest\u00e4nde geht es in diesem Band um die Fokussierung bestimmter Charakteristika der publizierten Kunstwerke.<\/p>\n<p>Schriftenreihe f\u00fcr K\u00fcnstlerpublikationen Band 2<\/p>\n<p>302 Seiten,\u00a0Salon Verlag, 2008<br \/>\nISBN 978-3-89770-330-8<\/p>\n","protected":false},"featured_media":1441,"template":"","meta":[],"product_brand":[],"product_cat":[151,267,713],"product_tag":[],"class_list":{"0":"post-1439","1":"product","2":"type-product","3":"status-publish","4":"has-post-thumbnail","6":"product_cat-ics","7":"product_cat-schade-sigrid","8":"product_cat-thurmann-jajes-anne","10":"first","11":"instock","12":"shipping-taxable","13":"product-type-external"},"_links":{"self":[{"href":"https:\/\/publikationen.zhdk.ch\/index.php?rest_route=\/wp\/v2\/product\/1439","targetHints":{"allow":["GET"]}}],"collection":[{"href":"https:\/\/publikationen.zhdk.ch\/index.php?rest_route=\/wp\/v2\/product"}],"about":[{"href":"https:\/\/publikationen.zhdk.ch\/index.php?rest_route=\/wp\/v2\/types\/product"}],"version-history":[{"count":3,"href":"https:\/\/publikationen.zhdk.ch\/index.php?rest_route=\/wp\/v2\/product\/1439\/revisions"}],"predecessor-version":[{"id":3028,"href":"https:\/\/publikationen.zhdk.ch\/index.php?rest_route=\/wp\/v2\/product\/1439\/revisions\/3028"}],"wp:featuredmedia":[{"embeddable":true,"href":"https:\/\/publikationen.zhdk.ch\/index.php?rest_route=\/wp\/v2\/media\/1441"}],"wp:attachment":[{"href":"https:\/\/publikationen.zhdk.ch\/index.php?rest_route=%2Fwp%2Fv2%2Fmedia&parent=1439"}],"wp:term":[{"taxonomy":"product_brand","embeddable":true,"href":"https:\/\/publikationen.zhdk.ch\/index.php?rest_route=%2Fwp%2Fv2%2Fproduct_brand&post=1439"},{"taxonomy":"product_cat","embeddable":true,"href":"https:\/\/publikationen.zhdk.ch\/index.php?rest_route=%2Fwp%2Fv2%2Fproduct_cat&post=1439"},{"taxonomy":"product_tag","embeddable":true,"href":"https:\/\/publikationen.zhdk.ch\/index.php?rest_route=%2Fwp%2Fv2%2Fproduct_tag&post=1439"}],"curies":[{"name":"wp","href":"https:\/\/api.w.org\/{rel}","templated":true}]}}