{"id":1425,"date":"2019-04-24T16:09:21","date_gmt":"2019-04-24T14:09:21","guid":{"rendered":"http:\/\/publikationen.zhdk.ch\/?post_type=product&#038;p=1425"},"modified":"2023-08-10T13:04:45","modified_gmt":"2023-08-10T11:04:45","slug":"operation-video","status":"publish","type":"product","link":"https:\/\/publikationen.zhdk.ch\/?product=operation-video","title":{"rendered":"Operation Video | Sigrid Adorf [E-Book PDF]"},"content":{"rendered":"<p><span class=\"description\"><span class=\"entry--content\" data-flyer=\"isbn\">(Printausgabe vergriffen)<\/span><\/span><\/p>\n<p><span class=\"description\">ZHdK: Institute for Cultural Studies in the Arts (ICS)<br \/>\n<\/span><\/p>\n","protected":false},"excerpt":{"rendered":"<p>Eine Technik des Nahsehens und ihr spezifisches Subjekt: die Videok\u00fcnstlerin der 1970er Jahre<\/p>\n<p>Der Band befragt die Videokunst der fr\u00fchen 1970er-Jahre hinsichtlich ihrer Interventionen in K\u00f6rper- und Mediendiskurse bzw. Subjektdiskurse der Zeit. Im Anschluss an Walter Benjamin entwickelt die Studie hierf\u00fcr ein operatives Bildverst\u00e4ndnis und arbeitet \u00ab\u200aden wachen Sinn f\u00fcr die Signatur der Zeit\u200a\u00bb aus den Praktiken und Diskursen der Videokunst heraus. Analysen zu Videowerken von Eleanor Antin, Lynda Benglis, Lili Dujourie, Sanja Ivekovi\u0107, Martha Rosler, Lisa Steele, Hannah Wilke und anderen K\u00fcnstler*innen belegen einen repr\u00e4sentationskritischen Einsatz des Mediums, der die Arbeit an, mit und in Bildern als eine ebenso \u00e4sthetische wie politische Argumentation lesbar macht.<\/p>\n<p><a href=\"https:\/\/publikationen.zhdk.ch\/?product_cat=studien-zur-visuellen-kultur\">Studien zur visuellen Kultur<\/a> Band 5<\/p>\n<p>374 Seiten (PDF), transcript, 2008<br \/>\nISBN <span class=\"entry--content\" data-flyer=\"isbn\">978-3-8394-0797-4<br \/>\n<\/span><\/p>\n","protected":false},"featured_media":1427,"template":"","meta":[],"product_brand":[],"product_cat":[695,151,221,1514,1014,665],"product_tag":[813,815],"class_list":{"0":"post-1425","1":"product","2":"type-product","3":"status-publish","4":"has-post-thumbnail","6":"product_cat-adorf-sigrid","7":"product_cat-ics","8":"product_cat-e-books","9":"product_cat-e-publikationen","10":"product_cat-open-access","11":"product_cat-studien-zur-visuellen-kultur","12":"product_tag-open-access","13":"product_tag-videokunst","15":"first","16":"instock","17":"shipping-taxable","18":"product-type-external"},"_links":{"self":[{"href":"https:\/\/publikationen.zhdk.ch\/index.php?rest_route=\/wp\/v2\/product\/1425","targetHints":{"allow":["GET"]}}],"collection":[{"href":"https:\/\/publikationen.zhdk.ch\/index.php?rest_route=\/wp\/v2\/product"}],"about":[{"href":"https:\/\/publikationen.zhdk.ch\/index.php?rest_route=\/wp\/v2\/types\/product"}],"version-history":[{"count":8,"href":"https:\/\/publikationen.zhdk.ch\/index.php?rest_route=\/wp\/v2\/product\/1425\/revisions"}],"predecessor-version":[{"id":6039,"href":"https:\/\/publikationen.zhdk.ch\/index.php?rest_route=\/wp\/v2\/product\/1425\/revisions\/6039"}],"wp:featuredmedia":[{"embeddable":true,"href":"https:\/\/publikationen.zhdk.ch\/index.php?rest_route=\/wp\/v2\/media\/1427"}],"wp:attachment":[{"href":"https:\/\/publikationen.zhdk.ch\/index.php?rest_route=%2Fwp%2Fv2%2Fmedia&parent=1425"}],"wp:term":[{"taxonomy":"product_brand","embeddable":true,"href":"https:\/\/publikationen.zhdk.ch\/index.php?rest_route=%2Fwp%2Fv2%2Fproduct_brand&post=1425"},{"taxonomy":"product_cat","embeddable":true,"href":"https:\/\/publikationen.zhdk.ch\/index.php?rest_route=%2Fwp%2Fv2%2Fproduct_cat&post=1425"},{"taxonomy":"product_tag","embeddable":true,"href":"https:\/\/publikationen.zhdk.ch\/index.php?rest_route=%2Fwp%2Fv2%2Fproduct_tag&post=1425"}],"curies":[{"name":"wp","href":"https:\/\/api.w.org\/{rel}","templated":true}]}}