{"id":1407,"date":"2019-04-24T15:43:31","date_gmt":"2019-04-24T13:43:31","guid":{"rendered":"http:\/\/publikationen.zhdk.ch\/?post_type=product&#038;p=1407"},"modified":"2023-02-02T10:09:56","modified_gmt":"2023-02-02T09:09:56","slug":"inscriptions%e2%80%89-%e2%80%89transgressions","status":"publish","type":"product","link":"https:\/\/publikationen.zhdk.ch\/?product=inscriptions%e2%80%89-%e2%80%89transgressions","title":{"rendered":"Inscriptions\u2009-\u2009Transgressions | Kornelia Imesch, Jennifer John, Daniela Mondini, Sigrid Schade, Nicole Schweizer (Hg.)"},"content":{"rendered":"<p class=\"subTitle\">Histoire de l\u2019art et \u00e9tudes genre<\/p>\n<p>Ce volume rassemble 15 contributions d\u2019auteur-e-s de r\u00e9putation internationale qui abordent la question de l\u2019inscription et de l\u2019institutionnalisation des \u00e9tudes genre dans la discipline de l\u2019histoire de l\u2019art. La constitution des canons artistiques, tout comme les possibilit\u00e9s d\u2019acc\u00e8s des femmes au syst\u00e8me artistique sont analys\u00e9es. Par ailleurs, les repr\u00e9sentations hybrides et transgressives de la \u00abf\u00e9minit\u00e9\u00bb et de la \u00abmasculinit\u00e9\u00bb sont interrog\u00e9es de la Renaissance \u00e0 nos jours, ainsi que les apports des \u00e9tudes post-coloniales et queer.<\/p>\n<p class=\"subTitle\">Art History and Gender Studies<\/p>\n<p>Written by authors of international repute, the 15 articles compiled here address the inscription and institutionalisation of gender studies in the field of art history. They analyze the formation of art-historical canons and the possibilities for women of accessing the art system. Moreover, they explore transgressive, hybrid images of \u00abfemininity\u00bb and \u00abmasculinity\u00bb from the early modern times to the present. Recent approaches in post-colonial and queer theory are also discussed.<\/p>\n<p><span class=\"description\">ZHdK: Institute for Cultural Studies in the Arts (ICS)<\/span><\/p>\n","protected":false},"excerpt":{"rendered":"<p>Kunstgeschichte und Gender Studies<\/p>\n<p>Die Anthologie versammelt 15 Beitr\u00e4ge, die sich mit Fragen der Einschreibung und Institutionalisierung von Gender Studies in der Disziplin Kunstgeschichte auseinandersetzen. Diskutiert werden einerseits die kunsthistorische Kanonbildung und die M\u00f6glichkeiten des Zugangs von K\u00fcnstler*innen in das Kunstsystem. Andrerseits werden transgressive, hybride Bilder von \u00ab\u200aWeiblichkeit\u200a\u00bb und \u00ab\u200aM\u00e4nnlichkeit\u200a\u00bb von der fr\u00fchen Neuzeit bis in die Gegenwart untersucht sowie neuere Ans\u00e4tze postkolonialer und queerer Theoriebildung vorgestellt. Akten der internationalen Tagung veranstaltet vom ICS in Kooperation mit dem Verband der Kunsthistorikerinnen und Kunsthistoriker in der Schweiz VKKS und dem Schweizerischen Institut f\u00fcr Kunstwissenschaft SIK Z\u00fcrich, am 14. und 15. Oktober 2005 in Lausanne. (dt.\/frz.)<\/p>\n<p>317 Seiten,\u00a0Peter Lang, 2008<br \/>\nISBN 978-3-0-3911308-8<\/p>\n","protected":false},"featured_media":1409,"template":"","meta":[],"product_brand":[],"product_cat":[151,671,745,755,267,757],"product_tag":[809,807],"class_list":{"0":"post-1407","1":"product","2":"type-product","3":"status-publish","4":"has-post-thumbnail","6":"product_cat-ics","7":"product_cat-imesch-kornelia","8":"product_cat-john-jennifer","9":"product_cat-mondini-daniela","10":"product_cat-schade-sigrid","11":"product_cat-schweizer-nicole","12":"product_tag-gender-studies","13":"product_tag-kunstgeschichte","15":"first","16":"instock","17":"shipping-taxable","18":"product-type-external"},"_links":{"self":[{"href":"https:\/\/publikationen.zhdk.ch\/index.php?rest_route=\/wp\/v2\/product\/1407","targetHints":{"allow":["GET"]}}],"collection":[{"href":"https:\/\/publikationen.zhdk.ch\/index.php?rest_route=\/wp\/v2\/product"}],"about":[{"href":"https:\/\/publikationen.zhdk.ch\/index.php?rest_route=\/wp\/v2\/types\/product"}],"version-history":[{"count":4,"href":"https:\/\/publikationen.zhdk.ch\/index.php?rest_route=\/wp\/v2\/product\/1407\/revisions"}],"predecessor-version":[{"id":4051,"href":"https:\/\/publikationen.zhdk.ch\/index.php?rest_route=\/wp\/v2\/product\/1407\/revisions\/4051"}],"wp:featuredmedia":[{"embeddable":true,"href":"https:\/\/publikationen.zhdk.ch\/index.php?rest_route=\/wp\/v2\/media\/1409"}],"wp:attachment":[{"href":"https:\/\/publikationen.zhdk.ch\/index.php?rest_route=%2Fwp%2Fv2%2Fmedia&parent=1407"}],"wp:term":[{"taxonomy":"product_brand","embeddable":true,"href":"https:\/\/publikationen.zhdk.ch\/index.php?rest_route=%2Fwp%2Fv2%2Fproduct_brand&post=1407"},{"taxonomy":"product_cat","embeddable":true,"href":"https:\/\/publikationen.zhdk.ch\/index.php?rest_route=%2Fwp%2Fv2%2Fproduct_cat&post=1407"},{"taxonomy":"product_tag","embeddable":true,"href":"https:\/\/publikationen.zhdk.ch\/index.php?rest_route=%2Fwp%2Fv2%2Fproduct_tag&post=1407"}],"curies":[{"name":"wp","href":"https:\/\/api.w.org\/{rel}","templated":true}]}}