{"id":1283,"date":"2019-04-24T13:04:01","date_gmt":"2019-04-24T11:04:01","guid":{"rendered":"http:\/\/publikationen.zhdk.ch\/?post_type=product&#038;p=1283"},"modified":"2022-04-19T14:07:22","modified_gmt":"2022-04-19T12:07:22","slug":"extraordinaire","status":"publish","type":"product","link":"https:\/\/publikationen.zhdk.ch\/?product=extraordinaire","title":{"rendered":"Extraordinaire! | Katrin Luchsinger, Helen Hirsch, Thomas R\u00f6ske (Hg.)"},"content":{"rendered":"<p>In einem bisher einzigartigen Projekt wurde in der Schweiz das k\u00fcnstlerische Schaffen von Patient*innen in psychiatrischen Anstalten aus dem Zeitraum 1870 bis 1930 insgesamt gesichtet. Eine Auswahl meist unbekannter Werke wird hier vorgestellt. Die internierten M\u00e4nner und Frauen schufen ihre Werke mit Hingabe und grosser technischer sowie fachlicher Kompetenz. Sie verstanden sie als Beitrag zum \u00f6ffentlichen Leben, als Erfindung oder Ausdruck eines Gedankengeb\u00e4udes, als Kritik an der Anstalt oder Bereicherung in ihrem eint\u00f6nigen Alltag. Ihre Arbeiten reflektieren, was um 1900 als \u00abnicht normal\u00bb galt und ihre Erfahrung aus der \u00d6ffentlichkeit ausgeschlossen zu sein. Durch ihre Werke kommen die K\u00fcnstler*innen zu Wort und bereichern das Kunstschaffen um 1900 um eine neue Facette.<\/p>\n<p>Mit Beitr\u00e4gen von Dr. phil Anna Lehninger, Kunsthistorikerin, Kuratorin des Archivs der Kinder- und Jugendzeichnungen Stiftung Pestalozzianum; Dr. phil. Katrin Luchsinger, Kunsthistorikerin an der Z\u00fcrcher Hochschule der K\u00fcnste, Leitung des Forschungsprojekt \u00abBewahren besonderer Kulturg\u00fcter\u00bb und des Ausstellungsprojektes; PD Dr. Thomas R\u00f6ske, Kunsthistoriker, Leiter der Sammlung Prinzhorn, Heidelberg; Prof. Dr. Sigrid Schade, Kunst- und Kulturwissenschaftlerin, Leiterin des Institute for Cultural Studies in the Arts an der Z\u00fcrcher Hochschule der K\u00fcnste; Dr. phil. Elisabeth Telsnig, Kunsthistorikerin und Germanistin und Dr. sc. Martina Wernli, Literaturwissenschaftlerin an der Universit\u00e4t Frankfurt a. M. .<\/p>\n<p><span class=\"description\">ZHdK: Institute for Cultural Studies in the Arts (ICS)<\/span><\/p>\n","protected":false},"excerpt":{"rendered":"<p>Unbekannte Werke aus psychiatrischen Einrichtungen in der Schweiz um 1900<\/p>\n<p>In einem bisher einzigartigen Projekt wurde in der Schweiz das k\u00fcnstlerische Schaffen von Patient*innen in psychiatrischen Anstalten aus dem Zeitraum 1870 bis 1930 insgesamt gesichtet. Eine Auswahl meist unbekannter Werke wird hier vorgestellt. Die internierten M\u00e4nner und Frauen schufen ihre Werke mit Hingabe und grosser technischer sowie fachlicher Kompetenz. Sie verstanden sie als Beitrag zum \u00f6ffentlichen Leben, als Erfindung oder Ausdruck eines Gedankengeb\u00e4udes, als Kritik an der Anstalt oder Bereicherung in ihrem eint\u00f6nigen Alltag. Ihre Arbeiten reflektieren, was um 1900 als \u00abnicht normal\u00bb galt und ihre Erfahrung aus der \u00d6ffentlichkeit ausgeschlossen zu sein. Durch ihre Werke kommen die K\u00fcnstler*innen zu Wort und bereichern das Kunstschaffen um 1900 um eine neue Facette. (dt.\/engl.)<\/p>\n<p>320 Seiten,\u00a0Scheidegger &amp; Spiess, 2018<br \/>\nISBN 978-3-85881-604-7<\/p>\n","protected":false},"featured_media":1287,"template":"","meta":[],"product_brand":[],"product_cat":[151,421,419,423],"product_tag":[],"class_list":{"0":"post-1283","1":"product","2":"type-product","3":"status-publish","4":"has-post-thumbnail","6":"product_cat-ics","7":"product_cat-hirsch-helen","8":"product_cat-luchsinger-katrin","9":"product_cat-roeske-thomas","11":"first","12":"instock","13":"shipping-taxable","14":"product-type-external"},"_links":{"self":[{"href":"https:\/\/publikationen.zhdk.ch\/index.php?rest_route=\/wp\/v2\/product\/1283","targetHints":{"allow":["GET"]}}],"collection":[{"href":"https:\/\/publikationen.zhdk.ch\/index.php?rest_route=\/wp\/v2\/product"}],"about":[{"href":"https:\/\/publikationen.zhdk.ch\/index.php?rest_route=\/wp\/v2\/types\/product"}],"version-history":[{"count":5,"href":"https:\/\/publikationen.zhdk.ch\/index.php?rest_route=\/wp\/v2\/product\/1283\/revisions"}],"predecessor-version":[{"id":3076,"href":"https:\/\/publikationen.zhdk.ch\/index.php?rest_route=\/wp\/v2\/product\/1283\/revisions\/3076"}],"wp:featuredmedia":[{"embeddable":true,"href":"https:\/\/publikationen.zhdk.ch\/index.php?rest_route=\/wp\/v2\/media\/1287"}],"wp:attachment":[{"href":"https:\/\/publikationen.zhdk.ch\/index.php?rest_route=%2Fwp%2Fv2%2Fmedia&parent=1283"}],"wp:term":[{"taxonomy":"product_brand","embeddable":true,"href":"https:\/\/publikationen.zhdk.ch\/index.php?rest_route=%2Fwp%2Fv2%2Fproduct_brand&post=1283"},{"taxonomy":"product_cat","embeddable":true,"href":"https:\/\/publikationen.zhdk.ch\/index.php?rest_route=%2Fwp%2Fv2%2Fproduct_cat&post=1283"},{"taxonomy":"product_tag","embeddable":true,"href":"https:\/\/publikationen.zhdk.ch\/index.php?rest_route=%2Fwp%2Fv2%2Fproduct_tag&post=1283"}],"curies":[{"name":"wp","href":"https:\/\/api.w.org\/{rel}","templated":true}]}}