{"id":1081,"date":"2019-04-23T15:03:42","date_gmt":"2019-04-23T13:03:42","guid":{"rendered":"http:\/\/publikationen.zhdk.ch\/?post_type=product&#038;p=1081"},"modified":"2022-04-19T13:59:05","modified_gmt":"2022-04-19T11:59:05","slug":"zwischen-gotthelf-und-godard","status":"publish","type":"product","link":"https:\/\/publikationen.zhdk.ch\/?product=zwischen-gotthelf-und-godard","title":{"rendered":"Zwischen Gotthelf und Godard | Thomas Sch\u00e4rer"},"content":{"rendered":"<p>Zu Wort kommen nicht nur Regisseure, sondern auch Cutter, Beleuchter, Skript, Labormitarbeiter, Schauspielerinnen, Schauspieler und Produzenten. Und auch Verleiher, Filmkritiker und Kinobesitzer schildern ihren damaligen Alltag, ihre Sorgen, Hoffnungen und Ziele. Das Buch zeichnet \u00fcber die Filmlandschaft hinaus die politisch-kulturelle Atmosph\u00e4re der 60er- und 70er-Jahre nach und bietet auch Kennern viele neue Informationen. Unz\u00e4hlige unedierte Quellen und Fotos bereichern und kontrastieren die individuellen Erinnerungen. Die beiliegende DVD mit vier thematischen Filmen macht diese m\u00fcndliche Geschichte h\u00f6r- und sehbar.<\/p>\n<p>ZHdK: Institute for the Performing Arts and Film (IPF)<\/p>\n","protected":false},"excerpt":{"rendered":"<p>Erinnerte Schweizer Filmgeschichte 1958-1979<\/p>\n<p>Dieses Buch verleiht \u00fcber vierzig Schweizer Filmschaffenden eine Stimme. Ihre Erfahrungen im \u00dcbergang vom &#171;Schweizer&#187; zum &#171;neuen&#187; Film in der Schweiz verdichten sich zu einer facettenreichen Gesamtschau der Kinolandschaft in der sich rasch wandelnden Gesellschaft der 60er- und 70er-Jahre. Zu Wort kommen nicht nur Regisseure, sondern auch Cutter, Beleuchter, Skript, Labormitarbeiter, Schauspielerinnen, Schauspieler und Produzenten. Und auch Verleiher, Filmkritiker und Kinobesitzer schildern ihren damaligen Alltag, ihre Sorgen, Hoffnungen und Ziele.<\/p>\n<p>704 Seiten, DVD, Limmat Verlag, 2014<br \/>\nISBN 978-3-85791-653-3<\/p>\n","protected":false},"featured_media":1087,"template":"","meta":[],"product_brand":[],"product_cat":[157,591],"product_tag":[619,623,621],"class_list":{"0":"post-1081","1":"product","2":"type-product","3":"status-publish","4":"has-post-thumbnail","6":"product_cat-ipf","7":"product_cat-schaerer-thomas","8":"product_tag-film","9":"product_tag-geschichte","10":"product_tag-schweiz","12":"first","13":"instock","14":"shipping-taxable","15":"product-type-external"},"_links":{"self":[{"href":"https:\/\/publikationen.zhdk.ch\/index.php?rest_route=\/wp\/v2\/product\/1081","targetHints":{"allow":["GET"]}}],"collection":[{"href":"https:\/\/publikationen.zhdk.ch\/index.php?rest_route=\/wp\/v2\/product"}],"about":[{"href":"https:\/\/publikationen.zhdk.ch\/index.php?rest_route=\/wp\/v2\/types\/product"}],"version-history":[{"count":4,"href":"https:\/\/publikationen.zhdk.ch\/index.php?rest_route=\/wp\/v2\/product\/1081\/revisions"}],"predecessor-version":[{"id":3426,"href":"https:\/\/publikationen.zhdk.ch\/index.php?rest_route=\/wp\/v2\/product\/1081\/revisions\/3426"}],"wp:featuredmedia":[{"embeddable":true,"href":"https:\/\/publikationen.zhdk.ch\/index.php?rest_route=\/wp\/v2\/media\/1087"}],"wp:attachment":[{"href":"https:\/\/publikationen.zhdk.ch\/index.php?rest_route=%2Fwp%2Fv2%2Fmedia&parent=1081"}],"wp:term":[{"taxonomy":"product_brand","embeddable":true,"href":"https:\/\/publikationen.zhdk.ch\/index.php?rest_route=%2Fwp%2Fv2%2Fproduct_brand&post=1081"},{"taxonomy":"product_cat","embeddable":true,"href":"https:\/\/publikationen.zhdk.ch\/index.php?rest_route=%2Fwp%2Fv2%2Fproduct_cat&post=1081"},{"taxonomy":"product_tag","embeddable":true,"href":"https:\/\/publikationen.zhdk.ch\/index.php?rest_route=%2Fwp%2Fv2%2Fproduct_tag&post=1081"}],"curies":[{"name":"wp","href":"https:\/\/api.w.org\/{rel}","templated":true}]}}